{"id":14396,"date":"2026-03-10T18:05:56","date_gmt":"2026-03-10T17:05:56","guid":{"rendered":"https:\/\/topol.org.pl\/?page_id=14396"},"modified":"2026-03-10T18:11:11","modified_gmt":"2026-03-10T17:11:11","slug":"w-polityce-zagranicznej-obowiazuja-zasady-prawa-miedzynarodoweg","status":"publish","type":"page","link":"https:\/\/topol.org.pl\/?page_id=14396","title":{"rendered":"W polityce zagranicznej obowi\u0105zuj\u0105 zasady prawa mi\u0119dzynarodowego."},"content":{"rendered":"\n<p>10.03.2026 18.01 <strong>W polityce zagranicznej obowi\u0105zuj\u0105 zasady prawa mi\u0119dzynarodowego.<\/strong><\/p>\n\n\n\n<p><strong>Dlatego zmiana traktat\u00f3w Unii Europejskiej jest bezpodstawna, a plany przyw\u00f3dc\u00f3w odno\u015bnie sytuacji na Bliskim Wschodzie musz\u0105 respektowa\u0107 zasady prawa mi\u0119dzynarodowego. Zaznaczam, \u017ce&#8230;<\/strong><\/p>\n\n\n\n<p>\u0179r\u00f3d\u0142o: <a href=\"https:\/\/www.google.com\/search?q=zasady+prawa+mi%C4%99dzynarodowego&amp;oq=&amp;gs_lcrp=EgZjaHJvbWUqCQgAEEUYOxjCAzIJCAAQRRg7GMIDMgkIARBFGDsYwgMyCQgCEEUYOxjCAzIJCAMQRRg7GMIDMgkIBBBFGDsYwgMyCQgFEEUYOxjCAzIJCAYQRRg7GMIDMgkIBxBFGDsYwgPSAQkyMzgxajBqMTWoAgiwAgE&amp;sourceid=chrome&amp;ie=UTF-8\">Przegl\u0105d od AI<\/a><\/p>\n\n\n\n<p>Zasady prawa mi\u0119dzynarodowego to fundamentalne, wi\u0105\u017c\u0105ce normy reguluj\u0105ce relacje mi\u0119dzy pa\u0144stwami i innymi podmiotami, obejmuj\u0105ce suwerenn\u0105 r\u00f3wno\u015b\u0107, zakaz u\u017cycia si\u0142y, pokojowe rozwi\u0105zywanie spor\u00f3w, nienaruszalno\u015b\u0107 granic, integralno\u015b\u0107 terytorialn\u0105, nieingerencj\u0119 w sprawy wewn\u0119trzne oraz poszanowanie praw cz\u0142owieka<\/p>\n\n\n\n<p>. Stanowi\u0105 one trzon porz\u0105dku mi\u0119dzynarodowego, cz\u0119sto o charakterze bezwzgl\u0119dnym (ius cogens).&nbsp;<img decoding=\"async\" src=\"blob:https:\/\/topol.org.pl\/dc2a225f-a548-43c5-94a5-c17e59c33f7b\" alt=\"ZPE\">ZPE&nbsp;+2<\/p>\n\n\n\n<p><strong>Podstawowe zasady prawa mi\u0119dzynarodowego:<\/strong><\/p>\n\n\n\n<ul class=\"wp-block-list\">\n<li><strong><a href=\"https:\/\/www.google.com\/search?q=Suwerenna+r%C3%B3wno%C5%9B%C4%87+pa%C5%84stw&amp;oq=zasady+prawa+mi%C4%99dzynarodowego&amp;gs_lcrp=EgZjaHJvbWUyBggAEEUYOdIBCTI0NzlqMGoxNagCCLACAQ&amp;sourceid=chrome&amp;ie=UTF-8&amp;ved=2ahUKEwjem5mI6JWTAxX5wgIHHWTNKYsQgK4QegYIAQgAEAg\">Suwerenna r\u00f3wno\u015b\u0107 pa\u0144stw<\/a>:<\/strong>&nbsp;Wszystkie pa\u0144stwa maj\u0105 r\u00f3wne prawa i obowi\u0105zki, niezale\u017cnie od wielko\u015bci czy potencja\u0142u.<\/li>\n\n\n\n<li><strong><a href=\"https:\/\/www.google.com\/search?q=Zakaz+u%C5%BCycia+si%C5%82y+lub+gro%C5%BAby+jej+u%C5%BCycia&amp;oq=zasady+prawa+mi%C4%99dzynarodowego&amp;gs_lcrp=EgZjaHJvbWUyBggAEEUYOdIBCTI0NzlqMGoxNagCCLACAQ&amp;sourceid=chrome&amp;ie=UTF-8&amp;ved=2ahUKEwjem5mI6JWTAxX5wgIHHWTNKYsQgK4QegYIAQgAEAo\">Zakaz u\u017cycia si\u0142y lub gro\u017aby jej u\u017cycia<\/a>:<\/strong>&nbsp;Pa\u0144stwa musz\u0105 powstrzymywa\u0107 si\u0119 od agresji w stosunkach mi\u0119dzynarodowych.<\/li>\n\n\n\n<li><strong><a href=\"https:\/\/www.google.com\/search?q=Pokojowe+rozwi%C4%85zywanie+spor%C3%B3w&amp;oq=zasady+prawa+mi%C4%99dzynarodowego&amp;gs_lcrp=EgZjaHJvbWUyBggAEEUYOdIBCTI0NzlqMGoxNagCCLACAQ&amp;sourceid=chrome&amp;ie=UTF-8&amp;ved=2ahUKEwjem5mI6JWTAxX5wgIHHWTNKYsQgK4QegYIAQgBEAE\">Pokojowe rozwi\u0105zywanie spor\u00f3w<\/a>:<\/strong>&nbsp;Wszelkie konflikty nale\u017cy rozwi\u0105zywa\u0107 \u015brodkami pokojowymi (negocjacje, mediacje, s\u0105dy mi\u0119dzynarodowe).<\/li>\n\n\n\n<li><strong><a href=\"https:\/\/www.google.com\/search?q=Nieingerencja+w+sprawy+wewn%C4%99trzne&amp;oq=zasady+prawa+mi%C4%99dzynarodowego&amp;gs_lcrp=EgZjaHJvbWUyBggAEEUYOdIBCTI0NzlqMGoxNagCCLACAQ&amp;sourceid=chrome&amp;ie=UTF-8&amp;ved=2ahUKEwjem5mI6JWTAxX5wgIHHWTNKYsQgK4QegYIAQgCEAE\">Nieingerencja w sprawy wewn\u0119trzne<\/a>:<\/strong>&nbsp;Zakaz ingerowania w wewn\u0119trzne kompetencje innych pa\u0144stw.<\/li>\n\n\n\n<li><strong><a href=\"https:\/\/www.google.com\/search?q=Integralno%C5%9B%C4%87+terytorialna+i+nienaruszalno%C5%9B%C4%87+granic&amp;oq=zasady+prawa+mi%C4%99dzynarodowego&amp;gs_lcrp=EgZjaHJvbWUyBggAEEUYOdIBCTI0NzlqMGoxNagCCLACAQ&amp;sourceid=chrome&amp;ie=UTF-8&amp;ved=2ahUKEwjem5mI6JWTAxX5wgIHHWTNKYsQgK4QegYIAQgDEAE\">Integralno\u015b\u0107 terytorialna i nienaruszalno\u015b\u0107 granic<\/a>:<\/strong>&nbsp;Obowi\u0105zek poszanowania granic i terytori\u00f3w pa\u0144stw.<\/li>\n\n\n\n<li><strong><a href=\"https:\/\/www.google.com\/search?q=Samostanowienie+narod%C3%B3w&amp;oq=zasady+prawa+mi%C4%99dzynarodowego&amp;gs_lcrp=EgZjaHJvbWUyBggAEEUYOdIBCTI0NzlqMGoxNagCCLACAQ&amp;sourceid=chrome&amp;ie=UTF-8&amp;ved=2ahUKEwjem5mI6JWTAxX5wgIHHWTNKYsQgK4QegYIAQgEEAE\">Samostanowienie narod\u00f3w<\/a>:<\/strong>&nbsp;Prawo narod\u00f3w do decydowania o w\u0142asnym losie.<\/li>\n\n\n\n<li><strong><a href=\"https:\/\/www.google.com\/search?q=Przestrzeganie+praw+cz%C5%82owieka&amp;oq=zasady+prawa+mi%C4%99dzynarodowego&amp;gs_lcrp=EgZjaHJvbWUyBggAEEUYOdIBCTI0NzlqMGoxNagCCLACAQ&amp;sourceid=chrome&amp;ie=UTF-8&amp;ved=2ahUKEwjem5mI6JWTAxX5wgIHHWTNKYsQgK4QegYIAQgFEAE\">Przestrzeganie praw cz\u0142owieka<\/a>:<\/strong>&nbsp;Ochrona podstawowych wolno\u015bci i praw jednostki.<\/li>\n\n\n\n<li><strong><a href=\"https:\/\/www.google.com\/search?q=Dobrowolne+wykonywanie+zobowi%C4%85za%C5%84+%28pacta+sunt+servanda%29&amp;oq=zasady+prawa+mi%C4%99dzynarodowego&amp;gs_lcrp=EgZjaHJvbWUyBggAEEUYOdIBCTI0NzlqMGoxNagCCLACAQ&amp;sourceid=chrome&amp;ie=UTF-8&amp;ved=2ahUKEwjem5mI6JWTAxX5wgIHHWTNKYsQgK4QegYIAQgGEAE\">Dobrowolne wykonywanie zobowi\u0105za\u0144 (pacta sunt servanda)<\/a>:<\/strong>&nbsp;Zasada dotrzymywania um\u00f3w mi\u0119dzynarodowych.&nbsp;<\/li>\n<\/ul>\n\n\n\n<p><strong>\u0179r\u00f3d\u0142a zasad prawa mi\u0119dzynarodowego:<\/strong><br>Zasady te wynikaj\u0105 g\u0142\u00f3wnie z Karty Narod\u00f3w Zjednoczonych, zwyczaj\u00f3w mi\u0119dzynarodowych, konwencji oraz og\u00f3lnych zasad prawa uznawanych przez cywilizowane narody. Maj\u0105 one charakter wi\u0105\u017c\u0105cy (jus cogens) i pa\u0144stwa s\u0105 zobowi\u0105zane do ich przestrzegania, nawet je\u015bli nie wyrazi\u0142y na to zgody w konkretnej umowie.&nbsp;<img decoding=\"async\" src=\"https:\/\/encrypted-tbn3.gstatic.com\/faviconV2?url=https:\/\/zpe.gov.pl&amp;client=AIM&amp;size=128&amp;type=FAVICON&amp;fallback_opts=TYPE,SIZE,URL\" alt=\"ZPE\">ZPE&nbsp;+2<\/p>\n\n\n\n<p>Verte &gt;<a href=\"https:\/\/topol.org.pl\/?page_id=6187\">Fundacja Narodowe Si\u0142y Samoobrony \u201eGrot\u201d<\/a><\/p>\n","protected":false},"excerpt":{"rendered":"<p>10.03.2026 18.01 W polityce zagranicznej obowi\u0105zuj\u0105 zasady prawa mi\u0119dzynarodowego. Dlatego zmiana traktat\u00f3w Unii Europejskiej jest bezpodstawna, a plany przyw\u00f3dc\u00f3w odno\u015bnie sytuacji na Bliskim Wschodzie musz\u0105 respektowa\u0107 zasady prawa mi\u0119dzynarodowego. Zaznaczam, \u017ce&#8230; \u0179r\u00f3d\u0142o: Przegl\u0105d od AI Zasady prawa mi\u0119dzynarodowego to fundamentalne, wi\u0105\u017c\u0105ce normy reguluj\u0105ce relacje mi\u0119dzy pa\u0144stwami i innymi podmiotami, obejmuj\u0105ce suwerenn\u0105 r\u00f3wno\u015b\u0107, zakaz u\u017cycia si\u0142y, [&hellip;]<\/p>\n","protected":false},"author":1,"featured_media":0,"parent":13860,"menu_order":9,"comment_status":"closed","ping_status":"closed","template":"","meta":{"footnotes":""},"class_list":["post-14396","page","type-page","status-publish","hentry"],"_links":{"self":[{"href":"https:\/\/topol.org.pl\/index.php?rest_route=\/wp\/v2\/pages\/14396","targetHints":{"allow":["GET"]}}],"collection":[{"href":"https:\/\/topol.org.pl\/index.php?rest_route=\/wp\/v2\/pages"}],"about":[{"href":"https:\/\/topol.org.pl\/index.php?rest_route=\/wp\/v2\/types\/page"}],"author":[{"embeddable":true,"href":"https:\/\/topol.org.pl\/index.php?rest_route=\/wp\/v2\/users\/1"}],"replies":[{"embeddable":true,"href":"https:\/\/topol.org.pl\/index.php?rest_route=%2Fwp%2Fv2%2Fcomments&post=14396"}],"version-history":[{"count":5,"href":"https:\/\/topol.org.pl\/index.php?rest_route=\/wp\/v2\/pages\/14396\/revisions"}],"predecessor-version":[{"id":14401,"href":"https:\/\/topol.org.pl\/index.php?rest_route=\/wp\/v2\/pages\/14396\/revisions\/14401"}],"up":[{"embeddable":true,"href":"https:\/\/topol.org.pl\/index.php?rest_route=\/wp\/v2\/pages\/13860"}],"wp:attachment":[{"href":"https:\/\/topol.org.pl\/index.php?rest_route=%2Fwp%2Fv2%2Fmedia&parent=14396"}],"curies":[{"name":"wp","href":"https:\/\/api.w.org\/{rel}","templated":true}]}}