{"id":14577,"date":"2026-04-13T21:21:53","date_gmt":"2026-04-13T19:21:53","guid":{"rendered":"https:\/\/topol.org.pl\/?page_id=14577"},"modified":"2026-04-16T06:45:18","modified_gmt":"2026-04-16T04:45:18","slug":"marta-czech-odwaznie-broni-brauna-przed-stronniczym-sedzia","status":"publish","type":"page","link":"https:\/\/topol.org.pl\/?page_id=14577","title":{"rendered":"&#8222;MARTA CZECH ODWA\u017bNIE BRONI BRAUNA&#8230;!&#8221;"},"content":{"rendered":"\n<p>13.04.2026 21.19 &#8222;MARTA CZECH ODWA\u017bNIE BRONI BRAUNA&#8230;!&#8221; \u0179r\u00f3d\u0142o: <a href=\"https:\/\/www.youtube.com\/watch?v=7tlP8kcVhP4\">Wolno\u015b\u0107 i Niepodleg\u0142o\u015b\u0107 &#8211; WinTV<\/a><\/p>\n\n\n\n<p>14.04.2026 10.58 &#8222;Pe\u0142en zapis sz\u00f3stej rozprawy s\u0105dowej 13 kwietnia 2026&#8221; \u0179r\u00f3d\u0142o: <a href=\"https:\/\/www.youtube.com\/watch?v=-G5bZEfp6V8\">Grzegorz Braun<\/a><\/p>\n\n\n\n<p><strong>\u015awiadkowie, cz\u0119sto m\u00f3wi\u0105 o niepami\u0119ci ca\u0142ego zaj\u015bcia. Nie wiem czy mo\u017cna s\u0105dzi\u0107 na podstawie tak s\u0142abych zarzut\u00f3w. Nie wiadomo kto kogo zaatakowa\u0142. Kto wyda\u0142 pozwolenie na organizacj\u0119 spotkania w Sejmie. A dlaczego w og\u00f3le ten Sejm organizuje tego typu uroczysto\u015bci. To bardzo s\u0142abe zarzuty.<\/strong> <strong>Ale mo\u017cna nadal prowokowa\u0107 oskar\u017conego i doprowadzi\u0107 do jego skazania za dalsze wykroczenia na sali rozpraw. Kt\u00f3re pod wp\u0142ywem jego wypowiedzi powoduj\u0105 pogr\u0105\u017canie oskar\u017conego. Mo\u017cna w ko\u0144cu postawi\u0107 dodatkowe zarzuty o obraz\u0119 S\u0105du i Prokuratora. To wszystko s\u0105 wypowiedzi pod wp\u0142ywem emocji. Oskar\u017cony jest zaszczuty i nie mo\u017ce doj\u015b\u0107 do jego oswobodzenia od zarzut\u00f3w. A jednocze\u015bnie osoba poszkodowana nie stawia si\u0119 na rozpraw\u0119, \u017ceby skonfrontowa\u0107 si\u0119 z oskar\u017conym. Moim zdaniem sprawa powinna by\u0107 umorzona. Powinien by\u0107 wydany zakaz organizacji &#8222;tego typu spotka\u0144&#8221;. &#8222;Tego&#8221; nie przystoi robi\u0107 w Sejmie. Jestem przeciwny organizowaniu &#8222;tego typu spotka\u0144&#8221; w przestrzeni publicznej. Od tego s\u0105 miejsca religijne.<\/strong> <strong>Dla postronnego obserwatora to strata czasu, kt\u00f3ry min\u0105\u0142 w niepami\u0119ci. S\u0105d powinien zajmowa\u0107 si\u0119 sprawami, kt\u00f3re s\u0105 istotne i pozostaj\u0105ce w naszej pami\u0119ci.<\/strong> <strong>Z tej rozprawy zapami\u0119ta\u0142em zdanie<\/strong> <strong>&#8222;Ja nie wiele pami\u0119tam&#8221;<\/strong>. <strong>&#8222;To jest proces polityczny, kt\u00f3ry kosztuje&#8221;<\/strong>. <strong>Ze swojej strony zadam pytanie, czy nas na ten proces sta\u0107 jako pa\u0144stwo. Przecie\u017c jeste\u015bmy tak zad\u0142u\u017ceni, \u017ce nied\u0142ugo nie b\u0119dziemy mieli swojego pa\u0144stwa.<\/strong> <strong>Mo\u017ce zaci\u0105gn\u0105\u0107 nast\u0119pny kredyt i os\u0105dzi\u0107 tego Pos\u0142a. Ja nawet nie jestem za nim, ale jestem za swoim pa\u0144stwem i praworz\u0105dno\u015bci\u0105.<\/strong> <strong>Nied\u0142ugo jak zmieni si\u0119 w\u0142adza zaczn\u0105 s\u0105dzi\u0107 kolejnego Ministra Sprawiedliwo\u015bci, Premiera itd&#8230; R\u0119ce opadaj\u0105, nie mog\u0119 si\u0119 z tym pogodzi\u0107.<\/strong> <\/p>\n\n\n\n<p>14.04.2026 13.38 <strong>Przemy\u015bla\u0142em spraw\u0119, linia obrony jest s\u0142aba. Powinni &#8222;we trzech&#8221; rozdzieli\u0107 si\u0119 na osobne przycz\u00f3\u0142ki obronne. Po zgrupowaniu zwolennik\u00f3w Konfederacji przeciwnych Celebracji w Sejmie&#8230; Trzeba sporz\u0105dzi\u0107 przeciwko organizatorom spotkania pozew o obraz\u0119 uczu\u0107 religijnych w imieniu Polak\u00f3w katolik\u00f3w i zak\u0142\u00f3canie miru w Sejmie.<\/strong><\/p>\n\n\n\n<p><strong>Drugi obro\u0144ca powinien sporz\u0105dzi\u0107 pozew w imieniu zwolennik\u00f3w Konfederacji przeciwnych organizowaniu antypolskich spotka\u0144 w instytucie Polsko Niemieckim. Trzeba wyst\u0105pi\u0107 o nadanie tytu\u0142u <a href=\"https:\/\/www.google.com\/search?q=persona+non+grata&amp;oq=persona+non+grata&amp;gs_lcrp=EgZjaHJvbWUyBggAEEUYOdIBCTIwNzJqMGoxNagCCLACAQ&amp;sourceid=chrome&amp;ie=UTF-8\">persona non grata<\/a> organizatorom konferencji pseudo historycznych.<\/strong><\/p>\n\n\n\n<p><strong>Trzeci obro\u0144ca powinien sporz\u0105dzi\u0107 pozew w imieniu zwolennik\u00f3w Konfederacji przeciwnych organizowaniu aborcji w szpitalach finansowanych z pieni\u0119dzy publicznych w imieniu rodak\u00f3w wp\u0142acaj\u0105cych na NFZ i przeciwnych aborcji na \u017cyczenie.<\/strong><\/p>\n\n\n\n<p><strong>Czwarty&#8230;obro\u0144ca powinien sporz\u0105dzi\u0107 pozew w imieniu zwolennik\u00f3w Konfederacji przeciwnych eksponowaniu symboli niezgodnych z tradycj\u0105 chrze\u015bcija\u0144sk\u0105 na Bo\u017conarodzeniowych choinkach. Ze wzgl\u0119du na obraz\u0119 uczu\u0107 religijnych i burzenie tradycji \u015bwi\u0105tecznej.<\/strong> <\/p>\n\n\n\n<p><strong>Pi\u0105ty&#8230;obro\u0144ca&#8230;<\/strong><\/p>\n\n\n\n<p><strong>Moim zdaniem to proces pokazowy polskich patriot\u00f3w, reprezentowanych w spos\u00f3b nie zawsze zgodny z ich \u017cyczeniem. Dlatego nie popieram nikogo ze sceny politycznej.<\/strong> <strong>Mo\u017ce tylko pani\u0105 <a href=\"https:\/\/www.youtube.com\/watch?v=JLdXeLFUQgo\">Mart\u0119 Czech<\/a> za swoj\u0105 odwag\u0119&#8230;<\/strong><br><br>Verte &gt;<a href=\"https:\/\/topol.org.pl\/?page_id=6187\">Fundacja Narodowe Si\u0142y Samoobrony \u201eGrot\u201d<\/a><\/p>\n\n\n\n<p><\/p>\n","protected":false},"excerpt":{"rendered":"<p>13.04.2026 21.19 &#8222;MARTA CZECH ODWA\u017bNIE BRONI BRAUNA&#8230;!&#8221; \u0179r\u00f3d\u0142o: Wolno\u015b\u0107 i Niepodleg\u0142o\u015b\u0107 &#8211; WinTV 14.04.2026 10.58 &#8222;Pe\u0142en zapis sz\u00f3stej rozprawy s\u0105dowej 13 kwietnia 2026&#8221; \u0179r\u00f3d\u0142o: Grzegorz Braun \u015awiadkowie, cz\u0119sto m\u00f3wi\u0105 o niepami\u0119ci ca\u0142ego zaj\u015bcia. Nie wiem czy mo\u017cna s\u0105dzi\u0107 na podstawie tak s\u0142abych zarzut\u00f3w. Nie wiadomo kto kogo zaatakowa\u0142. Kto wyda\u0142 pozwolenie na organizacj\u0119 spotkania w [&hellip;]<\/p>\n","protected":false},"author":1,"featured_media":0,"parent":13872,"menu_order":0,"comment_status":"closed","ping_status":"closed","template":"","meta":{"footnotes":""},"class_list":["post-14577","page","type-page","status-publish","hentry"],"_links":{"self":[{"href":"https:\/\/topol.org.pl\/index.php?rest_route=\/wp\/v2\/pages\/14577","targetHints":{"allow":["GET"]}}],"collection":[{"href":"https:\/\/topol.org.pl\/index.php?rest_route=\/wp\/v2\/pages"}],"about":[{"href":"https:\/\/topol.org.pl\/index.php?rest_route=\/wp\/v2\/types\/page"}],"author":[{"embeddable":true,"href":"https:\/\/topol.org.pl\/index.php?rest_route=\/wp\/v2\/users\/1"}],"replies":[{"embeddable":true,"href":"https:\/\/topol.org.pl\/index.php?rest_route=%2Fwp%2Fv2%2Fcomments&post=14577"}],"version-history":[{"count":14,"href":"https:\/\/topol.org.pl\/index.php?rest_route=\/wp\/v2\/pages\/14577\/revisions"}],"predecessor-version":[{"id":14598,"href":"https:\/\/topol.org.pl\/index.php?rest_route=\/wp\/v2\/pages\/14577\/revisions\/14598"}],"up":[{"embeddable":true,"href":"https:\/\/topol.org.pl\/index.php?rest_route=\/wp\/v2\/pages\/13872"}],"wp:attachment":[{"href":"https:\/\/topol.org.pl\/index.php?rest_route=%2Fwp%2Fv2%2Fmedia&parent=14577"}],"curies":[{"name":"wp","href":"https:\/\/api.w.org\/{rel}","templated":true}]}}