{"id":14614,"date":"2026-04-19T10:06:30","date_gmt":"2026-04-19T08:06:30","guid":{"rendered":"https:\/\/topol.org.pl\/?page_id=14614"},"modified":"2026-04-19T22:13:06","modified_gmt":"2026-04-19T20:13:06","slug":"kolarstwo-to-sport-ekstremalny","status":"publish","type":"page","link":"https:\/\/topol.org.pl\/?page_id=14614","title":{"rendered":"&#8222;Kolarstwo to sport ekstremalny&#8221;"},"content":{"rendered":"\n<p>19.04.2026 09.37 <strong><a href=\"https:\/\/www.youtube.com\/watch?v=1CR0QmCaMTs\">&#8222;Kolarstwo to sport ekstremalny&#8221;<\/a>, dlaczego tak s\u0105dz\u0119? Sam je\u017adzi\u0142em w peletonie 10 lat. Od m\u0142odzika do seniora. Teraz jestem te\u017c seniorem, tak mnie nazwali po przej\u015bciu na emerytur\u0119. Dalej je\u017cd\u017c\u0119 na rowerze. Mam swoj\u0105 tras\u0119&#8230; nieucz\u0119szczan\u0105. Zawsze je\u017cd\u017c\u0119 po ulicy tam gdzie samochody osobowe, tiry, sprz\u0119t budowlany i rolniczy. &#8222;To najlepsze rozwi\u0105zanie&#8221;. W miastach powsta\u0142o mn\u00f3stwo \u015bcie\u017cek rowerowych. Rowery, hulajnogi i deskorolki je\u017cd\u017c\u0105 slalomem mi\u0119dzy lud\u017ami. M\u0142odzi ludzie s\u0105 nie\u015bmiertelni. To dobrze, \u017ce tak my\u015bl\u0105. Przecie\u017c s\u0105 &#8222;m\u0142odzi&#8221;. Ale jak si\u0119 wywr\u00f3c\u0105, to ich b\u0142\u0105d. W nast\u0119pnym \u017cyciu strac\u0105 umiej\u0119tno\u015bci. Tak mo\u017cna przej\u015b\u0107 do\u015bwiadczalnie do robotyki, sta\u0107 si\u0119 Robo-kopem. Dopiero po latach jak rozja\u015bni si\u0119 w m\u00f3zgu, doj\u015b\u0107 do wnioski , \u017ce przed latami mieli\u015bmy sprawne cia\u0142o a nie ko\u0144czyny przyczepione do m\u00f3zgu. Dlaczego to pisz\u0119. By\u0142em w Warszawie, siedzia\u0142em na przystanku autobusowym. Wyci\u0105gn\u0105\u0142em nog\u0119, \u017ceby rozprostowa\u0107 ko\u015bci. W tym momencie patrzy\u0142em na nog\u0119. W odleg\u0142o\u015bci centymetr\u00f3w zobaczy\u0142em ko\u0142o roweru p\u0119dz\u0105cego po chodniku. Jecha\u0142 szybko. &#8222;Czas si\u0119 zatrzyma\u0142 na moment&#8221;. Zd\u0105\u017cy\u0142em cofn\u0105\u0107 nog\u0119. Rowerzysta przemkn\u0105\u0142 blisko, poczu\u0142em wiatr na twarzy. Wyhamowa\u0142 par\u0119 metr\u00f3w dalej i si\u0119 obejrza\u0142. By\u0142 zdziwiony, \u017ce nie przejecha\u0142 mojej nogi. <a href=\"https:\/\/www.youtube.com\/watch?v=xQ_IQS3VKjA\">Ci\u0105gle o tym my\u015bl\u0119&#8230;<\/a><\/strong><\/p>\n\n\n\n<p>\u0179r\u00f3d\u0142o: Fabio Wibmer<br>\u0179r\u00f3d\u0142o: Danny Macaskill: The Ridge<\/p>\n\n\n\n<p>Verte &gt;<a href=\"https:\/\/topol.org.pl\/?page_id=6187\">Fundacja Narodowe Si\u0142y Samoobrony \u201eGrot\u201d<\/a><\/p>\n","protected":false},"excerpt":{"rendered":"<p>19.04.2026 09.37 &#8222;Kolarstwo to sport ekstremalny&#8221;, dlaczego tak s\u0105dz\u0119? Sam je\u017adzi\u0142em w peletonie 10 lat. Od m\u0142odzika do seniora. Teraz jestem te\u017c seniorem, tak mnie nazwali po przej\u015bciu na emerytur\u0119. Dalej je\u017cd\u017c\u0119 na rowerze. Mam swoj\u0105 tras\u0119&#8230; nieucz\u0119szczan\u0105. Zawsze je\u017cd\u017c\u0119 po ulicy tam gdzie samochody osobowe, tiry, sprz\u0119t budowlany i rolniczy. &#8222;To najlepsze rozwi\u0105zanie&#8221;. W [&hellip;]<\/p>\n","protected":false},"author":1,"featured_media":0,"parent":14599,"menu_order":0,"comment_status":"closed","ping_status":"closed","template":"","meta":{"footnotes":""},"class_list":["post-14614","page","type-page","status-publish","hentry"],"_links":{"self":[{"href":"https:\/\/topol.org.pl\/index.php?rest_route=\/wp\/v2\/pages\/14614","targetHints":{"allow":["GET"]}}],"collection":[{"href":"https:\/\/topol.org.pl\/index.php?rest_route=\/wp\/v2\/pages"}],"about":[{"href":"https:\/\/topol.org.pl\/index.php?rest_route=\/wp\/v2\/types\/page"}],"author":[{"embeddable":true,"href":"https:\/\/topol.org.pl\/index.php?rest_route=\/wp\/v2\/users\/1"}],"replies":[{"embeddable":true,"href":"https:\/\/topol.org.pl\/index.php?rest_route=%2Fwp%2Fv2%2Fcomments&post=14614"}],"version-history":[{"count":10,"href":"https:\/\/topol.org.pl\/index.php?rest_route=\/wp\/v2\/pages\/14614\/revisions"}],"predecessor-version":[{"id":14645,"href":"https:\/\/topol.org.pl\/index.php?rest_route=\/wp\/v2\/pages\/14614\/revisions\/14645"}],"up":[{"embeddable":true,"href":"https:\/\/topol.org.pl\/index.php?rest_route=\/wp\/v2\/pages\/14599"}],"wp:attachment":[{"href":"https:\/\/topol.org.pl\/index.php?rest_route=%2Fwp%2Fv2%2Fmedia&parent=14614"}],"curies":[{"name":"wp","href":"https:\/\/api.w.org\/{rel}","templated":true}]}}