{"id":14639,"date":"2026-04-19T12:37:35","date_gmt":"2026-04-19T10:37:35","guid":{"rendered":"https:\/\/topol.org.pl\/?page_id=14639"},"modified":"2026-04-19T22:12:06","modified_gmt":"2026-04-19T20:12:06","slug":"dzien-zwyciestwa-w-rosji","status":"publish","type":"page","link":"https:\/\/topol.org.pl\/?page_id=14639","title":{"rendered":"&#8222;Dzie\u0144 Zwyci\u0119stwa w\u00a0Rosji&#8221;"},"content":{"rendered":"\n<p>19.04.2026 12.18 <strong>&#8222;Dzie\u0144 Zwyci\u0119stwa w\u00a0Rosji&#8221; 09.05.2026 obchodzony bez udzia\u0142u koalicjant\u00f3w bior\u0105cych udzia\u0142 po stronie pa\u0144stw walcz\u0105cych z Hitlerowskimi Niemcami. To prawda, \u017ce Polska dosta\u0142a si\u0119 pod sowiecki but za przyzwoleniem koalicjant\u00f3w z zachodu. Nie brali\u015bmy te\u017c udzia\u0142u w defiladzie zwyci\u0119stwa w Anglii. Teraz jeste\u015bmy okre\u015blani wschodni\u0105 flank\u0105 NATO. Zaplanowana wojna na naszym terytorium. W ko\u0144cu musimy zachowa\u0107 pok\u00f3j, przeciw zam\u00f3wionej wojnie. <\/strong>\u201e<a href=\"https:\/\/historia.rp.pl\/historia-polski\/art43036471-boguslaw-chrabota-17-wrzesnia-kiedy-zdrada-polski-miala-wiele-znaczen\">tajny protok\u00f3\u0142 do paktu Ribbentrop \u2013Mo\u0142otow z 23 sierpnia 1939 r.<\/a>\u201d \u0179r\u00f3d\u0142o:\u00a0<a href=\"https:\/\/historia.rp.pl\/historia-polski\/art43036471-boguslaw-chrabota-17-wrzesnia-kiedy-zdrada-polski-miala-wiele-znaczen\">rp.pl<\/a>. <strong><a href=\"https:\/\/topol.org.pl\/?page_id=13454\">Nie wiedzieli\u015bmy o nim 17.09.1939 roku w dniu napa\u015bci Armii Czerwonej.<\/a> Rosjanie m\u00f3wi\u0105, \u017ce 2W\u015a rozpocz\u0119\u0142a si\u0119 w 1941 roku. Mo\u017cna im w dniu 09.05.2026 przypomnie\u0107, \u017ce napa\u015b\u0107 Niemc\u00f3w rozpocz\u0119\u0142a si\u0119 01.09.1939 roku. Wojna i okupacja trwa\u0142a 6 lat. Proponuj\u0119 wys\u0142a\u0107 delegacj\u0119 Narodowych Si\u0142 Samoobrony &#8222;Grot&#8221; do Moskwy na defilad\u0119 zwyci\u0119stwa. <a href=\"https:\/\/topol.org.pl\/?page_id=12749\">Mog\u0142aby sk\u0142ada\u0107 si\u0119 z &#8222;kawalerii bior\u0105cej udzia\u0142 w kampanii wrze\u015bniowej&#8221;.<\/a> Dlaczego tak my\u015bl\u0119, poniewa\u017c w czasie wojny kr\u0105\u017cy\u0142a dezinformacja o zbrodnii Katy\u0144skiej. A 09.05.1945 roku cieszyli\u015bmy si\u0119 z zako\u0144czenia wojny i byli\u015bmy nie\u015bwiadomi, \u017ce w <a href=\"https:\/\/pl.wikipedia.org\/wiki\/Konferencja_ja%C5%82ta%C5%84ska\">Ja\u0142cie pa\u0144stwa koalicji antyhitlerowskiej<\/a> oddadz\u0105 nas pod jarzmo sowieckie. \u017beby upami\u0119tni\u0107 Dzie\u0144 Zwyci\u0119stwa. Poniewa\u017c zniszczyli\u015bmy wszystkie pami\u0105tki o tym dniu usuwaj\u0105c pomniki symbolizuj\u0105ce Dzie\u0144 Zwyci\u0119stwa. Teraz dajemy Niemcom podpuch\u0119 do przej\u0119cia Ziem Odzyskanych. A przecie\u017c a\u017c do Renu obszary by\u0142y S\u0142owia\u0144skie a nie Germa\u0144skie. Nasi historycy ci\u0105gle podwa\u017caj\u0105 histori\u0119, tak jakby byli uwik\u0142ani w zdrad\u0119.<\/strong><\/p>\n\n\n\n<p><a href=\"https:\/\/www.google.com\/search?q=dzie%C5%84+zwyci%C4%99stwa+w+polsce&amp;sca_esv=ccde07d99c910f29&amp;sxsrf=ANbL-n7KLNYnjTKgHTwSX3xudxbvJoysnA%3A1776600151489&amp;ei=V8TkaYbHHZ-fi-gPt5yeEQ&amp;biw=1536&amp;bih=703&amp;oq=Dzie%C5%84+Zwyci%C4%99stwa&amp;gs_lp=Egxnd3Mtd2l6LXNlcnAiEkR6aWXFhCBad3ljacSZc3R3YSoCCAIyBBAjGCcyBRAAGIAEMgUQABiABDIFEAAYgAQyBRAAGIAEMgUQABiABDIFEAAYgAQyBRAAGIAEMgUQABiABDIFEAAYgARIpr4BUO4oWNyfAXAEeAGQAQKYAWWgAf0RqgEEMzEuMrgBAcgBAPgBAZgCF6AC3AqoAhTCAgoQABhHGNYEGLADwgIHECMY6gIYJ8ICEBAAGAMYjwEY6gIYtALYAQHCAhAQLhgDGI8BGOoCGLQC2AEBwgIKEAAYgAQYigUYQ8ICDhAAGIAEGIoFGLEDGIMBwgIIEAAYgAQYsQPCAgoQLhiABBiKBRhDwgILEC4YgAQYsQMYgwHCAgsQABiABBixAxiDAcICCBAuGIAEGLEDwgIFEC4YgASYAwzxBf2DFVqrMr0uiAYBkAYIugYGCAEQARgKkgcCMjOgB5OEArIHAjE5uAe0CsIHBjItMjAuM8gHgwGACAE&amp;sclient=gws-wiz-serp\">Dzie\u0144 Zwyci\u0119stwa w Europie pi\u0105tek, 8 maja 2026<\/a><\/p>\n\n\n\n<p>Co by\u0142o 9 maja 1945?<\/p>\n\n\n\n<p>9 maja 1945 roku, w nocy z 8 na 9 maja czasu moskiewskiego,&nbsp;<strong>w Berlinie podpisano akt bezwarunkowej kapitulacji III Rzeszy przed przedstawicielami ZSRR<\/strong>. Dla Rosji ten dzie\u0144 sta\u0142 si\u0119 symbolem bohaterstwa i cierpienia, a tak\u017ce centralnym punktem narracji o zwyci\u0119stwie nad faszyzmem. \u0179r\u00f3d\u0142o: Google<br><br>Verte &gt;<a href=\"https:\/\/topol.org.pl\/?page_id=6187\">Fundacja Narodowe Si\u0142y Samoobrony \u201eGrot\u201d<\/a><\/p>\n\n\n\n<p><\/p>\n","protected":false},"excerpt":{"rendered":"<p>19.04.2026 12.18 &#8222;Dzie\u0144 Zwyci\u0119stwa w\u00a0Rosji&#8221; 09.05.2026 obchodzony bez udzia\u0142u koalicjant\u00f3w bior\u0105cych udzia\u0142 po stronie pa\u0144stw walcz\u0105cych z Hitlerowskimi Niemcami. To prawda, \u017ce Polska dosta\u0142a si\u0119 pod sowiecki but za przyzwoleniem koalicjant\u00f3w z zachodu. Nie brali\u015bmy te\u017c udzia\u0142u w defiladzie zwyci\u0119stwa w Anglii. Teraz jeste\u015bmy okre\u015blani wschodni\u0105 flank\u0105 NATO. Zaplanowana wojna na naszym terytorium. W ko\u0144cu [&hellip;]<\/p>\n","protected":false},"author":1,"featured_media":0,"parent":13860,"menu_order":16,"comment_status":"closed","ping_status":"closed","template":"","meta":{"footnotes":""},"class_list":["post-14639","page","type-page","status-publish","hentry"],"_links":{"self":[{"href":"https:\/\/topol.org.pl\/index.php?rest_route=\/wp\/v2\/pages\/14639","targetHints":{"allow":["GET"]}}],"collection":[{"href":"https:\/\/topol.org.pl\/index.php?rest_route=\/wp\/v2\/pages"}],"about":[{"href":"https:\/\/topol.org.pl\/index.php?rest_route=\/wp\/v2\/types\/page"}],"author":[{"embeddable":true,"href":"https:\/\/topol.org.pl\/index.php?rest_route=\/wp\/v2\/users\/1"}],"replies":[{"embeddable":true,"href":"https:\/\/topol.org.pl\/index.php?rest_route=%2Fwp%2Fv2%2Fcomments&post=14639"}],"version-history":[{"count":6,"href":"https:\/\/topol.org.pl\/index.php?rest_route=\/wp\/v2\/pages\/14639\/revisions"}],"predecessor-version":[{"id":14648,"href":"https:\/\/topol.org.pl\/index.php?rest_route=\/wp\/v2\/pages\/14639\/revisions\/14648"}],"up":[{"embeddable":true,"href":"https:\/\/topol.org.pl\/index.php?rest_route=\/wp\/v2\/pages\/13860"}],"wp:attachment":[{"href":"https:\/\/topol.org.pl\/index.php?rest_route=%2Fwp%2Fv2%2Fmedia&parent=14639"}],"curies":[{"name":"wp","href":"https:\/\/api.w.org\/{rel}","templated":true}]}}