{"id":14718,"date":"2026-04-24T12:59:05","date_gmt":"2026-04-24T10:59:05","guid":{"rendered":"https:\/\/topol.org.pl\/?page_id=14718"},"modified":"2026-04-26T10:40:24","modified_gmt":"2026-04-26T08:40:24","slug":"wykonczyli-go-tusk-chyba-nawet-domyslam-sie-kto-ale-nie-powiem","status":"publish","type":"page","link":"https:\/\/topol.org.pl\/?page_id=14718","title":{"rendered":"&#8222;Wyko\u0144czyli go&#8221;. Tusk: Chyba nawet domy\u015blam si\u0119 kto, ale\u00a0nie powiem"},"content":{"rendered":"\n<p>24.04.2026 12.26 &#8222;Wyko\u0144czyli go&#8221;. Tusk: Chyba nawet domy\u015blam si\u0119 kto, ale&nbsp;nie powiem. \u0179r\u00f3d\u0142o: <a href=\"https:\/\/dorzeczy.pl\/opinie\/877792\/cenckiewicz-odchodzi-z-bbn-tusk-wykonczyli-go.html\">DoRzeczy.pl<\/a> <strong><a href=\"https:\/\/www.facebook.com\/kancelaria.premiera\/posts\/-cypr-doorstep-premiera-donald-tusk-przed-sesj%C4%85-robocz%C4%85-rady-europejskiej\/1398339985663212\/\">Post Kancelaria Premiera<\/a><\/strong><\/p>\n\n\n\n<p><strong>Te\u017c u\u017cy\u0142em takich s\u0142\u00f3w&#8230;?<\/strong><\/p>\n\n\n\n<p><a href=\"https:\/\/topol.org.pl\/?page_id=10802\">26.03.2025 06.31 Wawel \u2013 Od \u0142owc\u00f3w mamut\u00f3w do Zamku Kr\u00f3lewskiego<\/a><\/p>\n\n\n\n<p>\u0179r\u00f3d\u0142o:&nbsp;<a href=\"https:\/\/www.youtube.com\/watch?v=qs30-LxfJxQ\">Historia na wyci\u0105gni\u0119cie r\u0119ki<\/a><\/p>\n\n\n\n<p>Chyba wiem co to za&nbsp;<a href=\"https:\/\/topol.org.pl\/?page_id=192\">rebus<\/a>&nbsp;z nazw\u0105&nbsp;<a href=\"https:\/\/pl.wikipedia.org\/wiki\/Wawel\">Wawel<\/a>&nbsp;i Gall Anonim. Ale nie powiem.<\/p>\n\n\n\n<p><strong>Czy to jest przestroga ? Czy\u017cby mia\u0142 z tym zwi\u0105zek Gall Anonim ?<\/strong> <strong>Jad\u0119 na rower mam ulubion\u0105 tras\u0119, gdzie nie je\u017cd\u017c\u0105 samochody. Ale b\u0119d\u0119 si\u0119 uwa\u017cnie rozgl\u0105da\u0142 na drodze.<\/strong> <strong>Widz\u0119 wielki potencja\u0142 do wsp\u00f3\u0142pracy, ale b\u0119d\u0119 walczy\u0142.<\/strong> <strong>Zaznaczam, \u017ce nie mam \u017cadnych my\u015bli samob\u00f3jczych. <a href=\"https:\/\/www.youtube.com\/watch?v=NQYDuRXE-Ws\">Na rowerze by\u0142em kr\u00f3lem szos<\/a>.<\/strong> <strong>Pozdrawiam wszystkich z pracy.<\/strong> <strong><a href=\"https:\/\/topol.org.pl\/?page_id=14706\">B\u0119dzie du\u017co kasy z SAFE trzeba j\u0105 m\u0105drze zagospodarowa\u0107.<\/a><\/strong> <strong>Nie my\u015bl\u0119 o krypto walutach.<\/strong><\/p>\n\n\n\n<p>Verte &gt;<a href=\"https:\/\/topol.org.pl\/?page_id=6187\">Fundacja Narodowe Si\u0142y Samoobrony \u201eGrot\u201d<\/a><\/p>\n\n\n\n<p><\/p>\n","protected":false},"excerpt":{"rendered":"<p>24.04.2026 12.26 &#8222;Wyko\u0144czyli go&#8221;. Tusk: Chyba nawet domy\u015blam si\u0119 kto, ale&nbsp;nie powiem. \u0179r\u00f3d\u0142o: DoRzeczy.pl Post Kancelaria Premiera Te\u017c u\u017cy\u0142em takich s\u0142\u00f3w&#8230;? 26.03.2025 06.31 Wawel \u2013 Od \u0142owc\u00f3w mamut\u00f3w do Zamku Kr\u00f3lewskiego \u0179r\u00f3d\u0142o:&nbsp;Historia na wyci\u0105gni\u0119cie r\u0119ki Chyba wiem co to za&nbsp;rebus&nbsp;z nazw\u0105&nbsp;Wawel&nbsp;i Gall Anonim. Ale nie powiem. Czy to jest przestroga ? Czy\u017cby mia\u0142 z tym [&hellip;]<\/p>\n","protected":false},"author":1,"featured_media":0,"parent":13840,"menu_order":9,"comment_status":"closed","ping_status":"closed","template":"","meta":{"footnotes":""},"class_list":["post-14718","page","type-page","status-publish","hentry"],"_links":{"self":[{"href":"https:\/\/topol.org.pl\/index.php?rest_route=\/wp\/v2\/pages\/14718","targetHints":{"allow":["GET"]}}],"collection":[{"href":"https:\/\/topol.org.pl\/index.php?rest_route=\/wp\/v2\/pages"}],"about":[{"href":"https:\/\/topol.org.pl\/index.php?rest_route=\/wp\/v2\/types\/page"}],"author":[{"embeddable":true,"href":"https:\/\/topol.org.pl\/index.php?rest_route=\/wp\/v2\/users\/1"}],"replies":[{"embeddable":true,"href":"https:\/\/topol.org.pl\/index.php?rest_route=%2Fwp%2Fv2%2Fcomments&post=14718"}],"version-history":[{"count":9,"href":"https:\/\/topol.org.pl\/index.php?rest_route=\/wp\/v2\/pages\/14718\/revisions"}],"predecessor-version":[{"id":14751,"href":"https:\/\/topol.org.pl\/index.php?rest_route=\/wp\/v2\/pages\/14718\/revisions\/14751"}],"up":[{"embeddable":true,"href":"https:\/\/topol.org.pl\/index.php?rest_route=\/wp\/v2\/pages\/13840"}],"wp:attachment":[{"href":"https:\/\/topol.org.pl\/index.php?rest_route=%2Fwp%2Fv2%2Fmedia&parent=14718"}],"curies":[{"name":"wp","href":"https:\/\/api.w.org\/{rel}","templated":true}]}}