{"id":14736,"date":"2026-04-25T20:09:41","date_gmt":"2026-04-25T18:09:41","guid":{"rendered":"https:\/\/topol.org.pl\/?page_id=14736"},"modified":"2026-04-25T20:11:28","modified_gmt":"2026-04-25T18:11:28","slug":"forum-biznesu-inicjatywy-trojmorza-w-dubrowniku-co-to-takiego","status":"publish","type":"page","link":"https:\/\/topol.org.pl\/?page_id=14736","title":{"rendered":"\u201eForum Biznesu Inicjatywy Tr\u00f3jmorza\u00a0w\u00a0Dubrowniku\u201d-co to takiego ?"},"content":{"rendered":"\n<p>25.04.2026 17.59 W dniach<strong>&nbsp;\u201e28\u201329 kwietnia 2026 roku (wtorek\u2013\u015broda)&nbsp;Prezydent Rzeczypospolitej Polskiej Karol Nawrocki i Ma\u0142\u017conka Marta Nawrocka&nbsp;<\/strong>z\u0142o\u017c\u0105&nbsp;<strong>wizyt\u0119 w<\/strong>&nbsp;<strong>Republice Chorwacji&nbsp;<\/strong>w zwi\u0105zku z udzia\u0142em w&nbsp;<strong>XI<\/strong>&nbsp;<strong>Szczycie&nbsp;<\/strong>oraz<strong>&nbsp;Forum Biznesu Inicjatywy Tr\u00f3jmorza&nbsp;<\/strong>w&nbsp;<strong>Dubrowniku<\/strong>\u201e. \u0179r\u00f3d\u0142o: Prezydent.pl<\/p>\n\n\n\n<p>\u201eForum Biznesu Inicjatywy Tr\u00f3jmorza&nbsp;w&nbsp;Dubrowniku\u201d-<strong>co to takiego ?<\/strong><\/p>\n\n\n\n<p><a href=\"https:\/\/www.prezydent.pl\/kancelaria\/archiwum\/andrzej-duda\/aktualnosci\/wydarzenia\/forum-biznesu,100857\">Zajrza\u0142em na rok 2025. Jak Prezydentem by\u0142 Andrzej Duda.<\/a><\/p>\n\n\n\n<p>\u201eInicjatywa skupia 13 pa\u0144stw cz\u0142onkowskich UE:&nbsp;<strong>Austri\u0119, Bu\u0142gari\u0119, Chorwacj\u0119, Czechy, Estoni\u0119, \u0141otw\u0119, Litw\u0119, Polsk\u0119, Rumuni\u0119, S\u0142owacj\u0119, S\u0142oweni\u0119, W\u0119gry oraz&nbsp;<\/strong><strong>Grecj\u0119,&nbsp;<\/strong>kt\u00f3ra do\u0142\u0105czy\u0142a w 2023 r.; dwa pa\u0144stwa stowarzyszone uczestnicz\u0105ce \u2013&nbsp;<strong>Ukrain\u0119 i Mo\u0142dawi\u0119<\/strong>. Partnerami strategicznymi Inicjatywy Tr\u00f3jmorza s\u0105:&nbsp;<strong>Stany Zjednoczone, Japonia, Komisja Europejska i Niemcy.&nbsp;<\/strong><\/p>\n\n\n\n<p>Prezydent Duda zapowiedzia\u0142, \u017ce podczas rozpoczynaj\u0105cego si\u0119 Szczytu Tr\u00f3jmorza&nbsp;<strong>Czarnog\u00f3ra i Albania<\/strong>&nbsp;oficjalnie do\u0142\u0105cz\u0105 do Inicjatywy jako&nbsp;<strong>pa\u0144stwa stowarzyszone<\/strong>, a&nbsp;<strong>Turcja i Hiszpania<\/strong>&nbsp;jako&nbsp;<strong>partnerzy strategiczni\u201d.<\/strong>&nbsp;\u0179r\u00f3d\u0142o: Prezydent.pl<\/p>\n\n\n\n<p><strong>Komisja Europejska i Niemcy\u2026?<\/strong><\/p>\n\n\n\n<p>Verte ><a href=\"https:\/\/topol.org.pl\/?page_id=6187\">Fundacja Narodowe Si\u0142y Samoobrony \u201eGrot\u201d<\/a><\/p>\n","protected":false},"excerpt":{"rendered":"<p>25.04.2026 17.59 W dniach&nbsp;\u201e28\u201329 kwietnia 2026 roku (wtorek\u2013\u015broda)&nbsp;Prezydent Rzeczypospolitej Polskiej Karol Nawrocki i Ma\u0142\u017conka Marta Nawrocka&nbsp;z\u0142o\u017c\u0105&nbsp;wizyt\u0119 w&nbsp;Republice Chorwacji&nbsp;w zwi\u0105zku z udzia\u0142em w&nbsp;XI&nbsp;Szczycie&nbsp;oraz&nbsp;Forum Biznesu Inicjatywy Tr\u00f3jmorza&nbsp;w&nbsp;Dubrowniku\u201e. \u0179r\u00f3d\u0142o: Prezydent.pl \u201eForum Biznesu Inicjatywy Tr\u00f3jmorza&nbsp;w&nbsp;Dubrowniku\u201d-co to takiego ? Zajrza\u0142em na rok 2025. Jak Prezydentem by\u0142 Andrzej Duda. \u201eInicjatywa skupia 13 pa\u0144stw cz\u0142onkowskich UE:&nbsp;Austri\u0119, Bu\u0142gari\u0119, Chorwacj\u0119, Czechy, Estoni\u0119, \u0141otw\u0119, Litw\u0119, [&hellip;]<\/p>\n","protected":false},"author":1,"featured_media":0,"parent":13836,"menu_order":11,"comment_status":"closed","ping_status":"closed","template":"","meta":{"footnotes":""},"class_list":["post-14736","page","type-page","status-publish","hentry"],"_links":{"self":[{"href":"https:\/\/topol.org.pl\/index.php?rest_route=\/wp\/v2\/pages\/14736","targetHints":{"allow":["GET"]}}],"collection":[{"href":"https:\/\/topol.org.pl\/index.php?rest_route=\/wp\/v2\/pages"}],"about":[{"href":"https:\/\/topol.org.pl\/index.php?rest_route=\/wp\/v2\/types\/page"}],"author":[{"embeddable":true,"href":"https:\/\/topol.org.pl\/index.php?rest_route=\/wp\/v2\/users\/1"}],"replies":[{"embeddable":true,"href":"https:\/\/topol.org.pl\/index.php?rest_route=%2Fwp%2Fv2%2Fcomments&post=14736"}],"version-history":[{"count":2,"href":"https:\/\/topol.org.pl\/index.php?rest_route=\/wp\/v2\/pages\/14736\/revisions"}],"predecessor-version":[{"id":14738,"href":"https:\/\/topol.org.pl\/index.php?rest_route=\/wp\/v2\/pages\/14736\/revisions\/14738"}],"up":[{"embeddable":true,"href":"https:\/\/topol.org.pl\/index.php?rest_route=\/wp\/v2\/pages\/13836"}],"wp:attachment":[{"href":"https:\/\/topol.org.pl\/index.php?rest_route=%2Fwp%2Fv2%2Fmedia&parent=14736"}],"curies":[{"name":"wp","href":"https:\/\/api.w.org\/{rel}","templated":true}]}}

„Forum Biznesu Inicjatywy Trójmorza w Dubrowniku”-co to takiego ?

<p>25.04.2026 17.59 W dniach<strong>&nbsp;„28–29 kwietnia 2026 roku (wtorek–środa)&nbsp;Prezydent Rzeczypospolitej Polskiej Karol Nawrocki i Małżonka Marta Nawrocka&nbsp;</strong>złożą&nbsp;<strong>wizytę w</strong>&nbsp;<strong>Republice Chorwacji&nbsp;</strong>w związku z udziałem w&nbsp;<strong>XI</strong>&nbsp;<strong>Szczycie&nbsp;</strong>oraz<strong>&nbsp;Forum Biznesu Inicjatywy Trójmorza&nbsp;</strong>w&nbsp;<strong>Dubrowniku</strong>„. Źródło: Prezydent.pl</p>



<p>„Forum Biznesu Inicjatywy Trójmorza&nbsp;w&nbsp;Dubrowniku”-<strong>co to takiego ?</strong></p>



<p><a href="https://www.prezydent.pl/kancelaria/archiwum/andrzej-duda/aktualnosci/wydarzenia/forum-biznesu,100857">Zajrzałem na rok 2025. Jak Prezydentem był Andrzej Duda.</a></p>



<p>„Inicjatywa skupia 13 państw członkowskich UE:&nbsp;<strong>Austrię, Bułgarię, Chorwację, Czechy, Estonię, Łotwę, Litwę, Polskę, Rumunię, Słowację, Słowenię, Węgry oraz&nbsp;</strong><strong>Grecję,&nbsp;</strong>która dołączyła w 2023 r.; dwa państwa stowarzyszone uczestniczące –&nbsp;<strong>Ukrainę i Mołdawię</strong>. Partnerami strategicznymi Inicjatywy Trójmorza są:&nbsp;<strong>Stany Zjednoczone, Japonia, Komisja Europejska i Niemcy.&nbsp;</strong></p>



<p>Prezydent Duda zapowiedział, że podczas rozpoczynającego się Szczytu Trójmorza&nbsp;<strong>Czarnogóra i Albania</strong>&nbsp;oficjalnie dołączą do Inicjatywy jako&nbsp;<strong>państwa stowarzyszone</strong>, a&nbsp;<strong>Turcja i Hiszpania</strong>&nbsp;jako&nbsp;<strong>partnerzy strategiczni”.</strong>&nbsp;Źródło: Prezydent.pl</p>



<p><strong>Komisja Europejska i Niemcy…?</strong></p>



<p>Verte ><a href="https://topol.org.pl/?page_id=6187">Fundacja Narodowe Siły Samoobrony „Grot”</a></p>

<p>25.04.2026 17.59 W dniach&nbsp;„28–29 kwietnia 2026 roku (wtorek–środa)&nbsp;Prezydent Rzeczypospolitej Polskiej Karol Nawrocki i Małżonka Marta Nawrocka&nbsp;złożą&nbsp;wizytę w&nbsp;Republice Chorwacji&nbsp;w związku z udziałem w&nbsp;XI&nbsp;Szczycie&nbsp;oraz&nbsp;Forum Biznesu Inicjatywy Trójmorza&nbsp;w&nbsp;Dubrowniku„. Źródło: Prezydent.pl „Forum Biznesu Inicjatywy Trójmorza&nbsp;w&nbsp;Dubrowniku”-co to takiego ? Zajrzałem na rok 2025. Jak Prezydentem był Andrzej Duda. „Inicjatywa skupia 13 państw członkowskich UE:&nbsp;Austrię, Bułgarię, Chorwację, Czechy, Estonię, Łotwę, Litwę, [&hellip;]</p>
