{"id":14745,"date":"2026-04-26T08:11:20","date_gmt":"2026-04-26T06:11:20","guid":{"rendered":"https:\/\/topol.org.pl\/?page_id=14745"},"modified":"2026-04-26T08:15:45","modified_gmt":"2026-04-26T06:15:45","slug":"europejski-kongres-gospodarczy-ekg","status":"publish","type":"page","link":"https:\/\/topol.org.pl\/?page_id=14745","title":{"rendered":"Europejski Kongres Gospodarczy (EKG)"},"content":{"rendered":"\n<p>26.04.2026 08.08 <a href=\"https:\/\/pl.wikipedia.org\/wiki\/Europejski_Kongres_Gospodarczy\">Europejski Kongres Gospodarczy<\/a> \u0179r\u00f3d\u0142o: Wikipedia<\/p>\n\n\n\n<p>&#8222;Analiza\u00a0<a href=\"https:\/\/pl.wikipedia.org\/wiki\/Koszty_spo%C5%82eczne\">koszt\u00f3w spo\u0142ecznych<\/a>\u00a0i finansowych EKG&#8221;.<\/p>\n\n\n\n<p>Verte ><a href=\"https:\/\/topol.org.pl\/?page_id=6187\">Fundacja Narodowe Si\u0142y Samoobrony \u201eGrot\u201d<\/a><\/p>\n\n\n\n<p><\/p>\n","protected":false},"excerpt":{"rendered":"<p>26.04.2026 08.08 Europejski Kongres Gospodarczy \u0179r\u00f3d\u0142o: Wikipedia &#8222;Analiza\u00a0koszt\u00f3w spo\u0142ecznych\u00a0i finansowych EKG&#8221;. Verte >Fundacja Narodowe Si\u0142y Samoobrony \u201eGrot\u201d<\/p>\n","protected":false},"author":1,"featured_media":0,"parent":13860,"menu_order":20,"comment_status":"closed","ping_status":"closed","template":"","meta":{"footnotes":""},"class_list":["post-14745","page","type-page","status-publish","hentry"],"_links":{"self":[{"href":"https:\/\/topol.org.pl\/index.php?rest_route=\/wp\/v2\/pages\/14745","targetHints":{"allow":["GET"]}}],"collection":[{"href":"https:\/\/topol.org.pl\/index.php?rest_route=\/wp\/v2\/pages"}],"about":[{"href":"https:\/\/topol.org.pl\/index.php?rest_route=\/wp\/v2\/types\/page"}],"author":[{"embeddable":true,"href":"https:\/\/topol.org.pl\/index.php?rest_route=\/wp\/v2\/users\/1"}],"replies":[{"embeddable":true,"href":"https:\/\/topol.org.pl\/index.php?rest_route=%2Fwp%2Fv2%2Fcomments&post=14745"}],"version-history":[{"count":3,"href":"https:\/\/topol.org.pl\/index.php?rest_route=\/wp\/v2\/pages\/14745\/revisions"}],"predecessor-version":[{"id":14748,"href":"https:\/\/topol.org.pl\/index.php?rest_route=\/wp\/v2\/pages\/14745\/revisions\/14748"}],"up":[{"embeddable":true,"href":"https:\/\/topol.org.pl\/index.php?rest_route=\/wp\/v2\/pages\/13860"}],"wp:attachment":[{"href":"https:\/\/topol.org.pl\/index.php?rest_route=%2Fwp%2Fv2%2Fmedia&parent=14745"}],"curies":[{"name":"wp","href":"https:\/\/api.w.org\/{rel}","templated":true}]}}