{"id":14800,"date":"2026-04-29T06:57:25","date_gmt":"2026-04-29T04:57:25","guid":{"rendered":"https:\/\/topol.org.pl\/?page_id=14800"},"modified":"2026-04-29T10:46:03","modified_gmt":"2026-04-29T08:46:03","slug":"polacy-nie-maja-nic-wspolnego-z-terminem-odwracanie-winy","status":"publish","type":"page","link":"https:\/\/topol.org.pl\/?page_id=14800","title":{"rendered":"Polacy nie maj\u0105 nic wsp\u00f3lnego z terminem &#8222;Odwracanie winy&#8221;"},"content":{"rendered":"\n<p>29.04.2026 06.33 <strong>Polacy nie maj\u0105 w tym przypadku nic wsp\u00f3lnego z terminem &#8222;<a href=\"https:\/\/www.google.com\/search?q=odwr%C3%B3cenie+winy&amp;oq=odwr%C3%B3cenie+winy&amp;gs_lcrp=EgZjaHJvbWUyBggAEEUYOdIBCTk5OThqMGoxNagCCLACAQ&amp;sourceid=chrome&amp;ie=UTF-8\">Odwracanie winy<\/a>&#8222;. W czasie 2W\u015a Polacy byli najbardziej poszkodowanym narodem okupowanym przez nazistowskie Niemcy. Sprawa z Jedwabnego nie jest jasna. Nie zosta\u0142a rozs\u0105dzona. Opinia i ustalenia historyk\u00f3w Instytutu Pami\u0119ci Narodowej nie s\u0105 wyrokiem S\u0105du tylko ustaleniem historyk\u00f3w.  <\/strong> <strong>Proporcja ofiar w Jedwabnym i w czasie ca\u0142ej okupacji nazistowskich Niemiec to jak proporcja ilo\u015bci ludzi zamieszkuj\u0105cych ca\u0142\u0105 III Rzesz\u0119 do ma\u0142ej wioski.<\/strong> <strong><a href=\"https:\/\/www.rp.pl\/opinie-polityczno-spoleczne\/art44255051-jacek-czaputowicz-dlaczego-minister-radoslaw-sikorski-wywolal-spor-z-izraelem\">Artyku\u0142 w rp.pl jest manipulacj\u0105 s\u0142own\u0105<\/a>.<\/strong><\/p>\n\n\n\n<figure class=\"wp-block-image size-large\"><a href=\"https:\/\/www.youtube.com\/watch?v=_wsnMhvoAvg\"><img loading=\"lazy\" decoding=\"async\" width=\"1024\" height=\"621\" src=\"https:\/\/topol.org.pl\/wp-content\/uploads\/2026\/04\/Walka-o-pamiec-zbiorowa-swiadomosc-1024x621.jpg\" alt=\"\" class=\"wp-image-14802\" srcset=\"https:\/\/topol.org.pl\/wp-content\/uploads\/2026\/04\/Walka-o-pamiec-zbiorowa-swiadomosc-1024x621.jpg 1024w, https:\/\/topol.org.pl\/wp-content\/uploads\/2026\/04\/Walka-o-pamiec-zbiorowa-swiadomosc-300x182.jpg 300w, https:\/\/topol.org.pl\/wp-content\/uploads\/2026\/04\/Walka-o-pamiec-zbiorowa-swiadomosc-768x466.jpg 768w, https:\/\/topol.org.pl\/wp-content\/uploads\/2026\/04\/Walka-o-pamiec-zbiorowa-swiadomosc.jpg 1205w\" sizes=\"auto, (max-width: 1024px) 100vw, 1024px\" \/><\/a><\/figure>\n\n\n\n<p>Verte &gt;<a href=\"https:\/\/topol.org.pl\/?page_id=6187\">Fundacja Narodowe Si\u0142y Samoobrony \u201eGrot\u201d<\/a><\/p>\n\n\n\n<p><\/p>\n","protected":false},"excerpt":{"rendered":"<p>29.04.2026 06.33 Polacy nie maj\u0105 w tym przypadku nic wsp\u00f3lnego z terminem &#8222;Odwracanie winy&#8222;. W czasie 2W\u015a Polacy byli najbardziej poszkodowanym narodem okupowanym przez nazistowskie Niemcy. Sprawa z Jedwabnego nie jest jasna. Nie zosta\u0142a rozs\u0105dzona. Opinia i ustalenia historyk\u00f3w Instytutu Pami\u0119ci Narodowej nie s\u0105 wyrokiem S\u0105du tylko ustaleniem historyk\u00f3w. Proporcja ofiar w Jedwabnym i w [&hellip;]<\/p>\n","protected":false},"author":1,"featured_media":0,"parent":14154,"menu_order":0,"comment_status":"closed","ping_status":"closed","template":"","meta":{"footnotes":""},"class_list":["post-14800","page","type-page","status-publish","hentry"],"_links":{"self":[{"href":"https:\/\/topol.org.pl\/index.php?rest_route=\/wp\/v2\/pages\/14800","targetHints":{"allow":["GET"]}}],"collection":[{"href":"https:\/\/topol.org.pl\/index.php?rest_route=\/wp\/v2\/pages"}],"about":[{"href":"https:\/\/topol.org.pl\/index.php?rest_route=\/wp\/v2\/types\/page"}],"author":[{"embeddable":true,"href":"https:\/\/topol.org.pl\/index.php?rest_route=\/wp\/v2\/users\/1"}],"replies":[{"embeddable":true,"href":"https:\/\/topol.org.pl\/index.php?rest_route=%2Fwp%2Fv2%2Fcomments&post=14800"}],"version-history":[{"count":2,"href":"https:\/\/topol.org.pl\/index.php?rest_route=\/wp\/v2\/pages\/14800\/revisions"}],"predecessor-version":[{"id":14803,"href":"https:\/\/topol.org.pl\/index.php?rest_route=\/wp\/v2\/pages\/14800\/revisions\/14803"}],"up":[{"embeddable":true,"href":"https:\/\/topol.org.pl\/index.php?rest_route=\/wp\/v2\/pages\/14154"}],"wp:attachment":[{"href":"https:\/\/topol.org.pl\/index.php?rest_route=%2Fwp%2Fv2%2Fmedia&parent=14800"}],"curies":[{"name":"wp","href":"https:\/\/api.w.org\/{rel}","templated":true}]}}

Polacy nie mają nic wspólnego z terminem &#8222;Odwracanie winy&#8221;

<p>29.04.2026 06.33 <strong>Polacy nie mają w tym przypadku nic wspólnego z terminem &#8222;<a href="https://www.google.com/search?q=odwr%C3%B3cenie+winy&amp;oq=odwr%C3%B3cenie+winy&amp;gs_lcrp=EgZjaHJvbWUyBggAEEUYOdIBCTk5OThqMGoxNagCCLACAQ&amp;sourceid=chrome&amp;ie=UTF-8">Odwracanie winy</a>&#8222;. W czasie 2WŚ Polacy byli najbardziej poszkodowanym narodem okupowanym przez nazistowskie Niemcy. Sprawa z Jedwabnego nie jest jasna. Nie została rozsądzona. Opinia i ustalenia historyków Instytutu Pamięci Narodowej nie są wyrokiem Sądu tylko ustaleniem historyków.  </strong> <strong>Proporcja ofiar w Jedwabnym i w czasie całej okupacji nazistowskich Niemiec to jak proporcja ilości ludzi zamieszkujących całą III Rzeszę do małej wioski.</strong> <strong><a href="https://www.rp.pl/opinie-polityczno-spoleczne/art44255051-jacek-czaputowicz-dlaczego-minister-radoslaw-sikorski-wywolal-spor-z-izraelem">Artykuł w rp.pl jest manipulacją słowną</a>.</strong></p>



<figure class="wp-block-image size-large"><a href="https://www.youtube.com/watch?v=_wsnMhvoAvg"><img loading="lazy" decoding="async" width="1024" height="621" src="https://topol.org.pl/wp-content/uploads/2026/04/Walka-o-pamiec-zbiorowa-swiadomosc-1024x621.jpg" alt="" class="wp-image-14802" srcset="https://topol.org.pl/wp-content/uploads/2026/04/Walka-o-pamiec-zbiorowa-swiadomosc-1024x621.jpg 1024w, https://topol.org.pl/wp-content/uploads/2026/04/Walka-o-pamiec-zbiorowa-swiadomosc-300x182.jpg 300w, https://topol.org.pl/wp-content/uploads/2026/04/Walka-o-pamiec-zbiorowa-swiadomosc-768x466.jpg 768w, https://topol.org.pl/wp-content/uploads/2026/04/Walka-o-pamiec-zbiorowa-swiadomosc.jpg 1205w" sizes="auto, (max-width: 1024px) 100vw, 1024px" /></a></figure>



<p>Verte &gt;<a href="https://topol.org.pl/?page_id=6187">Fundacja Narodowe Siły Samoobrony „Grot”</a></p>



<p></p>

<p>29.04.2026 06.33 Polacy nie mają w tym przypadku nic wspólnego z terminem &#8222;Odwracanie winy&#8222;. W czasie 2WŚ Polacy byli najbardziej poszkodowanym narodem okupowanym przez nazistowskie Niemcy. Sprawa z Jedwabnego nie jest jasna. Nie została rozsądzona. Opinia i ustalenia historyków Instytutu Pamięci Narodowej nie są wyrokiem Sądu tylko ustaleniem historyków. Proporcja ofiar w Jedwabnym i w [&hellip;]</p>
