{"id":149,"date":"2023-10-18T17:22:31","date_gmt":"2023-10-18T15:22:31","guid":{"rendered":"https:\/\/topol.org.pl\/?page_id=149"},"modified":"2026-01-09T10:14:31","modified_gmt":"2026-01-09T09:14:31","slug":"ii-rzeczpospolita-polska","status":"publish","type":"page","link":"https:\/\/topol.org.pl\/?page_id=149","title":{"rendered":"II Rzeczpospolita Polska"},"content":{"rendered":"\n<h2 class=\"wp-block-heading\"><a href=\"https:\/\/rzeczpospolita-konstytucyjna1935.pl\/\">Pa\u0144stwo kt\u00f3re nadal trwa<\/a><\/h2>\n\n\n\n<p><a href=\"https:\/\/rumble.com\/c\/c-1960254\">Suweren 2RP informacje<\/a><\/p>\n\n\n\n<p>Ustawa Konstytucyjna z dnia 23 kwietnia 1935 r.<br><a href=\"https:\/\/isap.sejm.gov.pl\/isap.nsf\/DocDetails.xsp?id=wdu19350300227\">Dz.U. 1935 nr 30 poz. 227<\/a><\/p>\n\n\n\n<h6 class=\"wp-block-heading\"><a href=\"https:\/\/topol.org.pl\/?page_id=229\">To skomplikowane rozwi\u0105zanie<\/a><\/h6>\n\n\n\n<p><br>Co zyskujemy<\/p>\n\n\n\n<ol class=\"wp-block-list\">\n<li>Monarchi\u0119 konstytucyjn\u0105<\/li>\n\n\n\n<li>Dux Poloniae<\/li>\n\n\n\n<li>Dw\u00f3ch Prezydent\u00f3w<\/li>\n\n\n\n<li>Granice zachowane tera\u017aniejsze z 11.10.2023 r.<\/li>\n\n\n\n<li>Brak ci\u0105g\u0142o\u015bci Kr\u00f3lestwa (<em>Corona Regni Poloniae<\/em>) z 2RP, PRL, 3RP<\/li>\n\n\n\n<li>Nie mamy d\u0142ug\u00f3w i nie jeste\u015bmy korporacj\u0105 zarejestrowan\u0105 w USA na gie\u0142dzie Nowojorskiej<\/li>\n\n\n\n<li>Nie mamy um\u00f3w<\/li>\n\n\n\n<li>Nie nale\u017cymy do ONZ<\/li>\n\n\n\n<li>Nie nale\u017cymy do WHO<\/li>\n\n\n\n<li>Nie nale\u017cymy do NATO<\/li>\n\n\n\n<li>Konkordat \u2013 umowa mi\u0119dzynarodowa zawierana mi\u0119dzy pa\u0144stwem a Stolic\u0105 Apostolsk\u0105. Nie podpisujemy umowy.<\/li>\n\n\n\n<li>Nie nale\u017cymy do Unii Europejskiej<\/li>\n\n\n\n<li>Jeste\u015bmy szanowanym narodem<\/li>\n\n\n\n<li>Mamy odzyskane terytoria oddane w lenno<\/li>\n\n\n\n<li>Jestem S\u0142owia\u0144skim Kr\u00f3lem &#8222;Wielkiej Lechii&#8221;<br>Moja Rzeczpospolita Polska W skr\u00f3cie: Topol<\/li>\n<\/ol>\n\n\n\n<p><br>Wys\u0142a\u0142em list do <\/p>\n\n\n\n<p>II Rzeczpospolita Polska<\/p>\n\n\n\n<p>Prezydent  Jan Zbigniew Potocki<\/p>\n\n\n\n<figure class=\"wp-block-image size-full\"><img loading=\"lazy\" decoding=\"async\" width=\"789\" height=\"607\" src=\"https:\/\/topol.org.pl\/wp-content\/uploads\/2023\/10\/List-do-kancelarii-Prezydenta-2RP-miniatura-1.jpg\" alt=\"\" class=\"wp-image-304\" srcset=\"https:\/\/topol.org.pl\/wp-content\/uploads\/2023\/10\/List-do-kancelarii-Prezydenta-2RP-miniatura-1.jpg 789w, https:\/\/topol.org.pl\/wp-content\/uploads\/2023\/10\/List-do-kancelarii-Prezydenta-2RP-miniatura-1-300x231.jpg 300w, https:\/\/topol.org.pl\/wp-content\/uploads\/2023\/10\/List-do-kancelarii-Prezydenta-2RP-miniatura-1-768x591.jpg 768w\" sizes=\"auto, (max-width: 789px) 100vw, 789px\" \/><\/figure>\n\n\n\n<h6 class=\"wp-block-heading\"><a href=\"https:\/\/pl.wikipedia.org\/wiki\/Rada_Regencyjna\">Rada Regencyjna 2RP<\/a><\/h6>\n\n\n\n<p><strong>Rada Regencyjna Kr\u00f3lestwa Polskiego<\/strong> \u2013 organ w\u0142adzy zwierzchniej <a href=\"https:\/\/pl.wikipedia.org\/wiki\/Kr%C3%B3lestwo_Polskie_(1917%E2%80%931918)\">Kr\u00f3lestwa Polskiego<\/a><a href=\"https:\/\/pl.wikipedia.org\/wiki\/Akt_5_listopada\"> aktu 5 listopada<\/a> (1916), zast\u0119puj\u0105cy <a href=\"https:\/\/pl.wikipedia.org\/wiki\/Kr%C3%B3l\">kr\u00f3la<\/a> lub <a href=\"https:\/\/pl.wikipedia.org\/wiki\/Regent\">regenta<\/a>. Rada Regencyjna zosta\u0142a powo\u0142ana reskryptami <a href=\"https:\/\/pl.wikipedia.org\/wiki\/Generalne_Gubernatorstwo_Warszawskie\">niemieckich<\/a> i <a href=\"https:\/\/pl.wikipedia.org\/wiki\/Generalne_Gubernatorstwo_Lubelskie\">austro-w\u0119gierskich<\/a> w\u0142adz okupacyjnych, na podstawie nadanego przez te w\u0142adze patentu w sprawie w\u0142adzy pa\u0144stwowej w Kr\u00f3lestwie Polskim z 12 wrze\u015bnia 1917 roku<sup><a href=\"https:\/\/pl.wikipedia.org\/wiki\/Rada_Regencyjna#cite_note-2\">[1]<\/a><\/sup>. Obj\u0119\u0142a urz\u0105d 27 pa\u017adziernika 1917 roku \u0179r\u00f3d\u0142o: Wikipedia<\/p>\n\n\n\n<p>Dobrze odzyska\u0107 w\u0142adz\u0119 samodzielnie bez udzia\u0142u okupant\u00f3w . Dlatego prawid\u0142owa droga jest zawarta w Fundacji <\/p>\n\n\n\n<p><a href=\"https:\/\/topol.org.pl\/?page_id=229\">Moja Rzeczpospolita Polska W skr\u00f3cie: Topol<\/a><\/p>\n\n\n\n<p><a href=\"https:\/\/www.depot.ceon.pl\/bitstream\/handle\/123456789\/9898\/Juliusz_Sokolnicki_-_ofiara_damnatio_mem.pdf?sequence=1&amp;isAllowed=y\">DAMNATIO MEMORIAE<br>POT\u0118PIENIE PAMI\u0118CI<br>Juliusz Nowina Sokolnicki<\/a><\/p>\n\n\n\n<h6 class=\"wp-block-heading\"><a href=\"https:\/\/rumble.com\/v3b58o3-nie-ma-potwierdzenia-e-wagner-nie-yje.-na-pewno-jednak-wejd-do-polski.html\">Niema potwierdzenia, \u017ce Wagner nie \u017cyje. Na pewno jednak wejd\u0105 do Polski.<\/a><\/h6>\n\n\n\n<h6 class=\"wp-block-heading\">14.00 do 14.20 minuta<\/h6>\n\n\n\n<figure class=\"wp-block-image size-large\"><img loading=\"lazy\" decoding=\"async\" width=\"1024\" height=\"576\" src=\"https:\/\/topol.org.pl\/wp-content\/uploads\/2023\/12\/TENCZO1-1024x576.jpg\" alt=\"\" class=\"wp-image-1169\" srcset=\"https:\/\/topol.org.pl\/wp-content\/uploads\/2023\/12\/TENCZO1-1024x576.jpg 1024w, https:\/\/topol.org.pl\/wp-content\/uploads\/2023\/12\/TENCZO1-300x169.jpg 300w, https:\/\/topol.org.pl\/wp-content\/uploads\/2023\/12\/TENCZO1-768x432.jpg 768w, https:\/\/topol.org.pl\/wp-content\/uploads\/2023\/12\/TENCZO1-1536x864.jpg 1536w, https:\/\/topol.org.pl\/wp-content\/uploads\/2023\/12\/TENCZO1.jpg 1920w\" sizes=\"auto, (max-width: 1024px) 100vw, 1024px\" \/><\/figure>\n\n\n\n<p><a href=\"https:\/\/www.msn.com\/pl-pl\/wiadomosci\/polska\/polski-genera%C5%82-zgin%C4%85%C5%82-w-bieszczadach-dziura-w-plecach-do-dzisiaj-budzi-w%C4%85tpliwo%C5%9Bci\/ar-BB1kGDE7?ocid=winp1taskbar&amp;cvid=73b98bc4acd84be1a9fcb5adfbbf6f96&amp;ei=16\">Polski genera\u0142 zgin\u0105\u0142 w Bieszczadach. Dziura w plecach do dzisiaj budzi w\u0105tpliwo\u015bci<\/a><\/p>\n\n\n\n<p>Autor: Kuba Czernikiewicz<\/p>\n\n\n\n<p>Jak naprawd\u0119 zgin\u0105\u0142 genera\u0142 Karol \u015awierczewski? \u015amier\u0107 &#8222;Waltera&#8221; w Bieszczadach, i on sam, obros\u0142y licznymi mitami. Wychowany za wschodni\u0105 granic\u0105 wojskowy, nie mia\u0142 skrupu\u0142\u00f3w, by najecha\u0107 na sw\u00f3j rodzinny kraj, a sama \u015bmier\u0107 by\u0142a splotem wielu niedoci\u0105gni\u0119\u0107 ze strony wojska PRL-u.<\/p>\n\n\n\n<p>Istniej\u0105 teorie sugeruj\u0105ce, \u017ce jego \u015bmier\u0107 mog\u0142a by\u0107 spowodowana przez konflikty wewn\u0119trzne w PRL lub dzia\u0142ania sowieckich s\u0142u\u017cb specjalnych<br>Gen. Karol \u015awierczewski, znany jako Walter, mia\u0142 burzliwe \u017cycie, od s\u0142u\u017cby w armii sowieckiej po udzia\u0142 w hiszpa\u0144skiej wojnie domowej<br>Zgin\u0105\u0142 28 marca 1947 r. we wsi Jab\u0142onki w Bieszczadach, oficjalnie zaatakowany przez oddzia\u0142y Ukrai\u0144skiej Powsta\u0144czej Armii (UPA)<br>Wi\u0119cej podobnych wiadomo\u015bci znajdziesz na stronie g\u0142\u00f3wnej Onetu<br>\u015awierczewski, urodzony w Warszawie pod koniec XIX w., zosta\u0142 rzucony na wsch\u00f3d przez chaos I wojny \u015bwiatowej. Po rewolucji bolszewickiej pacyfikowa\u0142 Ukrai\u0144c\u00f3w, przyby\u0142 nawet do Polski z armi\u0105 Tuchaczewskiego, ale opu\u015bci\u0142 j\u0105 pokonany i ranny. Podj\u0105\u0142 studia w Moskwie i do\u0142\u0105czy\u0142 do sowieckiego ju\u017c wywiadu.<\/p>\n\n\n\n<p>Zgodnie z idea\u0142ami komunistycznej mi\u0119dzynarod\u00f3wki, pojecha\u0142 ich broni\u0107 w hiszpa\u0144skiej wojnie domowej (1936-1939). Wraz z ochotnikami z r\u00f3\u017cnych kraj\u00f3w wst\u0105pi\u0142 do Mi\u0119dzynarodowych Brygad, walcz\u0105c przeciwko si\u0142om genera\u0142a Franco. To tam mia\u0142 pozna\u0107 noblist\u0119 Ernesta Hemingwaya, a ten z kolei umie\u015bci\u0107 go w &#8222;Komu bije dzwon&#8221; jako genera\u0142a Golza.<br>Onet Wiadomo\u015bci<br>AK W PRL<br>&#8222;Jestem komunist\u0105!&#8221;<br>&#8222;Nie jestem bolszewikiem ani stalinowcem. Jestem komunist\u0105!&#8221; \u2014 podkre\u015bla\u0142.<\/p>\n\n\n\n<p>Jego droga \u017cycia zako\u0144czy\u0142a si\u0119 jednak w Polsce. 28 marca 1947 r., o godzinie 23.10, Polskie Radio przekaza\u0142o informacj\u0119 o tragicznej \u015bmierci genera\u0142a. Zgon wiceministra obrony narodowej, wa\u017cnego cz\u0142onka PPR i pos\u0142a do Sejmu Ustawodawczego, wstrz\u0105sn\u0105\u0142 krajem.<br>Poleg\u0142 na posterunku \u2014 donosi\u0142o &#8222;\u017bycie Warszawy&#8221;<br>Poleg\u0142 na posterunku \u2014 donosi\u0142o &#8222;\u017bycie Warszawy&#8221;<\/p>\n\n\n\n<p>Ju\u017c wtedy ruszy\u0142a lawina spekulacji, co naprawd\u0119 sta\u0142o si\u0119 w Jab\u0142onkach. Aby j\u0105 uciszy\u0107, Ministerstwo Obrony Narodowej ju\u017c 30 marca wyda\u0142o komunikat, w kt\u00f3rym oskar\u017cono Ukrai\u0144sk\u0105 Powsta\u0144cz\u0105 Armi\u0119, a konkretnie sotnie &#8222;Chrina&#8221; i &#8222;Stacha&#8221;, o zorganizowanie zasadzki.<\/p>\n\n\n\n<p>Gen. \u015awierczewski 27 marca dotar\u0142 do Sanoka, co wywo\u0142a\u0142o ogromne poruszenie w\u015br\u00f3d oficer\u00f3w. Pp\u0142k Jan Gerhard, dow\u00f3dca 34. pu\u0142ku piechoty, natychmiast przekaza\u0142 t\u0119 informacj\u0119 kpt. Henrykowi Karczewskiemu, kt\u00f3ry przebywa\u0142 w Baligrodzie. Nast\u0119pnego dnia genera\u0142 odwiedzi\u0142 Lesko, a potem wyruszy\u0142 do Baligrodu i le\u017c\u0105cej w sercu Bieszczad\u00f3w Cisnej. Decyzja ta zaskoczy\u0142a wielu oficer\u00f3w, kt\u00f3rzy pr\u00f3bowali go odwie\u015b\u0107 od podr\u00f3\u017cy.<\/p>\n\n\n\n<p>Rosjanie trafili w &#8222;oko&#8221; Ukrainy. To kluczowa arteria tej wojny<br>Zacz\u0119\u0142o si\u0119 od awarii<br>Po wyje\u017adzie konwoju z Baligrodu jeden z samochod\u00f3w ochrony uleg\u0142 awarii, pozostawiaj\u0105c dwa wozy. Pierwszy z nich, otwarty dodge z genera\u0142ami, jecha\u0142 na czele, a drugi, ci\u0119\u017carowy zis, eskortowa\u0142 reszt\u0119 grupy. Razem by\u0142o 33 uzbrojonych ludzi, wyposa\u017conych w automaty i karabiny. Gdy przemieszczali si\u0119 ok. 6 km na po\u0142udnie od Baligrodu, w okolicy miejscowo\u015bci Jab\u0142onki, wpadli w zasadzk\u0119.<\/p>\n\n\n\n<p>Pomimo pierwszych strza\u0142\u00f3w, samochody kontynuowa\u0142y jazd\u0119 jeszcze kilkaset metr\u00f3w, Wed\u0142ug raportu opisuj\u0105cego walk\u0119, sporz\u0105dzonego dla Sztabu Generalnego przez p\u0142k. Micha\u0142a Przo\u0144skiego i pp\u0142k. Wac\u0142awa Kossowskiego, wszyscy rozproszyli si\u0119 w terenie i ruszyli w kierunku stanowisk wroga. Banda rozpocz\u0119\u0142a obch\u00f3d lewego skrzyd\u0142a obro\u0144c\u00f3w, co zmusi\u0142o gen. \u015awierczewskiego do zmiany taktyki.<\/p>\n\n\n\n<p>Genera\u0142 da\u0142 rozkaz zaj\u0119cia obrony wzd\u0142u\u017c strumyka po lewej stronie drogi, co by\u0142o jedynym mo\u017cliwym wyj\u015bciem, by unikn\u0105\u0107 okr\u0105\u017cenia. Podczas przechodzenia przez otwarte pole, \u015awierczewski zosta\u0142 ranny dwukrotnie. Pierwszy strza\u0142 zrani\u0142 go lekko, a drugi, \u015bmiertelny, trafi\u0142 go w plecy pod lew\u0105 \u0142opatk\u0105. Ogl\u0119dziny cia\u0142a przeprowadzone w Warszawie potwierdzi\u0142y, \u017ce strza\u0142 \u015bmiertelny pad\u0142 z broni d\u0142ugiej.<\/p>\n\n\n\n<p>PRL chcia\u0142 by\u0107 bardziej &#8222;polski&#8221;. Jednej nocy zmieniono ponad 100 nazw<br>Tajemniczy trzeci raport<br>W 1970 r. utworzono trzeci\u0105 specjaln\u0105 komisj\u0119, maj\u0105c\u0105 zbada\u0107 okoliczno\u015bci \u015bmierci genera\u0142a \u015awierczewskiego. Dwie poprzednie zosta\u0142y powo\u0142ane natychmiast po zamachu. Ta trzecia nie zd\u0105\u017cy\u0142a przedstawi\u0107 swoich ustale\u0144 Biuru Politycznemu KC PZPR. Dlaczego? Poniewa\u017c jeden z jej cz\u0142onk\u00f3w, p\u0142k Jan Gerhard, kt\u00f3ry by\u0142 zarazem \u015bwiadkiem zab\u00f3jstwa genera\u0142a, zosta\u0142 zamordowany. Co wi\u0119cej, raport dotycz\u0105cy zamachu, przechowywany w sejfie szefa komisji, wiceministra Mariana Naszkowskiego, zagin\u0105\u0142 w zastanawiaj\u0105cych okoliczno\u015bciach. Te wydarzenia tylko dodatkowo pog\u0142\u0119bi\u0142y tajemnic\u0119 wok\u00f3\u0142 \u015bmierci gen. \u015awierczewskiego i wzbudzi\u0142y wiele spekulacji oraz podejrze\u0144.<\/p>\n\n\n\n<p>Jednak niekt\u00f3re teorie sugeruj\u0105, \u017ce \u015bmier\u0107 genera\u0142a by\u0142a wynikiem wewn\u0119trznego konfliktu w PRL, wskazuj\u0105c na mo\u017cliwo\u015b\u0107 udzia\u0142u Urz\u0119du Bezpiecze\u0144stwa lub frakcji w rz\u0105dz\u0105cej partii. \u015awierczewski, jako wp\u0142ywowa posta\u0107, m\u00f3g\u0142 stanowi\u0107 zagro\u017cenie dla pewnych grup interes\u00f3w. Inne teorie id\u0105 jeszcze dalej, sugeruj\u0105c, \u017ce \u015bmier\u0107 genera\u0142a by\u0142a wynikiem dzia\u0142a\u0144 sowieckich s\u0142u\u017cb specjalnych, kt\u00f3re widzia\u0142y w nim zagro\u017cenie dla swoich plan\u00f3w.<\/p>\n\n\n\n<p>\u015amier\u0107 Stalina. Boles\u0142aw Bierut pope\u0142ni\u0142 wielki b\u0142\u0105d [FRAGMENT KSI\u0104\u017bKI]<br>Po \u015bmierci \u015awierczewskiego &#8222;dymi\u0142y krzaki&#8221;<br>Temat \u015bwietnie wpisywa\u0142 si\u0119 w poetyk\u0119 socrealizmu, kt\u00f3ra mia\u0142a na celu wychwalanie bohater\u00f3w nowego ustroju. &#8222;Dymi\u0142o pobliskie wzg\u00f3rze. Dymi\u0142y przydro\u017cne krzaki. Na generalskim mundurze. Zakwit\u0142y maki&#8221; \u2014 pisa\u0142 patetycznie komunista Leopold Lewin. Zakwit\u0142 na pewno kult \u015awierczewskiego \u2014 wzniesiono gigantyczny pomnik, <strong>nawet szczyt g\u00f3rski<\/strong> tu\u017c za nim nazwano &#8222;Walter&#8221;. \u0141ysy genera\u0142 trafi\u0142 na zielony banknot 50 z\u0142, a organizacja harcerska nazwa\u0142a si\u0119 Walterowcami.<\/p>\n\n\n\n<p>Pomnik zburzono w 2018 r., denominacj\u0119 przeprowadzono ju\u017c 6 lat po upadku komuny.<\/p>\n\n\n\n<p>R\u00f3wny miesi\u0105c po \u015bmierci \u015awierczewskiego Polska rozpoczyna akcj\u0119 &#8222;Wis\u0142a&#8221; \u2014 w Bieszczady wchodzi wojsko i rozpoczyna regularn\u0105 wojn\u0119 z partyzantk\u0105 ukrai\u0144sk\u0105. <strong>Lepszego symbolu i pretekstu ni\u017c \u015bmier\u0107 genera\u0142a, w\u0142adza PRL wyobrazi\u0107 sobie nie mog\u0142a<\/strong>.<\/p>\n\n\n\n<p><a href=\"https:\/\/www.youtube.com\/watch?v=jaZy-JdzT-I\">Dmowski &#8211; autor pomys\u0142u na II RP<\/a><\/p>\n\n\n\n<p><a href=\"https:\/\/www.youtube.com\/watch?v=xXR3R5fLo6Q\">5 godzin s\u0142ownej walki o Polsk\u0119. Mistrzowskie przem\u00f3wienie Romana Dmowskiego w Pary\u017cu<\/a><\/p>\n\n\n\n<p><a href=\"https:\/\/www.youtube.com\/watch?v=dzP2G-wltes\">Salonowa dyplomacja Dmowskiego i Paderewskiego<\/a><\/p>\n\n\n\n<p><a href=\"https:\/\/www.youtube.com\/watch?v=X17a8T3pSpY\">Ignacy Paderewski o prawie Polak\u00f3w do posiadania niepodleg\u0142ego pa\u0144stwa<\/a><\/p>\n\n\n\n<p><a href=\"https:\/\/www.youtube.com\/watch?v=aPQXarIUZOA\">Koncert Ignacego Paderewskiego<\/a><\/p>\n\n\n\n<p><a href=\"https:\/\/www.youtube.com\/watch?v=PBH76rM6830\">J\u00f3zef Pi\u0142sudski i jego polityka mi\u0119dzynarodowa. Plan polskiej ofensywy na Moskw\u0119<\/a><\/p>\n\n\n\n<p><a href=\"https:\/\/www.youtube.com\/watch?v=Ycxj4PCKupg\">Socjali\u015bci i narodowcy. Odpowied\u017a Polak\u00f3w na carsk\u0105 dominacj\u0119 w Kr\u00f3lestwie Polskim<\/a><\/p>\n\n\n\n<p><a href=\"https:\/\/www.youtube.com\/watch?v=RA9rrtyawOE\">Rozbi\u00f3r Polski dokonany przez Polak\u00f3w<\/a><\/p>\n\n\n\n<p><a href=\"https:\/\/www.youtube.com\/watch?v=gjEfmzN8An4\">Rosyjski plan na Polsk\u0119<\/a><\/p>\n\n\n\n<p><a href=\"https:\/\/www.youtube.com\/watch?v=RA9rrtyawOE&amp;t=15s\">Rozbi\u00f3r Polski dokonany przez Polak\u00f3w<\/a><\/p>\n\n\n\n<p><a href=\"https:\/\/cbmn.pl\/uploads\/ebooks\/Roman%20Dmowski%20-%20My%C5%9Bli%20nowoczesnego%20Polaka.pdf\">My\u015bli nowoczesnego Polaka<\/a>. Roman Dmowski<\/p>\n\n\n\n<p><a href=\"https:\/\/cbmn.pl\/uploads\/ebooks\/Roman%20Dmowski%20-%20Polityka%20polska%20i%20odbudowanie%20pa%C5%84stwa.pdf\">Polityka polska i odbudowanie pa\u0144stwa<\/a>. Roman Dmowski<\/p>\n\n\n\n<p>Verte &gt;<a href=\"https:\/\/topol.org.pl\/?page_id=6187\">Fundacja Narodowe Si\u0142y Samoobrony \u201eGrot\u201d<\/a><\/p>\n","protected":false},"excerpt":{"rendered":"<p>Pa\u0144stwo kt\u00f3re nadal trwa Suweren 2RP informacje Ustawa Konstytucyjna z dnia 23 kwietnia 1935 r.Dz.U. 1935 nr 30 poz. 227 To skomplikowane rozwi\u0105zanie Co zyskujemy Wys\u0142a\u0142em list do II Rzeczpospolita Polska Prezydent Jan Zbigniew Potocki Rada Regencyjna 2RP Rada Regencyjna Kr\u00f3lestwa Polskiego \u2013 organ w\u0142adzy zwierzchniej Kr\u00f3lestwa Polskiego aktu 5 listopada (1916), zast\u0119puj\u0105cy kr\u00f3la lub [&hellip;]<\/p>\n","protected":false},"author":1,"featured_media":0,"parent":0,"menu_order":6,"comment_status":"closed","ping_status":"closed","template":"","meta":{"footnotes":""},"class_list":["post-149","page","type-page","status-publish","hentry"],"_links":{"self":[{"href":"https:\/\/topol.org.pl\/index.php?rest_route=\/wp\/v2\/pages\/149","targetHints":{"allow":["GET"]}}],"collection":[{"href":"https:\/\/topol.org.pl\/index.php?rest_route=\/wp\/v2\/pages"}],"about":[{"href":"https:\/\/topol.org.pl\/index.php?rest_route=\/wp\/v2\/types\/page"}],"author":[{"embeddable":true,"href":"https:\/\/topol.org.pl\/index.php?rest_route=\/wp\/v2\/users\/1"}],"replies":[{"embeddable":true,"href":"https:\/\/topol.org.pl\/index.php?rest_route=%2Fwp%2Fv2%2Fcomments&post=149"}],"version-history":[{"count":66,"href":"https:\/\/topol.org.pl\/index.php?rest_route=\/wp\/v2\/pages\/149\/revisions"}],"predecessor-version":[{"id":13957,"href":"https:\/\/topol.org.pl\/index.php?rest_route=\/wp\/v2\/pages\/149\/revisions\/13957"}],"wp:attachment":[{"href":"https:\/\/topol.org.pl\/index.php?rest_route=%2Fwp%2Fv2%2Fmedia&parent=149"}],"curies":[{"name":"wp","href":"https:\/\/api.w.org\/{rel}","templated":true}]}}