{"id":179,"date":"2023-10-27T15:42:40","date_gmt":"2023-10-27T13:42:40","guid":{"rendered":"https:\/\/topol.org.pl\/?page_id=179"},"modified":"2026-01-09T10:07:46","modified_gmt":"2026-01-09T09:07:46","slug":"rada-stanu","status":"publish","type":"page","link":"https:\/\/topol.org.pl\/?page_id=179","title":{"rendered":"Kr\u00f3lestwo Polskie       Rada Stanu"},"content":{"rendered":"\n<h6 class=\"wp-block-heading\">Przejd\u017a do <a href=\"https:\/\/topol.org.pl\/wp-admin\/\">swojego kokpitu<\/a><\/h6>\n\n\n\n<h2 class=\"wp-block-heading\">Sk\u0142ad Rady Stanu<\/h2>\n\n\n\n<p>\u201eDux Poloniae\u201d wyznacza do sk\u0142adu Rady Stanu przedstawicieli Rz\u0105du sprawuj\u0105cego w\u0142adz\u0119 w dniu 11.11.2023 r.<\/p>\n\n\n\n<p>\u201eDux Poloniae\u201d wyznacza do sk\u0142adu Rady Stanu przedstawicieli Rz\u0105du sprawuj\u0105cego w\u0142adz\u0119 w dniu 28.11.2023 r.<\/p>\n\n\n\n<p><strong>W dniu 01.09.2024 r<\/strong>. \u201eDux Poloniae\u201d wyznaczy do sk\u0142adu Rady Stanu przedstawicieli godnych zaufania realizuj\u0105cych moj\u0105 polityk\u0119.<\/p>\n\n\n\n<p> Wyznaczam Rzecznika Prasowego. W pi\u0105tek b\u0119d\u0119 w Warszawie. W sobot\u0119 11.11.2023 na Marszu Niepodleg\u0142o\u015bci. O godzinie 18.00 b\u0119d\u0119 w Parafii Opatrzno\u015bci Bo\u017cej. <a href=\"https:\/\/dorzeczy.pl\/religia\/487911\/plomien-wolnosci-ze-swiatyni-opatrznosci-bozej-zjednoczy-wszystkich-polakow.html\">P\u0142omie\u0144 wolno\u015bci ze \u015awi\u0105tyni Opatrzno\u015bci Bo\u017cej zjednoczy wszystkich Polak\u00f3w.<\/a><\/p>\n\n\n\n<p>Verte ><a href=\"https:\/\/topol.org.pl\/?page_id=6187\">Fundacja Narodowe Si\u0142y Samoobrony \u201eGrot\u201d<\/a><\/p>\n\n\n\n<p><\/p>\n","protected":false},"excerpt":{"rendered":"<p>Przejd\u017a do swojego kokpitu Sk\u0142ad Rady Stanu \u201eDux Poloniae\u201d wyznacza do sk\u0142adu Rady Stanu przedstawicieli Rz\u0105du sprawuj\u0105cego w\u0142adz\u0119 w dniu 11.11.2023 r. \u201eDux Poloniae\u201d wyznacza do sk\u0142adu Rady Stanu przedstawicieli Rz\u0105du sprawuj\u0105cego w\u0142adz\u0119 w dniu 28.11.2023 r. W dniu 01.09.2024 r. \u201eDux Poloniae\u201d wyznaczy do sk\u0142adu Rady Stanu przedstawicieli godnych zaufania realizuj\u0105cych moj\u0105 polityk\u0119. Wyznaczam [&hellip;]<\/p>\n","protected":false},"author":1,"featured_media":0,"parent":0,"menu_order":11,"comment_status":"closed","ping_status":"closed","template":"","meta":{"footnotes":""},"class_list":["post-179","page","type-page","status-publish","hentry"],"_links":{"self":[{"href":"https:\/\/topol.org.pl\/index.php?rest_route=\/wp\/v2\/pages\/179","targetHints":{"allow":["GET"]}}],"collection":[{"href":"https:\/\/topol.org.pl\/index.php?rest_route=\/wp\/v2\/pages"}],"about":[{"href":"https:\/\/topol.org.pl\/index.php?rest_route=\/wp\/v2\/types\/page"}],"author":[{"embeddable":true,"href":"https:\/\/topol.org.pl\/index.php?rest_route=\/wp\/v2\/users\/1"}],"replies":[{"embeddable":true,"href":"https:\/\/topol.org.pl\/index.php?rest_route=%2Fwp%2Fv2%2Fcomments&post=179"}],"version-history":[{"count":24,"href":"https:\/\/topol.org.pl\/index.php?rest_route=\/wp\/v2\/pages\/179\/revisions"}],"predecessor-version":[{"id":6206,"href":"https:\/\/topol.org.pl\/index.php?rest_route=\/wp\/v2\/pages\/179\/revisions\/6206"}],"wp:attachment":[{"href":"https:\/\/topol.org.pl\/index.php?rest_route=%2Fwp%2Fv2%2Fmedia&parent=179"}],"curies":[{"name":"wp","href":"https:\/\/api.w.org\/{rel}","templated":true}]}}