{"id":2351,"date":"2024-04-04T08:02:07","date_gmt":"2024-04-04T06:02:07","guid":{"rendered":"https:\/\/topol.org.pl\/?page_id=2351"},"modified":"2026-01-09T10:09:55","modified_gmt":"2026-01-09T09:09:55","slug":"rozbijanie-rzeczypospolitej","status":"publish","type":"page","link":"https:\/\/topol.org.pl\/?page_id=2351","title":{"rendered":"Rozbijanie Rzeczypospolitej"},"content":{"rendered":"\n<p>4.04.2024 8.02 <a href=\"https:\/\/dorzeczy.pl\/kraj\/568776\/wyrok-etpc-fikcja-panstwowosci.html?utm_source=GAMAP&amp;utm_medium=rectangleTYG&amp;utm_campaign=rectangleTYG_0104_14\">Rozbijanie Rzeczypospolitej wyrokiem Europejskiego Trybuna\u0142u Praw Cz\u0142owieka<\/a><\/p>\n\n\n\n<p>4.04.2024 8.10 <a href=\"https:\/\/dorzeczy.pl\/plus\/568728\/unijczycy-chca-armii.html\">Wsp\u00f3lne si\u0142y zbrojne<\/a><\/p>\n\n\n\n<p>4.04.2024 8.20 <a href=\"https:\/\/dorzeczy.pl\/opinie\/570066\/rzecznik-praw-obywatelskich-prawo-do-aborcji-nie-jest-prawem-czlowieka.html\">&#8222;Nie jest prawem cz\u0142owieka&#8221;<\/a><\/p>\n\n\n\n<p>4.04.2024 16.00 <a href=\"https:\/\/dorzeczy.pl\/opinie\/570309\/mularczyk-zydzi-traktuja-polakow-jako-kraj-narod-ktory-jest-im-cos-winny.html\">W interesie Niemc\u00f3w i \u017byd\u00f3w jest obci\u0105\u017cenie Polak\u00f3w za skutki II wojny \u015bwiatowej.<\/a><\/p>\n\n\n\n<p><a href=\"https:\/\/dorzeczy.pl\/opinie\/545904\/koszalek-o-goralenvolku-glinski-wiedzial-kogo-popieram.html\">Ta&nbsp;nagonka jest po&nbsp;to<\/a>, \u017ceby nam zabra\u0107 Polsk\u0119 i&nbsp;zrobi\u0107 z&nbsp;nas nazist\u00f3w. Nawet ci co&nbsp;tak gin\u0119li w&nbsp;obozach s\u0105 przeciw Polakom. Oprawcy dogadali si\u0119 z&nbsp;ofiarami. <a href=\"https:\/\/dorzeczy.pl\/opinie\/545136\/lisicki-przyjemnosc-plucia-w-twarz.html\">Ofiary<\/a> zajm\u0105 nasz\u0105 Polsk\u0119, kt\u00f3r\u0105 nazywaj\u0105 jako\u015b inaczej chyba PO-LIN. A&nbsp;my <a href=\"https:\/\/www.youtube.com\/watch?v=Cv9NHi3u0wQ\">b\u0119dziemy pot\u0119piani przez Niemc\u00f3w<\/a>.<\/p>\n\n\n\n<p><a href=\"https:\/\/www.youtube.com\/watch?v=YlqtJk570LI\">Dlaczego ten film jest firmowany przez Ministra Kultury i&nbsp;Dziedzictwa Narodowego<\/a>.<\/p>\n\n\n\n<p>4.03.2024 16.09 Zacieranie <a href=\"https:\/\/dorzeczy.pl\/kraj\/569925\/kolejne-zmiany-w-szkolach-wejda-w-zycie-juz-od-wrzesnia.html\">Historii i&nbsp;Tera\u017aniejszo\u015bci<\/a><\/p>\n\n\n\n<p><a href=\"https:\/\/www.youtube.com\/watch?v=dQsDEKZk3Tg\">Likwidacja pomnik\u00f3w i ulic<\/a>, mo\u017ce kontrowersyjnych ale podkre\u015blaj\u0105cych histori\u0119 i tera\u017aniejszo\u015b\u0107 powojenn\u0105. Dyskusja o wyburzeniu Pa\u0142acu Kultury i Nauki. Ci co byli w PRL urz\u0119dnikami, wojskowymi, s\u0119dziami s\u0105 zaciek\u0142ymi wrogami poprzedniego systemu. \u017by\u0142em na uboczu nie nale\u017ca\u0142em nawet do harcerstwa. Pa\u0142ac Kultury i Nauki mnie si\u0119 podoba, sp\u0119dzi\u0142em w jego otoczeniu dzieci\u0144stwo.<\/p>\n\n\n\n<p>Zmiana nazwy Kaliningrad na Kr\u00f3lewiec. Czemu ma to s\u0142u\u017cy\u0107. Tam teraz mieszkaj\u0105 Rosjanie. <\/p>\n\n\n\n<p><a href=\"https:\/\/dorzeczy.pl\/opinie\/569865\/minister-edukacji-mozna-sie-obrazac-ale-taki-jest-swiat.html\" data-type=\"page\" data-id=\"2351\">Czy&nbsp;mamy uczy\u0107 dzieci na&nbsp;pami\u0119\u0107 dop\u0142yw\u00f3w Odry?<\/a><\/p>\n\n\n\n<p><a href=\"https:\/\/www.youtube.com\/watch?v=jaZy-JdzT-I\">Dmowski &#8211; autor pomys\u0142u na Rzeczpospolit\u0105<\/a>. Mamy jeden zwarty nar\u00f3d. Nar\u00f3d nie interesuje si\u0119 co z nim robi\u0105 rz\u0105dz\u0105cy. Nar\u00f3d nie jest jednolity, m\u00f3wi\u0105 po polsku ale dzia\u0142aj\u0105 jak trolle. Ka\u017cdy szuka korzy\u015bci, nie bacz\u0105c na pa\u0144stwo. Te wszystkie traktaty unijne. S\u0105 za likwidacj\u0105 pa\u0144stwowo\u015bci. Dlatego musimy wyj\u015b\u0107 z unii europejskiej. Odno\u015bnie sytuacji geopolitycznej w naszym rejonie. Bia\u0142oru\u015b ma 60000 armi\u0119. Ale mo\u017ce ka\u017cdy atak zniwelowa\u0107 taktyczn\u0105 broni\u0105 j\u0105drow\u0105. Do czego w razie ataku ma prawo. Wojna sprawiedliwa ich upowa\u017cnia. To teren Polski z przed wiek\u00f3w i po pierwszej wojnie \u015bwiatowej <a href=\"https:\/\/dorzeczy.pl\/opinie\/561276\/putin-jezeli-polacy-wejda-na-ukraine-to-juz-z-niej-nie-wyjda.html\">okres mi\u0119dzywojenny<\/a>. To nasi kr\u00f3lewscy bracia krwi. Musimy z nimi wsp\u00f3\u0142pracowa\u0107. To samo Ukraina. Niby &#8222;przyjaciele&#8221; ale mog\u0105 nas spacyfikowa\u0107. Oddali\u015bmy im nasze uzbrojenie. To oddzielne narody chcemy \u017cy\u0107 w przyja\u017ani ale ka\u017cdy musi mie\u0107 swoje pa\u0144stwo. Jak zaczniemy pomaga\u0107 w wojnie Ukrainie jako <a href=\"https:\/\/i.pl\/polska-odpowiedzialna-za-obrone-europy-razem-z-niemcami-i-francja\/ar\/c1-18431631\">Tr\u00f3jk\u0105t Weimarski<\/a> to Niemcy zajm\u0105 ziemie zachodnie do Wis\u0142y i na nich zostan\u0105. A Ukraina zajmie nas od wschodu do Wis\u0142y. Zrealizuj\u0105 plan unii europejskiej w ramach federalizacji. My bezpowrotnie stracimy Niepodleg\u0142o\u015b\u0107. Wtedy jak wejdziemy pomaga\u0107 uzasadnione b\u0119dzie u\u017cycie broni j\u0105drowej. Mo\u017ce wtedy zniknie Pa\u0142ac Kultury i Nauki. Ostatni symbol okupacji Polski przez <a href=\"https:\/\/www.youtube.com\/watch?v=IZ3_v21kTJQ\">Stalina<\/a> po 1945 r. Moi rodzice mieszkaj\u0105 w Warszawie. Dobrze by\u0142o jak Amerykanie pilnowali Niemc\u00f3w od zachodu. Najlepiej jak jeste\u015bmy pa\u0144stwem buforowym.<\/p>\n\n\n\n<p><a href=\"https:\/\/dorzeczy.pl\/kraj\/569835\/gawkowski-zapowiada-strategie-cyfrowa-dla-polski.html\">Cyfrowa Polska. &#8222;Konsultacje po&nbsp;wakacjach&#8221;<\/a><\/p>\n\n\n\n<p>Z kim konsultujecie gruntowne zmiany w naszym \u017cyciu. Ja sobie tego nie \u017cycz\u0119, <a href=\"https:\/\/www.youtube.com\/watch?v=0eGGD7PU2EE\">\u017ceby maszyny zdominowa\u0142y nasze \u017cycie<\/a>{Odno\u015bnie &#8222;Covid-owych manewr\u00f3w&#8221; w nagraniu profesora, mia\u0142y na celu zaszczepienie ca\u0142ej ludzko\u015bci co prawie si\u0119 uda\u0142o. Mo\u017ce w jakim celu odpowie nam technologia AL}(Definicja co jest zatrute a co nie jest, czyli problem cenzury informacji). Nie \u017cycz\u0119 sobie cezury, ka\u017cdy ma sw\u00f3j rozum i mo\u017ce rozezna\u0107 co dobre a co z\u0142e. Nie \u017cycz\u0119 sobie waluty cyfrowej jako podstawowego \u015brodka p\u0142atniczego. Dlaczego robicie z Polski poletko do\u015bwiadczalne. <a href=\"https:\/\/i.pl\/polska-odpowiedzialna-za-obrone-eur\">Poligon odpowiedzialny za obron\u0119 Europy<\/a>. <a href=\"https:\/\/www.msn.com\/pl-pl\/wiadomosci\/polska\/duma-odpowiada-sikorskiemu-tak-rosja-zareagowa%C5%82a-na-plan-misji-nato\/ar-BB1l5cVh?ocid=windirect&amp;cvid=d33103b0c12a4541bd637d0c2dbfe289&amp;ei=30\">Utworzenie misji NATO na Ukrainie mo\u017ce oznacza\u0107 legalizacj\u0119 kolejnych krok\u00f3w.<\/a><\/p>\n\n\n\n<p>Verte ><a href=\"https:\/\/topol.org.pl\/?page_id=6187\">Fundacja Narodowe Si\u0142y Samoobrony \u201eGrot\u201d<\/a><\/p>\n","protected":false},"excerpt":{"rendered":"<p>4.04.2024 8.02 Rozbijanie Rzeczypospolitej wyrokiem Europejskiego Trybuna\u0142u Praw Cz\u0142owieka 4.04.2024 8.10 Wsp\u00f3lne si\u0142y zbrojne 4.04.2024 8.20 &#8222;Nie jest prawem cz\u0142owieka&#8221; 4.04.2024 16.00 W interesie Niemc\u00f3w i \u017byd\u00f3w jest obci\u0105\u017cenie Polak\u00f3w za skutki II wojny \u015bwiatowej. Ta&nbsp;nagonka jest po&nbsp;to, \u017ceby nam zabra\u0107 Polsk\u0119 i&nbsp;zrobi\u0107 z&nbsp;nas nazist\u00f3w. Nawet ci co&nbsp;tak gin\u0119li w&nbsp;obozach s\u0105 przeciw Polakom. Oprawcy dogadali [&hellip;]<\/p>\n","protected":false},"author":1,"featured_media":0,"parent":0,"menu_order":22,"comment_status":"closed","ping_status":"closed","template":"","meta":{"footnotes":""},"class_list":["post-2351","page","type-page","status-publish","hentry"],"_links":{"self":[{"href":"https:\/\/topol.org.pl\/index.php?rest_route=\/wp\/v2\/pages\/2351","targetHints":{"allow":["GET"]}}],"collection":[{"href":"https:\/\/topol.org.pl\/index.php?rest_route=\/wp\/v2\/pages"}],"about":[{"href":"https:\/\/topol.org.pl\/index.php?rest_route=\/wp\/v2\/types\/page"}],"author":[{"embeddable":true,"href":"https:\/\/topol.org.pl\/index.php?rest_route=\/wp\/v2\/users\/1"}],"replies":[{"embeddable":true,"href":"https:\/\/topol.org.pl\/index.php?rest_route=%2Fwp%2Fv2%2Fcomments&post=2351"}],"version-history":[{"count":31,"href":"https:\/\/topol.org.pl\/index.php?rest_route=\/wp\/v2\/pages\/2351\/revisions"}],"predecessor-version":[{"id":6314,"href":"https:\/\/topol.org.pl\/index.php?rest_route=\/wp\/v2\/pages\/2351\/revisions\/6314"}],"wp:attachment":[{"href":"https:\/\/topol.org.pl\/index.php?rest_route=%2Fwp%2Fv2%2Fmedia&parent=2351"}],"curies":[{"name":"wp","href":"https:\/\/api.w.org\/{rel}","templated":true}]}}