{"id":2491,"date":"2024-04-10T20:05:16","date_gmt":"2024-04-10T18:05:16","guid":{"rendered":"https:\/\/topol.org.pl\/?page_id=2491"},"modified":"2026-01-09T10:12:37","modified_gmt":"2026-01-09T09:12:37","slug":"pomnik-ofiar-tragedii-smolenskiej","status":"publish","type":"page","link":"https:\/\/topol.org.pl\/?page_id=2491","title":{"rendered":"Pomnik Ofiar Tragedii Smole\u0144skiej"},"content":{"rendered":"\n<p>10.05.2025 10.27 <a href=\"https:\/\/twitter.com\/i\/broadcasts\/1mnxegVOvgLGX\">10 kwietnia 2010\u00a0r. na\u00a0lotnisku w\u00a0Smole\u0144sku rozbi\u0142 si\u0119 rz\u0105dowy samolot Tu-154M.<\/a>\u00a0Zgin\u0119\u0142o 96 os\u00f3b<\/p>\n\n\n\n<p>10.04.2025 15.14 <a href=\"https:\/\/www.youtube.com\/watch?v=l2qR1w1LhkA\">Obchody 15. rocznicy katastrofy pod Smole\u0144skiem | 10.04<\/a>        \u0179r\u00f3d\u0142o: <a href=\"https:\/\/www.youtube.com\/@onet\">Onet<\/a><br><\/p>\n\n\n\n<p><a href=\"https:\/\/dorzeczy.pl\/kraj\/573111\/kaczynski-zabral-obrazliwy-wieniec-policja-wydala-komunikat.html\">Obchody upami\u0119tnienia rocznicy \u015bmierci 96 Ofiar Tragedii Smole\u0144skiej<\/a>.<\/p>\n\n\n\n<p><a href=\"https:\/\/www.bing.com\/news\/search?q=Pomnik+Ofiar+Tragedii+Smole%c5%84skiej&amp;qpvt=Pomnik+Ofiar+Tragedii+Smole%c5%84skiej&amp;FORM=EWRE\">Pomnik Ofiar Tragedii Smole\u0144skiej<\/a><\/p>\n\n\n\n<p><a href=\"https:\/\/dorzeczy.pl\/opinie\/573150\/katastrofa-smolenska-kaczynski-to-byla-zbrodnia-zaplanowana.html\">Rocznica katastrofy smole\u0144skiej<\/a><\/p>\n\n\n\n<p>Nie mo\u017cna usuwa\u0107 pomnik\u00f3w,  <a href=\"https:\/\/dorzeczy.pl\/kraj\/583578\/pomnik-ofiar-katastrofy-smolenskiej-zostanie-usuniety.html\">demontowa\u0107 miejsc pami\u0119ci<\/a> i dewastowa\u0107 nagrobk\u00f3w. Usuwamy wtedy swoj\u0105 histori\u0119.<\/p>\n\n\n\n<p>16.12.2025 22.03 <a href=\"https:\/\/www.youtube.com\/watch?v=uRvjOQc0rTg\">Mentzen<\/a>: 'Czasem m\u0119\u017cczyzna musi da\u0107 komu\u015b w mord\u0119&#8217; \u2013 o obronie honoru Kaczy\u0144skiego \u0179r\u00f3d\u0142o: (<a href=\"https:\/\/www.youtube.com\/@PodcastowySzlak\">Podcastowy Szlak<\/a>)<\/p>\n\n\n\n<p>Verte &gt;<a href=\"https:\/\/topol.org.pl\/?page_id=6187\">Fundacja Narodowe Si\u0142y Samoobrony \u201eGrot\u201d<\/a><\/p>\n\n\n\n<p><\/p>\n","protected":false},"excerpt":{"rendered":"<p>10.05.2025 10.27 10 kwietnia 2010\u00a0r. na\u00a0lotnisku w\u00a0Smole\u0144sku rozbi\u0142 si\u0119 rz\u0105dowy samolot Tu-154M.\u00a0Zgin\u0119\u0142o 96 os\u00f3b 10.04.2025 15.14 Obchody 15. rocznicy katastrofy pod Smole\u0144skiem | 10.04 \u0179r\u00f3d\u0142o: Onet Obchody upami\u0119tnienia rocznicy \u015bmierci 96 Ofiar Tragedii Smole\u0144skiej. Pomnik Ofiar Tragedii Smole\u0144skiej Rocznica katastrofy smole\u0144skiej Nie mo\u017cna usuwa\u0107 pomnik\u00f3w, demontowa\u0107 miejsc pami\u0119ci i dewastowa\u0107 nagrobk\u00f3w. Usuwamy wtedy swoj\u0105 histori\u0119. [&hellip;]<\/p>\n","protected":false},"author":1,"featured_media":0,"parent":0,"menu_order":43,"comment_status":"closed","ping_status":"closed","template":"","meta":{"footnotes":""},"class_list":["post-2491","page","type-page","status-publish","hentry"],"_links":{"self":[{"href":"https:\/\/topol.org.pl\/index.php?rest_route=\/wp\/v2\/pages\/2491","targetHints":{"allow":["GET"]}}],"collection":[{"href":"https:\/\/topol.org.pl\/index.php?rest_route=\/wp\/v2\/pages"}],"about":[{"href":"https:\/\/topol.org.pl\/index.php?rest_route=\/wp\/v2\/types\/page"}],"author":[{"embeddable":true,"href":"https:\/\/topol.org.pl\/index.php?rest_route=\/wp\/v2\/users\/1"}],"replies":[{"embeddable":true,"href":"https:\/\/topol.org.pl\/index.php?rest_route=%2Fwp%2Fv2%2Fcomments&post=2491"}],"version-history":[{"count":16,"href":"https:\/\/topol.org.pl\/index.php?rest_route=\/wp\/v2\/pages\/2491\/revisions"}],"predecessor-version":[{"id":12089,"href":"https:\/\/topol.org.pl\/index.php?rest_route=\/wp\/v2\/pages\/2491\/revisions\/12089"}],"wp:attachment":[{"href":"https:\/\/topol.org.pl\/index.php?rest_route=%2Fwp%2Fv2%2Fmedia&parent=2491"}],"curies":[{"name":"wp","href":"https:\/\/api.w.org\/{rel}","templated":true}]}}