{"id":2511,"date":"2024-04-11T19:58:23","date_gmt":"2024-04-11T17:58:23","guid":{"rendered":"https:\/\/topol.org.pl\/?page_id=2511"},"modified":"2026-01-09T10:23:08","modified_gmt":"2026-01-09T09:23:08","slug":"system-energetyczny-moze-wkrotce-runac-sztuczna-inteligencja-jest-zbyt-zarloczna","status":"publish","type":"page","link":"https:\/\/topol.org.pl\/?page_id=2511","title":{"rendered":"System energetyczny mo\u017ce wkr\u00f3tce run\u0105\u0107. Sztuczna inteligencja jest zbyt \u017car\u0142oczna"},"content":{"rendered":"\n<p><a href=\"https:\/\/www.msn.com\/pl-pl\/wiadomosci\/nauka-i-technika\/system-energetyczny-mo%C5%BCe-wkr%C3%B3tce-run%C4%85%C4%87-sztuczna-inteligencja-jest-zbyt-%C5%BCar%C5%82oczna\/ar-BB1lskZJ?ocid=msedgntp&amp;pc=U531&amp;cvid=fb99d625bb7c4322a4b37f14f0ae13ec&amp;ei=44\">System energetyczny mo\u017ce wkr\u00f3tce run\u0105\u0107. Sztuczna inteligencja jest zbyt \u017car\u0142oczna<\/a><\/p>\n\n\n\n<p><a href=\"https:\/\/www.pern.pl\/\">pern.pl<\/a><\/p>\n\n\n\n<p><a href=\"https:\/\/rurociagpomorski.pl\/\">rurociagpomorski.pl<\/a><\/p>\n\n\n\n<p>Verte ><a href=\"https:\/\/topol.org.pl\/?page_id=6187\">Fundacja Narodowe Si\u0142y Samoobrony \u201eGrot\u201d<\/a><\/p>\n","protected":false},"excerpt":{"rendered":"<p>System energetyczny mo\u017ce wkr\u00f3tce run\u0105\u0107. Sztuczna inteligencja jest zbyt \u017car\u0142oczna pern.pl rurociagpomorski.pl Verte >Fundacja Narodowe Si\u0142y Samoobrony \u201eGrot\u201d<\/p>\n","protected":false},"author":1,"featured_media":0,"parent":0,"menu_order":105,"comment_status":"closed","ping_status":"closed","template":"","meta":{"footnotes":""},"class_list":["post-2511","page","type-page","status-publish","hentry"],"_links":{"self":[{"href":"https:\/\/topol.org.pl\/index.php?rest_route=\/wp\/v2\/pages\/2511","targetHints":{"allow":["GET"]}}],"collection":[{"href":"https:\/\/topol.org.pl\/index.php?rest_route=\/wp\/v2\/pages"}],"about":[{"href":"https:\/\/topol.org.pl\/index.php?rest_route=\/wp\/v2\/types\/page"}],"author":[{"embeddable":true,"href":"https:\/\/topol.org.pl\/index.php?rest_route=\/wp\/v2\/users\/1"}],"replies":[{"embeddable":true,"href":"https:\/\/topol.org.pl\/index.php?rest_route=%2Fwp%2Fv2%2Fcomments&post=2511"}],"version-history":[{"count":4,"href":"https:\/\/topol.org.pl\/index.php?rest_route=\/wp\/v2\/pages\/2511\/revisions"}],"predecessor-version":[{"id":6359,"href":"https:\/\/topol.org.pl\/index.php?rest_route=\/wp\/v2\/pages\/2511\/revisions\/6359"}],"wp:attachment":[{"href":"https:\/\/topol.org.pl\/index.php?rest_route=%2Fwp%2Fv2%2Fmedia&parent=2511"}],"curies":[{"name":"wp","href":"https:\/\/api.w.org\/{rel}","templated":true}]}}