{"id":2694,"date":"2024-04-19T16:10:33","date_gmt":"2024-04-19T14:10:33","guid":{"rendered":"https:\/\/topol.org.pl\/?page_id=2694"},"modified":"2026-01-09T10:21:20","modified_gmt":"2026-01-09T09:21:20","slug":"cele-zrownowazonego-rozwoju-2030","status":"publish","type":"page","link":"https:\/\/topol.org.pl\/?page_id=2694","title":{"rendered":"Cele Zr\u00f3wnowa\u017conego Rozwoju 2030. Agenda ONZ"},"content":{"rendered":"\n<p>19.04.2024 16.10 <a href=\"https:\/\/pl.wikipedia.org\/wiki\/Cele_Zr%C3%B3wnowa%C5%BConego_Rozwoju_2030\">Cele Zr\u00f3wnowa\u017conego Rozwoju 2030<\/a><\/p>\n\n\n\n<p>26.11.2024 17.04 <a href=\"https:\/\/ungc.org.pl\/\">United Nations Global Compact<\/a> \u0179r\u00f3d\u0142o: <a href=\"https:\/\/ungc.org.pl\/\">(ungc.org.pl)<\/a><\/p>\n\n\n\n<p><strong>United Nations Global Compact (UNGC)&nbsp;<\/strong>jest integraln\u0105 cz\u0119\u015bci\u0105 systemu ONZ\u202fz central\u0105 w Nowym Jorku, dzia\u0142aj\u0105c\u0105 w ponad 160 krajach i zrzeszaj\u0105c\u0105 25 tys. cz\u0142onk\u00f3w.&nbsp;&nbsp;&nbsp;<\/p>\n\n\n\n<p>To najwi\u0119ksza na \u015bwiecie inicjatywa zrzeszaj\u0105ca biznes dzia\u0142aj\u0105cy na rzecz zr\u00f3wnowa\u017conego rozwoju, zainaugurowana przez Sekretarza Generalnego ONZ w 2000 r.\u00a0<\/p>\n\n\n\n<p><a href=\"https:\/\/ungc.org.pl\/korzysci\/\">Korzy\u015bci z cz\u0142onkostwa w UN Global Compact<\/a><\/p>\n\n\n\n<figure class=\"wp-block-image size-full\"><a href=\"https:\/\/ungc.org.pl\/\"><img loading=\"lazy\" decoding=\"async\" width=\"704\" height=\"336\" src=\"https:\/\/topol.org.pl\/wp-content\/uploads\/2024\/11\/Globalny-ruch-zrownowazonych-firm-i-interesariuszy.jpg\" alt=\"\" class=\"wp-image-7342\" srcset=\"https:\/\/topol.org.pl\/wp-content\/uploads\/2024\/11\/Globalny-ruch-zrownowazonych-firm-i-interesariuszy.jpg 704w, https:\/\/topol.org.pl\/wp-content\/uploads\/2024\/11\/Globalny-ruch-zrownowazonych-firm-i-interesariuszy-300x143.jpg 300w\" sizes=\"auto, (max-width: 704px) 100vw, 704px\" \/><\/a><\/figure>\n\n\n\n<p>\u00a0<\/p>\n\n\n\n<p>26.11.2024 17.06 <a href=\"https:\/\/dorzeczy.pl\/ekonomia\/661039\/orlen-wrocil-do-czlonkostwa-w-sieci-un-global-compact.html\">Orlen wr\u00f3ci\u0142 do\u00a0cz\u0142onkostwa w\u00a0sieci pod\u00a0egid\u0105 ONZ<\/a> <\/p>\n\n\n\n<p>\u0179r\u00f3d\u0142o: dorzeczy.pl<\/p>\n\n\n\n<p><strong>Musimy wyj\u015b\u0107 z ONZ<\/strong> <strong>i WHO<\/strong><\/p>\n\n\n\n<p>Nie nale\u017cymy do organizacji mi\u0119dzynarodowych. ONZ i WHO. Wsp\u00f3\u0142pracujemy z ONZ i uczestniczymy w niekt\u00f3rych dziedzinach jej aktywno\u015bci. Przestrzegamy \u201ePowszechn\u0105 deklaracj\u0119 praw cz\u0142owieka\u201d bo to prawa zwyczajowe. Nie realizujemy Agendy 2030 i cel\u00f3w zr\u00f3wnowa\u017conego rozwoju. \u0179r\u00f3d\u0142o: <a href=\"https:\/\/topol.org.pl\/?page_id=47\">Fragment<\/a><\/p>\n\n\n\n<p>Verte &gt;<a href=\"https:\/\/topol.org.pl\/?page_id=6187\">Fundacja Narodowe Si\u0142y Samoobrony \u201eGrot\u201d<\/a><\/p>\n\n\n\n<p><\/p>\n","protected":false},"excerpt":{"rendered":"<p>19.04.2024 16.10 Cele Zr\u00f3wnowa\u017conego Rozwoju 2030 26.11.2024 17.04 United Nations Global Compact \u0179r\u00f3d\u0142o: (ungc.org.pl) United Nations Global Compact (UNGC)&nbsp;jest integraln\u0105 cz\u0119\u015bci\u0105 systemu ONZ\u202fz central\u0105 w Nowym Jorku, dzia\u0142aj\u0105c\u0105 w ponad 160 krajach i zrzeszaj\u0105c\u0105 25 tys. cz\u0142onk\u00f3w.&nbsp;&nbsp;&nbsp; To najwi\u0119ksza na \u015bwiecie inicjatywa zrzeszaj\u0105ca biznes dzia\u0142aj\u0105cy na rzecz zr\u00f3wnowa\u017conego rozwoju, zainaugurowana przez Sekretarza Generalnego ONZ w [&hellip;]<\/p>\n","protected":false},"author":1,"featured_media":0,"parent":0,"menu_order":96,"comment_status":"closed","ping_status":"closed","template":"","meta":{"footnotes":""},"class_list":["post-2694","page","type-page","status-publish","hentry"],"_links":{"self":[{"href":"https:\/\/topol.org.pl\/index.php?rest_route=\/wp\/v2\/pages\/2694","targetHints":{"allow":["GET"]}}],"collection":[{"href":"https:\/\/topol.org.pl\/index.php?rest_route=\/wp\/v2\/pages"}],"about":[{"href":"https:\/\/topol.org.pl\/index.php?rest_route=\/wp\/v2\/types\/page"}],"author":[{"embeddable":true,"href":"https:\/\/topol.org.pl\/index.php?rest_route=\/wp\/v2\/users\/1"}],"replies":[{"embeddable":true,"href":"https:\/\/topol.org.pl\/index.php?rest_route=%2Fwp%2Fv2%2Fcomments&post=2694"}],"version-history":[{"count":10,"href":"https:\/\/topol.org.pl\/index.php?rest_route=\/wp\/v2\/pages\/2694\/revisions"}],"predecessor-version":[{"id":7346,"href":"https:\/\/topol.org.pl\/index.php?rest_route=\/wp\/v2\/pages\/2694\/revisions\/7346"}],"wp:attachment":[{"href":"https:\/\/topol.org.pl\/index.php?rest_route=%2Fwp%2Fv2%2Fmedia&parent=2694"}],"curies":[{"name":"wp","href":"https:\/\/api.w.org\/{rel}","templated":true}]}}