{"id":2759,"date":"2024-04-21T12:11:14","date_gmt":"2024-04-21T10:11:14","guid":{"rendered":"https:\/\/topol.org.pl\/?page_id=2759"},"modified":"2026-01-09T10:20:34","modified_gmt":"2026-01-09T09:20:34","slug":"system-waluty-zlotej","status":"publish","type":"page","link":"https:\/\/topol.org.pl\/?page_id=2759","title":{"rendered":"System waluty z\u0142otej"},"content":{"rendered":"\n<figure class=\"wp-block-image size-full\"><a href=\"https:\/\/youtu.be\/YDin_K9HRT8?t=153\"><img loading=\"lazy\" decoding=\"async\" width=\"1002\" height=\"726\" src=\"https:\/\/topol.org.pl\/wp-content\/uploads\/2025\/03\/Wyklad-prof.jpg\" alt=\"\" class=\"wp-image-10317\" srcset=\"https:\/\/topol.org.pl\/wp-content\/uploads\/2025\/03\/Wyklad-prof.jpg 1002w, https:\/\/topol.org.pl\/wp-content\/uploads\/2025\/03\/Wyklad-prof-300x217.jpg 300w, https:\/\/topol.org.pl\/wp-content\/uploads\/2025\/03\/Wyklad-prof-768x556.jpg 768w\" sizes=\"auto, (max-width: 1002px) 100vw, 1002px\" \/><\/a><\/figure>\n\n\n\n<p>13.03.2025 06.55 <a href=\"https:\/\/www.youtube.com\/watch?v=YDin_K9HRT8\">Wyk\u0142ad prof. Adama Glapi\u0144skiego, Prezesa NBP<\/a> \u0179r\u00f3d\u0142o: <a href=\"https:\/\/nbp.pl\/\">NBP<\/a><\/p>\n\n\n\n<p><strong>To by\u0142 kryzys finansowy, pozamyka\u0142y si\u0119 ma\u0142e firmy, sklepy. Ci co zostali wegetuj\u0105. Biznes przej\u0119\u0142y firmy kurierskie, paczko-matowe, internetowe i globalne.<\/strong> <strong>Jak nasta\u0142a Specjalna Operacja na Ukrainie, <a href=\"https:\/\/www.youtube.com\/watch?v=Sjppwppu5Po\">zaraza sko\u0144czy\u0142a si\u0119 z dnia na dzie\u0144 24.02.2022 r.<\/a><\/strong> <strong>Prezydent W\u0142adimir W\u0142adimirowicz Putin&#8230; zako\u0144czy\u0142 zaraz\u0119.<\/strong> <strong>Jak zako\u0144czy wojn\u0119, przyznamy <a href=\"https:\/\/pl.wikipedia.org\/wiki\/Laureaci_Pokojowej_Nagrody_Nobla\">Pokojow\u0105 Nagrod\u0119 Nobla<\/a>.<\/strong><\/p>\n\n\n\n<figure class=\"wp-block-image size-full\"><a href=\"https:\/\/youtu.be\/cOC2Xm7YU6Q?t=270\"><img loading=\"lazy\" decoding=\"async\" width=\"1003\" height=\"666\" src=\"https:\/\/topol.org.pl\/wp-content\/uploads\/2025\/03\/Srodek-platniczy-w-epoce-cyfrowej-globalistow-z-Davos-1.jpg\" alt=\"\" class=\"wp-image-10284\" srcset=\"https:\/\/topol.org.pl\/wp-content\/uploads\/2025\/03\/Srodek-platniczy-w-epoce-cyfrowej-globalistow-z-Davos-1.jpg 1003w, https:\/\/topol.org.pl\/wp-content\/uploads\/2025\/03\/Srodek-platniczy-w-epoce-cyfrowej-globalistow-z-Davos-1-300x199.jpg 300w, https:\/\/topol.org.pl\/wp-content\/uploads\/2025\/03\/Srodek-platniczy-w-epoce-cyfrowej-globalistow-z-Davos-1-768x510.jpg 768w\" sizes=\"auto, (max-width: 1003px) 100vw, 1003px\" \/><\/a><\/figure>\n\n\n\n<p><strong>Zastanawiam si\u0119 jakie pieni\u0105dze wprowadzi\u0107 w epoce cyfrowej, mo\u017ce <a href=\"https:\/\/pl.wikipedia.org\/wiki\/Grzywna_(jednostka_miar)\">grzywn\u0119 ze \u015bredniowiecza<\/a><\/strong>. <strong>Mo\u017cna w ten spos\u00f3b ku\u0107 miecze i bro\u0144.<\/strong> <strong>Kupi\u0107 chleb i samoch\u00f3d.<\/strong><\/p>\n\n\n\n<figure class=\"wp-block-table\"><table class=\"has-fixed-layout\"><tbody><tr><td><a href=\"https:\/\/pl.wikipedia.org\/wiki\/Grzywna_krakowska\">grzywna krakowska<\/a><\/td><td>mennicza: 197,684 (XIV-1650), po 1650: 201,480 (lub 201,768), handlowa 198,885<sup><a href=\"https:\/\/pl.wikipedia.org\/wiki\/Grzywna_(jednostka_miar)#cite_note-CITEREFPiekosi%C5%84ski1878Grzywna_krakowska_w_XIV_i_XV_wieku_i_jej_waga11-17-5\">[5]<\/a><\/sup>; 196,26 \u2013 201,86<\/td><\/tr><\/tbody><\/table><\/figure>\n\n\n\n<p>1 Grzywna <img loading=\"lazy\" decoding=\"async\" width=\"150\" height=\"67\" class=\"wp-image-10301\" style=\"width: 150px;\" src=\"https:\/\/topol.org.pl\/wp-content\/uploads\/2025\/03\/Grzywna.jpg\" alt=\"\" srcset=\"https:\/\/topol.org.pl\/wp-content\/uploads\/2025\/03\/Grzywna.jpg 729w, https:\/\/topol.org.pl\/wp-content\/uploads\/2025\/03\/Grzywna-300x133.jpg 300w\" sizes=\"auto, (max-width: 150px) 100vw, 150px\" \/> z\u0142ota<\/p>\n\n\n\n<p>1 Grzywna <img loading=\"lazy\" decoding=\"async\" width=\"150\" height=\"67\" class=\"wp-image-10301\" style=\"width: 150px;\" src=\"https:\/\/topol.org.pl\/wp-content\/uploads\/2025\/03\/Grzywna.jpg\" alt=\"\" srcset=\"https:\/\/topol.org.pl\/wp-content\/uploads\/2025\/03\/Grzywna.jpg 729w, https:\/\/topol.org.pl\/wp-content\/uploads\/2025\/03\/Grzywna-300x133.jpg 300w\" sizes=\"auto, (max-width: 150px) 100vw, 150px\" \/> srebra<\/p>\n\n\n\n<p>1 Grzywna <img loading=\"lazy\" decoding=\"async\" width=\"150\" height=\"67\" class=\"wp-image-10301\" style=\"width: 150px;\" src=\"https:\/\/topol.org.pl\/wp-content\/uploads\/2025\/03\/Grzywna.jpg\" alt=\"\" srcset=\"https:\/\/topol.org.pl\/wp-content\/uploads\/2025\/03\/Grzywna.jpg 729w, https:\/\/topol.org.pl\/wp-content\/uploads\/2025\/03\/Grzywna-300x133.jpg 300w\" sizes=\"auto, (max-width: 150px) 100vw, 150px\" \/> miedzi<\/p>\n\n\n\n<p>1 Grzywna <img loading=\"lazy\" decoding=\"async\" width=\"150\" height=\"67\" class=\"wp-image-10301\" style=\"width: 150px;\" src=\"https:\/\/topol.org.pl\/wp-content\/uploads\/2025\/03\/Grzywna.jpg\" alt=\"\" srcset=\"https:\/\/topol.org.pl\/wp-content\/uploads\/2025\/03\/Grzywna.jpg 729w, https:\/\/topol.org.pl\/wp-content\/uploads\/2025\/03\/Grzywna-300x133.jpg 300w\" sizes=\"auto, (max-width: 150px) 100vw, 150px\" \/> aluminium<\/p>\n\n\n\n<p>1 Grzywna <img loading=\"lazy\" decoding=\"async\" width=\"150\" height=\"67\" class=\"wp-image-10301\" style=\"width: 150px;\" src=\"https:\/\/topol.org.pl\/wp-content\/uploads\/2025\/03\/Grzywna.jpg\" alt=\"\" srcset=\"https:\/\/topol.org.pl\/wp-content\/uploads\/2025\/03\/Grzywna.jpg 729w, https:\/\/topol.org.pl\/wp-content\/uploads\/2025\/03\/Grzywna-300x133.jpg 300w\" sizes=\"auto, (max-width: 150px) 100vw, 150px\" \/> \u017celaza<\/p>\n\n\n\n<p><a href=\"https:\/\/www.google.com\/search?q=cdbc&amp;oq=cdbc&amp;gs_lcrp=EgZjaHJvbWUyBggAEEUYOdIBCTQ2OTNqMGoxNagCCLACAQ&amp;sourceid=chrome&amp;ie=UTF-8\">O co chodzi z CBDC?<\/a> \u0179r\u00f3d\u0142o: Google<\/p>\n\n\n\n<p>W istocie CBDC to w\u0142a\u015bnie&nbsp;<strong>cyfrowe reprezentacje walut emitowanych przez banki centralne<\/strong>. W przeciwie\u0144stwie do tradycyjnych pieni\u0119dzy (FIAT), kt\u00f3re istniej\u0105 w formie fizycznej (banknoty, monety) lub cyfrowej (depozyty bankowe), CBDC s\u0105 przechowywane i zarz\u0105dzane w oparciu o technologi\u0119 cyfrow\u0105 &#8211; blockchain.<\/p>\n\n\n\n<figure class=\"wp-block-image size-full\"><a href=\"https:\/\/www.youtube.com\/watch?v=WUvMVj7T504&amp;t=9s\"><img loading=\"lazy\" decoding=\"async\" width=\"999\" height=\"795\" src=\"https:\/\/topol.org.pl\/wp-content\/uploads\/2025\/03\/Srebro-z-bursztynem-na-100-lecie-zaslubin-Polski-z-Baltykiem-LOGO.jpg\" alt=\"\" class=\"wp-image-10312\" srcset=\"https:\/\/topol.org.pl\/wp-content\/uploads\/2025\/03\/Srebro-z-bursztynem-na-100-lecie-zaslubin-Polski-z-Baltykiem-LOGO.jpg 999w, https:\/\/topol.org.pl\/wp-content\/uploads\/2025\/03\/Srebro-z-bursztynem-na-100-lecie-zaslubin-Polski-z-Baltykiem-LOGO-300x239.jpg 300w, https:\/\/topol.org.pl\/wp-content\/uploads\/2025\/03\/Srebro-z-bursztynem-na-100-lecie-zaslubin-Polski-z-Baltykiem-LOGO-768x611.jpg 768w\" sizes=\"auto, (max-width: 999px) 100vw, 999px\" \/><\/a><\/figure>\n\n\n\n<figure class=\"wp-block-image size-full\"><img loading=\"lazy\" decoding=\"async\" width=\"1000\" height=\"398\" src=\"https:\/\/topol.org.pl\/wp-content\/uploads\/2025\/03\/6166-wyswietlen-6-lut-2020.jpg\" alt=\"\" class=\"wp-image-10257\" srcset=\"https:\/\/topol.org.pl\/wp-content\/uploads\/2025\/03\/6166-wyswietlen-6-lut-2020.jpg 1000w, https:\/\/topol.org.pl\/wp-content\/uploads\/2025\/03\/6166-wyswietlen-6-lut-2020-300x119.jpg 300w, https:\/\/topol.org.pl\/wp-content\/uploads\/2025\/03\/6166-wyswietlen-6-lut-2020-768x306.jpg 768w\" sizes=\"auto, (max-width: 1000px) 100vw, 1000px\" \/><\/figure>\n\n\n\n<p><strong>Same sz\u00f3stki i pandemia, to znak \u017ceby wyda\u0107 tak\u0105 monet\u0119 z ca\u0142ym wybrze\u017cem. Takim wybrze\u017cem jakie mamy teraz i jakie mieli\u015bmy na pocz\u0105tku.<\/strong> <strong>Trzeba ten wysi\u0142ek ukoronowa\u0107 w rocznic\u0119 1000-lecia , przyj\u0105\u0107 nazw\u0119 z 1025 roku Kr\u00f3lestwo Polskie.<\/strong> <strong><mark style=\"background-color:rgba(0, 0, 0, 0)\" class=\"has-inline-color has-primary-color\">Mo\u017ce nawet<\/mark><\/strong>&#8230;<\/p>\n\n\n\n<p><strong><mark style=\"background-color:rgba(0, 0, 0, 0)\" class=\"has-inline-color has-primary-color\">&#8222;Dux Poloniae&#8221;<\/mark><\/strong><\/p>\n\n\n\n<figure class=\"wp-block-image size-full\"><a href=\"https:\/\/www.youtube.com\/watch?v=-dCUOoLxO9E\"><img loading=\"lazy\" decoding=\"async\" width=\"999\" height=\"750\" src=\"https:\/\/topol.org.pl\/wp-content\/uploads\/2025\/03\/Jak-Boleslaw-Chrobry-podbil-Czechy-i-zdobyl-Prage.jpg\" alt=\"\" class=\"wp-image-10260\" srcset=\"https:\/\/topol.org.pl\/wp-content\/uploads\/2025\/03\/Jak-Boleslaw-Chrobry-podbil-Czechy-i-zdobyl-Prage.jpg 999w, https:\/\/topol.org.pl\/wp-content\/uploads\/2025\/03\/Jak-Boleslaw-Chrobry-podbil-Czechy-i-zdobyl-Prage-300x225.jpg 300w, https:\/\/topol.org.pl\/wp-content\/uploads\/2025\/03\/Jak-Boleslaw-Chrobry-podbil-Czechy-i-zdobyl-Prage-768x577.jpg 768w\" sizes=\"auto, (max-width: 999px) 100vw, 999px\" \/><\/a><\/figure>\n\n\n\n<p>\u0179r\u00f3d\u0142o: <a href=\"https:\/\/www.youtube.com\/watch?v=-dCUOoLxO9E\">Historyczny Top<\/a><\/p>\n\n\n\n<p>23.08.2024 17.15 &#8222;<a href=\"https:\/\/dorzeczy.pl\/ekonomia\/624987\/nbp-przez-miesiace-skupowal-zloto.html\">NBP sukcesywnie powi\u0119ksza\u0142 polskie zasoby z\u0142ota<\/a>&#8222;<\/p>\n\n\n\n<p><strong><a href=\"https:\/\/www.google.com\/search?q=koniec+dolara+w+moskwie&amp;sca_esv=ea1f1f1586db5291&amp;ei=O1lxZrnbJOSuwPAP4IagiA0&amp;ved=0ahUKEwj55Nb-8OSGAxVkFxAIHWADCNEQ4dUDCHE&amp;uact=5&amp;oq=koniec+dolara+w+moskwie&amp;gs_lp=Egxnd3Mtd2l6LXNlcnAiF2tvbmllYyBkb2xhcmEgdyBtb3Nrd2llMgUQIRigATIFECEYoAEyBRAhGJ8FSNBvUOAJWMJlcAJ4AZABAJgBbqABvg-qAQQyNC4xuAEDyAEA-AEBmAIboAKPEKgCCsICChAAGLADGNYEGEfCAg0QABiABBiwAxhDGIoFwgIZEC4YgAQYsAMY0QMYQxjHARjIAxiKBdgBAcICExAuGIAEGLADGEMYyAMYigXYAQHCAhAQABiABBixAxhDGIMBGIoFwgIWEC4YgAQYsQMY0QMYQxiDARjHARiKBcICChAAGIAEGEMYigXCAgsQABiABBixAxiDAcICCBAAGIAEGLEDwgIQEAAYAxi0AhjqAhiPAdgBAsICEBAuGAMYtAIY6gIYjwHYAQLCAgsQLhiABBixAxiDAcICDhAAGIAEGLEDGIMBGIoFwgIOEC4YgAQYsQMYgwEYigXCAgUQLhiABMICBRAAGIAEwgIQEC4YgAQY0QMYQxjHARiKBcICChAuGIAEGEMYigXCAgsQLhiABBjRAxjHAcICDRAAGIAEGLEDGEMYigXCAggQLhiABBixA8ICCxAuGIAEGLEDGMkDwgILEAAYgAQYkgMYigXCAgYQABgWGB7CAggQABgWGB4YD8ICCBAAGIAEGKIEwgIEECEYFcICBxAhGKABGAqYAwOIBgGQBgu6BgQIARgIugYECAIYCpIHBDI2LjGgB4vIAQ&amp;sclient=gws-wiz-serp#ip=1\">13 czerwca 2024, 19:10.<\/a> W jednym czasie, m\u00f3wi\u0105 o rozcz\u0142onowaniu Rosji jako pa\u0144stwa imperialnego. Wpychaj\u0105 Rosj\u0119 do systemu Juana. To pewnie robota globalist\u00f3w. Ju\u017c dawno m\u00f3wi\u0142em, \u017ce <a href=\"https:\/\/dorzeczy.pl\/opinie\/600141\/brytyjski-polityk-zachod-jest-juz-w-stanie-wojny-i-przegrywa.html\">Chiny to kolonia globalist\u00f3w<\/a> promuj\u0105cych zaraz\u0119 i cyfrow\u0105 walut\u0119.<\/strong> <strong><a href=\"https:\/\/www.google.com\/search?sca_esv=14e6481b7db0dcee&amp;sca_upv=1&amp;q=Parytet+z%C5%82ota+w+Polsce&amp;sa=X&amp;ved=2ahUKEwjnnM7ZnOWGAxUMEhAIHRjZD00Q1QJ6BAgzEAE&amp;biw=1536&amp;bih=738&amp;dpr=1.25\">Musi wr\u00f3ci\u0107 parytet z\u0142ota na \u015bwiecie.<\/a><\/strong> Dlatego Rosja powinna wr\u00f3ci\u0107 do normalnej wymiany towarowej. A ta wojna to kiedy si\u0119 zako\u0144czy? Czy globali\u015bci zadecyduj\u0105? Kto rz\u0105dzi tym bajzlem? Osi\u0105 z\u0142a jest &#8222;kt<strong>o\u015b<\/strong>&#8221; inny.<\/p>\n\n\n\n<p>13.06.2024 15.24 <a href=\"https:\/\/www.dw.com\/pl\/z%C5%82oto-scyt%C3%B3w-wr%C3%B3ci%C5%82o-do-ukrainy\/a-67578318\">Z\u0142oto Scyt\u00f3w wr\u00f3ci\u0142o<\/a><\/p>\n\n\n\n<p>21.04.2024 12.11 <a href=\"https:\/\/pl.wikipedia.org\/wiki\/System_waluty_z%C5%82otej\">System waluty z\u0142otej<\/a><\/p>\n\n\n\n<p><a href=\"https:\/\/pl.wikipedia.org\/wiki\/System_z_Bretton_Woods\">System z Bretton Woods<\/a><\/p>\n\n\n\n<p>Nie my\u015bl\u0119 o tym, \u017ce nosimy <a href=\"https:\/\/nbp.pl\/\">z\u0142ote monety<\/a>. Ka\u017cdy ma swoj\u0105 walut\u0119. Istnieje system got\u00f3wkowy jako podstawa. Elektronicznie p\u0142acimy jak w tej chwili. Ka\u017cde pa\u0144stwo w wymianie towarowej musi zachowa\u0107 r\u00f3wnowag\u0119, czyli musi tyle sprzeda\u0107 do innego pa\u0144stwa \u017ceby zr\u00f3wnowa\u017cy\u0107 zakupy. Na koniec trzeba wyr\u00f3wna\u0107 bilans w z\u0142ocie. Czyli w sztabkach. Mo\u017ce by\u0107 raz na kwarta\u0142. To zapewni sprawiedliwy handel mi\u0119dzynarodowy. Z\u0142oto w obiegu wewn\u0119trznym mo\u017cna posiada\u0107 w dowolnych ilo\u015bciach, ale nie mo\u017cna go wywozi\u0107 za granic\u0119. Przep\u0142yw z\u0142ota mi\u0119dzy pa\u0144stwami powinien by\u0107 realizowany za pomoc\u0105 bank\u00f3w centralnych.<\/p>\n\n\n\n<p>Jak stworzymy jedno pa\u0144stwo &#8222;federacj\u0119&#8221;, to o handlu b\u0119dzie decydowa\u0142 <a href=\"https:\/\/www.google.com\/search?client=firefox-b-d&amp;q=lobbing+definicja\">lobbing<\/a> najsilniejszych i rozdzia\u0142 \u015brodk\u00f3w unijnych przez zdeprawowanych urz\u0119dnik\u00f3w.<\/p>\n\n\n\n<p>30.04.2024 14.49 Ostrze\u017cenie: piramida finansowa na rynku Krypto-walut. To podejrzane. Tylko got\u00f3wka. W latach 80 pisali\u015bmy &#8222;listy&#8221; pierwsi zarabiali ostatni tracili wp\u0142at\u0119.<\/p>\n\n\n\n<p>30.04.2024 11.07 <a href=\"https:\/\/dorzeczy.pl\/ekonomia\/580890\/domanski-o-euro-w-polsce-zgadzam-sie-z-glapinskim.html\">&#8222;Zgadzam si\u0119 z&nbsp;Adamem Glapi\u0144skim&#8221;<\/a><\/p>\n\n\n\n<p>24.04.2024 17.26 <a href=\"https:\/\/dorzeczy.pl\/opinie\/564567\/smolinski-chodzi-o-wejscie-polski-do-strefy-euro.html\">NBP dysponuje ogromnymi rezerwami z\u0142ota<\/a>, kt\u00f3re po wej\u015bciu do strefy euro, przejd\u0105 pod zarz\u0105d Europejskiego Banku Centralnego<\/p>\n\n\n\n<p>24.04.2024 17.28 <a href=\"https:\/\/dorzeczy.pl\/kraj\/578871\/holownia-nie-wykonam-postanowienia-tk-julii-przylebskiej.html\">Marsza\u0142ek, ani Sejm nie ma prawa zajmowa\u0107 si\u0119 czy robi\u0107 czegokolwiek wok\u00f3\u0142 Adama Glapi\u0144skiego<\/a> zgodnie z postanowieniem TK z 17 kwietnia 2024. Zgodnie postanowieniem TK mo\u017ce by\u0107 tylko jedna interpretacja prawna.<\/p>\n\n\n\n<p>24.04.2024 18.05 &#8222;<a href=\"https:\/\/dorzeczy.pl\/opinie\/579099\/jakubiak-robi-sie-bezholownia-w-polsce.html\">Mamy per capita najwi\u0119ksze zapasy z\u0142ota w Europie. Mamy ponad 380 ton z\u0142ota<\/a>. Osi\u0105gni\u0119to wszystko dzi\u0119ki polityce prowadzonej przez NBP i inwestycjom w z\u0142oto, kiedy ono by\u0142o naprawd\u0119 tanie. Dzi\u015b to 380 ton nabra\u0142o warto\u015bci plus 50 proc. Dodatkowo NBP inwestuje w rezerwy walutowe. Mamy 180 mld z\u0142 rezerw walutowych&#8221;<\/p>\n\n\n\n<p>29.05.2024 20.51 <a href=\"https:\/\/www.youtube.com\/watch?v=21ij7iU4Xdw\">Unijne superpa\u0144stwo ju\u017c powstaje. \u015awiat jest niemile zaskoczony polsk\u0105 w\u0142adz\u0105<\/a><\/p>\n\n\n\n<p>Dialog redaktora i ministra Piotra Nowaka.<\/p>\n\n\n\n<p>Redaktor. A kiedy wr\u00f3ci parytet z\u0142ota na \u015bwiecie ?<br>Minister. Nie wr\u00f3ci.<br>Redaktor. Ca\u0142y czas b\u0119dziemy drukowa\u0107 te pieni\u0105dze w niesko\u0144czono\u015b\u0107 ?<br>Czy przejdziemy na cyfrowy pieni\u0105dz ?<\/p>\n\n\n\n<p>Moja odpowiedz <br><strong>Musi wr\u00f3ci\u0107 parytet z\u0142ota na \u015bwiecie.<\/strong><\/p>\n\n\n\n<p>Za nied\u0142ugo jak komputer kwantowy b\u0119dzie wszystko widzia\u0142<strong>(zabezpieczenia)<\/strong> i przewidywa\u0142 jedyn\u0105 obron\u0105 jest parytet z\u0142ota i przep\u0142yw pieni\u0119dzy tak jak teraz<strong><a href=\"https:\/\/dorzeczy.pl\/plus\/antysystem\/593034\/cejrowski-ludzie-chca-miec-pieniadz-lisicki-a-globalisci-kontrole.html\">(GOT\u00d3WKA)<\/a><\/strong>. Wolny \u015bwiat do niego do\u0142\u0105czy. Polska, Tr\u00f3jmorze, Rosja, Mongolia, Kazachstan. Tad\u017cykistan, Uzbekistan, Gruzja, \u015awiat Arabski, Korea P\u00f3\u0142nocna, USA, Kanada, Meksyk, Ameryka Po\u0142udniowa, Afryka. Australia, Anglia. Grenlandia, Nowa Ziemia, Islandia, Tahiti. Antarktyda, Skandynawia, Afganistan i Kuba.<\/p>\n\n\n\n<p>31.05.2024 18.42 <a href=\"https:\/\/www.youtube.com\/watch?v=1tJO9b5NIZM\">Co czeka Polsk\u0119 w nowym uk\u0142adzie mocarstw?<\/a> doktor Jacek Bartosiak<\/p>\n\n\n\n<p>02.12.2024 5.46 &#8222;<strong>\u015bwiatowe zapotrzebowanie na energi\u0119 elektryczn\u0105 wynikaj\u0105ce z&nbsp;wydobywania <a href=\"https:\/\/www.money.pl\/gospodarka\/ciemna-strona-kryptowalut-o-tym-za-chwile-moze-byc-glosno-7098632421337696a.html\">bitcoina<\/a> to ok. 176 TWh rocznie. Por\u00f3wnuj\u0105c, zapotrzebowanie na energi\u0119 w&nbsp;Polsce w&nbsp;2023 roku wynios\u0142o 167 TWh<\/strong>&#8222;<\/p>\n\n\n\n<p><a href=\"https:\/\/pl.wikipedia.org\/wiki\/Denar_Princes_Polonie\">Denar Princes Polonie<\/a><\/p>\n\n\n\n<figure class=\"wp-block-image size-full is-resized\"><a href=\"https:\/\/pl.wikipedia.org\/wiki\/Princeps\"><img loading=\"lazy\" decoding=\"async\" width=\"515\" height=\"273\" src=\"https:\/\/topol.org.pl\/wp-content\/uploads\/2024\/04\/Denar_rys_chrobry1.png\" alt=\"\" class=\"wp-image-2778\" style=\"width:650px;height:auto\" srcset=\"https:\/\/topol.org.pl\/wp-content\/uploads\/2024\/04\/Denar_rys_chrobry1.png 515w, https:\/\/topol.org.pl\/wp-content\/uploads\/2024\/04\/Denar_rys_chrobry1-300x159.png 300w\" sizes=\"auto, (max-width: 515px) 100vw, 515px\" \/><\/a><\/figure>\n\n\n\n<figure class=\"wp-block-image size-full\"><a href=\"https:\/\/www.youtube.com\/watch?v=OgwZCklXIfk\"><img loading=\"lazy\" decoding=\"async\" width=\"972\" height=\"540\" src=\"https:\/\/topol.org.pl\/wp-content\/uploads\/2025\/03\/Dukat-Wladyslawa-Lokietka.jpg\" alt=\"\" class=\"wp-image-10439\" srcset=\"https:\/\/topol.org.pl\/wp-content\/uploads\/2025\/03\/Dukat-Wladyslawa-Lokietka.jpg 972w, https:\/\/topol.org.pl\/wp-content\/uploads\/2025\/03\/Dukat-Wladyslawa-Lokietka-300x167.jpg 300w, https:\/\/topol.org.pl\/wp-content\/uploads\/2025\/03\/Dukat-Wladyslawa-Lokietka-768x427.jpg 768w\" sizes=\"auto, (max-width: 972px) 100vw, 972px\" \/><\/a><figcaption class=\"wp-element-caption\">Dukat W\u0142adys\u0142awa \u0141okietka. Pierwsza Polska Z\u0142ota Moneta <br>\u0179r\u00f3d\u0142o: <a href=\"https:\/\/www.youtube.com\/@SkarbnicaNarodowa\">Skarbnica Narodowa<\/a><\/figcaption><\/figure>\n\n\n\n<p><a href=\"https:\/\/www.youtube.com\/watch?v=R411jyRT2KI\">Historia z\u0142otego<\/a> \u0179r\u00f3d\u0142o: Narodowy Bank Polski<\/p>\n\n\n\n<p>24.04.2025 16.25 <a href=\"https:\/\/www.rp.pl\/banki\/art42169051-nbp-ma-juz-20-proc-rezerw-w-zlocie-bedzie-duzy-transport-z-londynu-do-polski\">NBP ma ju\u017c 20 proc. rezerw w z\u0142ocie. B\u0119dzie du\u017cy transport z Londynu do Polski<\/a> \u0179r\u00f3d\u0142o: rp.pl<\/p>\n\n\n\n<p>Verte &gt;<a href=\"https:\/\/topol.org.pl\/?page_id=6187\">Fundacja Narodowe Si\u0142y Samoobrony \u201eGrot\u201d<\/a><\/p>\n\n\n\n<p><\/p>\n","protected":false},"excerpt":{"rendered":"<p>13.03.2025 06.55 Wyk\u0142ad prof. Adama Glapi\u0144skiego, Prezesa NBP \u0179r\u00f3d\u0142o: NBP To by\u0142 kryzys finansowy, pozamyka\u0142y si\u0119 ma\u0142e firmy, sklepy. Ci co zostali wegetuj\u0105. Biznes przej\u0119\u0142y firmy kurierskie, paczko-matowe, internetowe i globalne. Jak nasta\u0142a Specjalna Operacja na Ukrainie, zaraza sko\u0144czy\u0142a si\u0119 z dnia na dzie\u0144 24.02.2022 r. Prezydent W\u0142adimir W\u0142adimirowicz Putin&#8230; zako\u0144czy\u0142 zaraz\u0119. Jak zako\u0144czy wojn\u0119, [&hellip;]<\/p>\n","protected":false},"author":1,"featured_media":0,"parent":0,"menu_order":94,"comment_status":"closed","ping_status":"closed","template":"","meta":{"footnotes":""},"class_list":["post-2759","page","type-page","status-publish","hentry"],"_links":{"self":[{"href":"https:\/\/topol.org.pl\/index.php?rest_route=\/wp\/v2\/pages\/2759","targetHints":{"allow":["GET"]}}],"collection":[{"href":"https:\/\/topol.org.pl\/index.php?rest_route=\/wp\/v2\/pages"}],"about":[{"href":"https:\/\/topol.org.pl\/index.php?rest_route=\/wp\/v2\/types\/page"}],"author":[{"embeddable":true,"href":"https:\/\/topol.org.pl\/index.php?rest_route=\/wp\/v2\/users\/1"}],"replies":[{"embeddable":true,"href":"https:\/\/topol.org.pl\/index.php?rest_route=%2Fwp%2Fv2%2Fcomments&post=2759"}],"version-history":[{"count":98,"href":"https:\/\/topol.org.pl\/index.php?rest_route=\/wp\/v2\/pages\/2759\/revisions"}],"predecessor-version":[{"id":11749,"href":"https:\/\/topol.org.pl\/index.php?rest_route=\/wp\/v2\/pages\/2759\/revisions\/11749"}],"wp:attachment":[{"href":"https:\/\/topol.org.pl\/index.php?rest_route=%2Fwp%2Fv2%2Fmedia&parent=2759"}],"curies":[{"name":"wp","href":"https:\/\/api.w.org\/{rel}","templated":true}]}}