{"id":2846,"date":"2024-04-23T19:17:41","date_gmt":"2024-04-23T17:17:41","guid":{"rendered":"https:\/\/topol.org.pl\/?page_id=2846"},"modified":"2026-01-09T10:05:34","modified_gmt":"2026-01-09T09:05:34","slug":"walka-o-niepodleglosc","status":"publish","type":"page","link":"https:\/\/topol.org.pl\/?page_id=2846","title":{"rendered":"Walka o Niepodleg\u0142o\u015b\u0107"},"content":{"rendered":"\n<p>28.05.2024 17.32 Prof. Majchrowski: <a href=\"https:\/\/www.youtube.com\/watch?v=z40UvaegB8s\">Polska mo\u017ce straci\u0107 niezale\u017cno\u015b\u0107, niepodleg\u0142o\u015b\u0107 i suwerenno\u015b\u0107. Centralizacja UE oznacza likwidacj\u0119 pa\u0144stwa<\/a><\/p>\n\n\n\n<p>23.04.2024 19.17 <a href=\"https:\/\/www.youtube.com\/watch?v=-xsSQWwQwpY\">Walka o Niepodleg\u0142o\u015b\u0107<\/a><\/p>\n\n\n\n<p>Co mamy zrobi\u0107, \u017ceby si\u0119 temu przeciwstawi\u0107 ? Profesor nie da\u0142 odpowiedzi. Opisa\u0142 sytuacj\u0119 na przestrzeni naszych dziej\u00f3w. Ale nie da\u0142 wskaz\u00f3wki co zrobi\u0107.<\/p>\n\n\n\n<p>24.04.2024 20.21 <a href=\"https:\/\/www.youtube.com\/watch?v=hwmam979DfE\">Konflikt z Ukrain\u0105 bardziej prawdopodobny ni\u017c z Rosj\u0105<\/a><\/p>\n\n\n\n<p>Co mamy zrobi\u0107, \u017ceby si\u0119 temu przeciwstawi\u0107 ? dr Artur Bartoszewicz nie da\u0142 odpowiedzi. Opisa\u0142 sytuacj\u0119 na przestrzeni od 1989 r. Ale nie da\u0142 wskaz\u00f3wki co zrobi\u0107. dr Leszek Sykulski zada\u0142 moje pytanie co mamy zrobi\u0107, \u017ceby si\u0119 temu przeciwstawi\u0107 ? <\/p>\n\n\n\n<p>Musimy si\u0119 temu natychmiast przeciwstawi\u0107. Referendum nie b\u0119dzie skuteczne. Lepiej nie zadawa\u0107 tego pytania Polakom. Polacy s\u0105 nie\u015bwiadomi. Zapytajcie jak\u0105 chc\u0105 mie\u0107 <a href=\"https:\/\/www.google.com\/search?q=flaga+polski&amp;client=firefox-b-d&amp;sca_esv=a037c01116b240b0&amp;sca_upv=1&amp;ei=DTYnZrnpJfaGxc8Pz5CIwAU&amp;udm=&amp;ved=0ahUKEwj5o6WEvdeFAxV2Q_EDHU8IAlgQ4dUDCBA&amp;uact=5&amp;oq=flaga+polski&amp;gs_lp=Egxnd3Mtd2l6LXNlcnAiDGZsYWdhIHBvbHNraTILEAAYgAQYsQMYgwEyBRAAGIAEMgUQABiABDIFEAAYgAQyBRAAGIAEMgUQABiABDIFEAAYgAQyBRAAGIAEMgUQABiABDIFEAAYgARIwSBQiAdYqBhwAXgBkAEAmAFLoAHyA6oBATe4AQPIAQD4AQGYAgigAp4EwgIKEAAYsAMY1gQYR8ICDRAAGIAEGLADGEMYigXCAg0QABiABBixAxhDGIoFwgIKEAAYgAQYQxiKBcICEBAAGIAEGLEDGEMYgwEYigWYAwCIBgGQBgqSBwE4oAe9Iw&amp;sclient=gws-wiz-serp\">flag\u0119<\/a>. Polska nie ma interesu, \u017ceby przyst\u0105pi\u0107 do grupy BRIKS (wprowadz\u0105 walut\u0119 cyfrow\u0105). Dlatego, \u017ce wszystkie zrzeszenia pa\u0144stw tworz\u0105 imperia z kt\u00f3rych chcemy uciec. Nikogo nie warto wspiera\u0107. Izrael prowadzi swoj\u0105 polityk\u0119 a nam nic do tego. Chcemy mie\u0107 dobre stosunki z USA, Rosj\u0105, Chinami, Bia\u0142orusi\u0105, Ukrain\u0105, Izraelem, Iranem, <a href=\"https:\/\/twitter.com\/i\/status\/1784632354755018765\">Kore\u0105 P\u00f3\u0142nocn\u0105<\/a> i Kore\u0105 Po\u0142udniow\u0105, Angli\u0105 i Niemcami itd. Ale nie opowiadamy si\u0119 za nikim. Czyli jeste\u015bmy neutralni.<\/p>\n\n\n\n<p><a href=\"https:\/\/www.msn.com\/pl-pl\/wiadomosci\/polska\/nie-dajcie-si%C4%99-zwie%C5%9B%C4%87-mocny-apel-papie%C5%BCa-do-polak%C3%B3w\/ar-AA1nyRPD?ocid=hpmsn&amp;cvid=3277b2aca3494550ab58527d72a5b71c&amp;ei=43\">\u201eNie dajcie si\u0119 zwie\u015b\u0107\u201d<\/a> Je\u015bli b\u0119dziemy po stronie zachodu to zaatakuje nas Rosja je\u015bli b\u0119dziemy po stronie Rosji to zaatakuje nas zach\u00f3d. Wojna b\u0119dzie na naszym terytorium. \u017beby tego unikn\u0105\u0107 musimy by\u0107 neutralni. Jako bufor zawrzemy przyjazne stosunki z reszt\u0105 \u015bwiata.<\/p>\n\n\n\n<p>&#8222;Nie nale\u017cymy do organizacji mi\u0119dzynarodowych. ONZ i WHO. Wsp\u00f3\u0142pracujemy z ONZ i uczestniczymy w niekt\u00f3rych dziedzinach jej aktywno\u015bci. Przestrzegamy \u201ePowszechn\u0105 deklaracj\u0119 praw cz\u0142owieka\u201d bo to prawa zwyczajowe. Nie realizujemy Agendy 2030 i cel\u00f3w zr\u00f3wnowa\u017conego rozwoju. Nale\u017cymy do strefy Schengen i Unii, traktat trzeba ratyfikowa\u0107 <a href=\"https:\/\/topol.org.pl\/?page_id=2698\">\u201eale te ich klimaty odpadaj\u0105\u201d<\/a>.<br>Dokumenty, paszport, dow\u00f3d osobisty i prawo jazdy s\u0105 wa\u017cne bezterminowo. Dokumenty zachowujemy w tradycyjnej formie nie cyfrowej.<br>Podatki bez zmian&#8221; \u0179r\u00f3d\u0142o: <a href=\"https:\/\/topol.org.pl\/?page_id=47\">Fragment<\/a><\/p>\n\n\n\n<p>Ustawa 447 to nieporozumienie. \u017bydzi wymordowani w czasie 2 wojny \u015bwiatowej w czasie okupacji <strong>niemieckiej<\/strong> mieszkaj\u0105cy w Polsce byli Polskimi \u017bydami. Maj\u0105tek po \u017bydach przej\u0119\u0142o pa\u0144stwo z powodu braku spadkobierc\u00f3w. Spadek nale\u017cy si\u0119 spadkobiercom. Czyli rodzinie i zapisanym osobom w testamencie. Nie mo\u017ce to by\u0107 mienie bezdziedziczne. To pr\u00f3ba wy\u0142udzenia. Czyli oszustwo.<\/p>\n\n\n\n<p><a href=\"https:\/\/pl.wikipedia.org\/wiki\/Deklaracja_terezi%C5%84ska\">Deklaracja teresi\u0144ska<\/a> &#8211;<a href=\"https:\/\/www.youtube.com\/watch?v=rGseXjKqDNo\">poprzez not\u0119 dyplomatyczn\u0105<\/a> trzeba wypowiedzie\u0107 deklaracj\u0119 teresi\u0144sk\u0105.<\/p>\n\n\n\n<p><a href=\"https:\/\/www.youtube.com\/watch?v=q7cJWEiBZS8\">B\u0105kiewicz: jeste\u015bmy w przededniu likwidacji pa\u0144stwa polskiego. Nowy rz\u0105d si\u0119 z tym nawet nie kryje<\/a><\/p>\n\n\n\n<p>Musimy przyj\u0105\u0107 <a href=\"https:\/\/topol.org.pl\/?page_id=2759\">&#8222;System waluty z\u0142otej&#8221;<\/a><\/p>\n\n\n\n<p>Verte ><a href=\"https:\/\/topol.org.pl\/?page_id=6187\">Fundacja Narodowe Si\u0142y Samoobrony \u201eGrot\u201d<\/a><\/p>\n","protected":false},"excerpt":{"rendered":"<p>28.05.2024 17.32 Prof. Majchrowski: Polska mo\u017ce straci\u0107 niezale\u017cno\u015b\u0107, niepodleg\u0142o\u015b\u0107 i suwerenno\u015b\u0107. Centralizacja UE oznacza likwidacj\u0119 pa\u0144stwa 23.04.2024 19.17 Walka o Niepodleg\u0142o\u015b\u0107 Co mamy zrobi\u0107, \u017ceby si\u0119 temu przeciwstawi\u0107 ? Profesor nie da\u0142 odpowiedzi. Opisa\u0142 sytuacj\u0119 na przestrzeni naszych dziej\u00f3w. Ale nie da\u0142 wskaz\u00f3wki co zrobi\u0107. 24.04.2024 20.21 Konflikt z Ukrain\u0105 bardziej prawdopodobny ni\u017c z Rosj\u0105 [&hellip;]<\/p>\n","protected":false},"author":1,"featured_media":0,"parent":0,"menu_order":1,"comment_status":"closed","ping_status":"closed","template":"","meta":{"footnotes":""},"class_list":["post-2846","page","type-page","status-publish","hentry"],"_links":{"self":[{"href":"https:\/\/topol.org.pl\/index.php?rest_route=\/wp\/v2\/pages\/2846","targetHints":{"allow":["GET"]}}],"collection":[{"href":"https:\/\/topol.org.pl\/index.php?rest_route=\/wp\/v2\/pages"}],"about":[{"href":"https:\/\/topol.org.pl\/index.php?rest_route=\/wp\/v2\/types\/page"}],"author":[{"embeddable":true,"href":"https:\/\/topol.org.pl\/index.php?rest_route=\/wp\/v2\/users\/1"}],"replies":[{"embeddable":true,"href":"https:\/\/topol.org.pl\/index.php?rest_route=%2Fwp%2Fv2%2Fcomments&post=2846"}],"version-history":[{"count":36,"href":"https:\/\/topol.org.pl\/index.php?rest_route=\/wp\/v2\/pages\/2846\/revisions"}],"predecessor-version":[{"id":6283,"href":"https:\/\/topol.org.pl\/index.php?rest_route=\/wp\/v2\/pages\/2846\/revisions\/6283"}],"wp:attachment":[{"href":"https:\/\/topol.org.pl\/index.php?rest_route=%2Fwp%2Fv2%2Fmedia&parent=2846"}],"curies":[{"name":"wp","href":"https:\/\/api.w.org\/{rel}","templated":true}]}}