{"id":3386,"date":"2024-05-23T17:28:31","date_gmt":"2024-05-23T15:28:31","guid":{"rendered":"https:\/\/topol.org.pl\/?page_id=3386"},"modified":"2026-01-09T10:23:22","modified_gmt":"2026-01-09T09:23:22","slug":"tarcza-wschod","status":"publish","type":"page","link":"https:\/\/topol.org.pl\/?page_id=3386","title":{"rendered":"Tarcza Wsch\u00f3d"},"content":{"rendered":"\n<p>23.05.2024 17.28 Tarcza Wsch\u00f3d. <a href=\"https:\/\/www.youtube.com\/watch?v=NHCukSda8f4\">10 miliard\u00f3w trzeba przeznaczy\u0107 dla rezerwy przeszkolonych ochotnik\u00f3w<\/a>. Rezerwa powinna by\u0107 wyposa\u017cona w sejfy na uzbrojenie i w porz\u0105dne uzbrojenie na sta\u0142e. <a href=\"https:\/\/dorzeczy.pl\/swiat\/590931\/finlandia-ma-doktryne-wojskowa-wciagniecie-w-glab-kraju.html\">Dobrze przeszkolona i gotowa do dzia\u0142ania <strong>tylko na wypadek wojny napastniczej<\/strong>.<\/a> Mo\u017cna wyposa\u017cy\u0107 w ten spos\u00f3b 500000 rezerwist\u00f3w. <strong>Te\u017c jestem ochotnikiem rezerwist\u0105 w stopniu szeregowego<\/strong>. Ka\u017cdy konflikt na naszym terenie rozpocznie si\u0119 od ataku na pe\u0142n\u0105 skal\u0119. Szatan gotowy. Rosja ma najpot\u0119\u017cniejsz\u0105 na \u015bwiecie bro\u0144 j\u0105drow\u0105 <a href=\"https:\/\/wiadomosci.wp.pl\/boze-co-to-bylo-myslalem-ze-to-koniec-swiata-7030605186640544a\">RS-28 Sarmat<\/a>, zwany te\u017c Szatanem II, to rosyjska najpot\u0119\u017cniejsza na \u015bwiecie bro\u0144 hipersoniczna, zdolna do przenoszenia jednocze\u015bnie 10-15 g\u0142owic j\u0105drowych na ogromnym dystansie. Obecnie \u017caden kraj nie ma jej odpowiednika. Pociski maj\u0105 zasi\u0119g 18 tysi\u0119cy kilometr\u00f3w, i po wystrzeleniu, mog\u0105 lata\u0107 po ca\u0142ej planecie przez wiele godzin a\u017c uderz\u0105 w wybrany cel z nieoczekiwanego kierunku. Nowa rosyjska rakieta mo\u017ce na swoim pok\u0142adzie przenosi\u0107 nawet 10 ci\u0119\u017ckich lub 15 lekkich g\u0142owic MIRV lub nieokre\u015blon\u0105 liczb\u0119 hipersonicznych pojazd\u00f3w szybuj\u0105cych Avangard. G\u0142owice s\u0105 wystarczaj\u0105co silne, aby zmie\u015b\u0107 z powierzchni ziemi obszary l\u0105dowe wielko\u015bci <strong><a href=\"https:\/\/www.topnews.ru\/news_id_886421.html\">Anglii<\/a><\/strong> lub <strong>Francji<\/strong>. Ta superci\u0119\u017cka rakieta o masie 200 ton ma d\u0142ugo\u015b\u0107 35,5 metra, \u015brednic\u0119 3 metr\u00f3w, mo\u017ce przenosi\u0107 \u0142adunki j\u0105drowe o masie 10 ton i rozp\u0119dzi\u0107 si\u0119 do 25000 km\/h, czyli 7 kilometr\u00f3w na sekund\u0119. Atrybutem tej broni jest fakt, \u017ce pociski mog\u0105 manewrowa\u0107 w trakcie lotu, dzi\u0119ki czemu s\u0105 bardzo trudne do str\u0105cenia przez tarcze antyrakietowe. Artyku\u0142 w INTERII<br>Trzeba si\u0119 broni\u0107 na terytorium Polski w <strong>wojnie sprawiedliwej<\/strong>. Do obrony przed atakiem mamy <strong>Wojsko Polskie<\/strong>.<\/p>\n\n\n\n<p>27.05.2024 15.00 <a href=\"https:\/\/www.msn.com\/pl-pl\/wiadomosci\/other\/bia%C5%82oru%C5%9B-maj%C4%85-za-p%C5%82otem-na-lubelszczy%C5%BAnie-oceniaj%C4%85-plan-tuska\/ar-BB1n7J4G?ocid=winp1taskbar&amp;cvid=ce7700ee574b4bd4ae136342c34734a8&amp;ei=14\">Bia\u0142oru\u015b maj\u0105 za p\u0142otem. Na Lubelszczy\u017anie oceniaj\u0105 plan Tuska<\/a><\/p>\n\n\n\n<p>27.05.2024 15.52 <a href=\"https:\/\/dorzeczy.pl\/opinie\/591486\/konwencja-ottawska-i-tarcza-wschod-zukowska-ruga-siemoniaka.html\">&#8222;Planowane jest przygotowanie zaminowania pasa granicznego&#8221;.<\/a> W razie konfliktu na pe\u0142n\u0105 skal\u0119, w przypadku ska\u017cenia wzd\u0142u\u017c Wis\u0142y mieszka\u0144cy ze wschodu nie b\u0119d\u0105 mogli uciec z pasa ska\u017conego ze wzgl\u0119du na p\u0142ot, pole minowe i zalane tereny. Te umocnienia dzia\u0142aj\u0105 w dwie strony. Pomagaj\u0105 w razie napa\u015bci i przeszkadzaj\u0105 w ucieczce w razie ska\u017cenia. Mieszka\u0144cy <strong>nie<\/strong> b\u0119d\u0105 mieli dost\u0119pu do wielokilometrowego pasa przy granicy&#8221;minimalne przygotowanie pasa przes\u0142aniania 50km od granicy&#8221;. <strong>Nie<\/strong> b\u0119dzie dost\u0119pu do rzeki Bug. <strong>Nie<\/strong> b\u0119dzie mo\u017cna funkcjonowa\u0107 na wschodzie. <strong>Nie<\/strong> ma zgody na takie umocnienia. Je\u015bli na terenie Unii <strong>nie<\/strong> da si\u0119 \u017cy\u0107, <strong>nie<\/strong> b\u0119dziemy mogli uciec. Ja traktuj\u0119 to jako sabota\u017c. To umocnienie b\u0119dzie dzia\u0142a\u0142o na nasz\u0105 szkod\u0119. Dewastacja b\u0119dzie totalna. Szata\u0144ski plan na miar\u0119 tego co si\u0119 wyprawia w Europie, Polsce i na \u015awiecie. Na Bia\u0142orusi i w Kaliningradzie jak spadn\u0105 bomby na ty\u0142ach 300 km od granicy i ska\u017c\u0105 teren ci ludzie te\u017c nie b\u0119d\u0105 mogli uciec przez umocnienia. Mo\u017ce o to chodzi \u017ceby oczy\u015bci\u0107 teren.<\/p>\n\n\n\n<figure class=\"wp-block-image size-full\"><img loading=\"lazy\" decoding=\"async\" width=\"662\" height=\"512\" src=\"https:\/\/topol.org.pl\/wp-content\/uploads\/2024\/05\/Pas-przygraniczny.jpg\" alt=\"\" class=\"wp-image-3447\" srcset=\"https:\/\/topol.org.pl\/wp-content\/uploads\/2024\/05\/Pas-przygraniczny.jpg 662w, https:\/\/topol.org.pl\/wp-content\/uploads\/2024\/05\/Pas-przygraniczny-300x232.jpg 300w\" sizes=\"auto, (max-width: 662px) 100vw, 662px\" \/><\/figure>\n\n\n\n<p><a href=\"https:\/\/dorzeczy.pl\/opinie\/591486\/konwencja-ottawska-i-tarcza-wschod-zukowska-ruga-siemoniaka.html\">\u0179r\u00f3d\u0142o: Do Rzeczy<\/a><\/p>\n\n\n\n<p><a href=\"https:\/\/dorzeczy.pl\/opinie\/589218\/tusk-odrzucil-pomysl-morawieckiego-ws-zaminowania-granicy.html\">&#8222;Nie planujemy&#8221;. Tusk odrzuci\u0142 pomys\u0142 Morawieckiego<\/a> <\/p>\n\n\n\n<p>Panie Premierze to jaki\u015b &#8222;europejski&#8221; podst\u0119p. Te umocnienia nie s\u0105 potrzebne. To dewastacja Polski wschodniej. Wydajcie pieni\u0105dze na uzbrojenie rezerwist\u00f3w w terenie. Mo\u017cna to zrobi\u0107 w kilka miesi\u0119cy. I uzbrojenie dla wojska. Panie Generale niech pan oka\u017ce rozsadek. To \u017cywa konserwa. <a href=\"https:\/\/www.msn.com\/pl-pl\/wiadomosci\/polska\/polski-genera%C5%82-oceni%C5%82-zagro%C5%BCenie-ze-strony-rosji-natychmiast\/ar-BB1lXs7Z?ocid=winp1taskbar&amp;cvid=8610100d429243608c06ca04a9143a5c&amp;ei=11#\">Ludzie wolni nie boj\u0105 si\u0119 i walcz\u0105.<\/a> <a href=\"https:\/\/topol.org.pl\/?page_id=3419\">Pa\u0144stwo to nie jest twierdza.<\/a><\/p>\n\n\n\n<p>29.05.2024 12.00 &#8222;<a href=\"https:\/\/dorzeczy.pl\/kraj\/592050\/stan-zolnierza-zaatakowanego-na-granicy-walczy-o-zycie.html\">Wiceszef MON<\/a> by\u0142 pytany, czy \u017co\u0142nierze na granicy powinni mie\u0107 prawo do u\u017cycia broni wobec migrant\u00f3w. \u2013 \u017bo\u0142nierze s\u0105 wyposa\u017ceni w bro\u0144, maj\u0105 amunicj\u0119 ostr\u0105. <strong>Zawsze \u017co\u0142nierz wtedy, kiedy jest atakowany, ma prawo do u\u017cycia broni<\/strong>, tak m\u00f3wi prawo i logika, z kt\u00f3r\u0105 mamy do czynienia \u2013 odpar\u0142 polityk. I stwierdzi\u0142, \u017ce pytanie jest retoryczne, bowiem <a href=\"https:\/\/dorzeczy.pl\/kraj\/592131\/kryzys-na-granicy-z-imigrantami-przez-polskie-prawo-zolnierze-nie-moga-uzywac-broni.html\">\u017co\u0142nierz ma prawo \u2013 wed\u0142ug obecnych przepis\u00f3w \u2013 u\u017cy\u0107 broni<\/a>&#8222;.<\/p>\n\n\n\n<p><strong>Zawsze \u017co\u0142nierz wtedy, kiedy jest atakowany, ma prawo do u\u017cycia broni<\/strong>, <strong>powinien u\u017cy\u0107 broni.<\/strong><\/p>\n\n\n\n<p>29.05.2024 15.34 <a href=\"https:\/\/dorzeczy.pl\/opinie\/591996\/pieczynski-rosjanie-nie-chca-muzulmanskich-imigrantow.html\">&#8222;Rosjanie nie&nbsp;chc\u0105 muzu\u0142ma\u0144skich imigrant\u00f3w\u201d<\/a><\/p>\n\n\n\n<p>29.05.2024 16.40 &#8222;<a href=\"https:\/\/www.money.pl\/gospodarka\/strefa-buforowa-na-granicy-przedsiebiorcy-jestesmy-przysypani-mulem-7032704661191424a.html?utm_medium=push&amp;utm_source=pushpushgo&amp;utm_campaign=Money-push&amp;utm_content=665712f9dec1cf0c007b4d7c\">Strefa buforowa na granicy<\/a>&#8222;.<\/p>\n\n\n\n<p>Pami\u0119tam rok tak zwanej pandemii. Pierwsza tura od marca 2020 do czerwca 2020. P\u00f3\u017aniej od wrze\u015bnia do czerwca 2021. W lipcu odpu\u015bci\u0142a. Mogli\u015bmy handlowa\u0107 na granicy w Leluchowie. Ale za kilka dni na pocz\u0105tku lipca przywie\u017ali zapory betonowe i po\u0142o\u017cyli na ca\u0142ej jezdni dwupasmowej na <a href=\"https:\/\/sadeczanin.info\/wiadomosci\/leluchow-nie-przerywaja-strajku-na-granicy-ustawili-znicze-uzyli-klaksonow\">mo\u015bcie Wyszehradzkim<\/a>. Nie mogli\u015bmy handlowa\u0107. Ludzie nie przyje\u017cd\u017cali. Zacz\u0105\u0142 si\u0119 strajk mieszka\u0144c\u00f3w po jednej i drugiej stronie granicy. Przyjecha\u0142 nawet Burmistrz Muszyny. Po kilku dniach d\u017awig i tir z naczep\u0105 i zabra\u0142 zapory przeciw pandemiczno czo\u0142gowe. Mogli\u015bmy handlowa\u0107. Ale od tamtej pory handel podupad\u0142. Ta akcja by\u0142a zorganizowana. W jednym czasie rozwin\u0119\u0142y si\u0119 paczkomaty i handel elektroniczny przez internet. Du\u017ce firmy przej\u0119\u0142y rynek. 24.02.2022 rozpocz\u0105\u0142 si\u0119 konflikt na Ukrainie. Pandemia wygas\u0142a. Tylko w Chnach wprowadzili Zero Covid do 2023 r. Wsp\u00f3\u0142czuje mieszka\u0144com przygranicznym w pasie strefy buforowej. Dwie\u015bcie metr\u00f3w to nie jest du\u017co. Trzeba otworzy\u0107 przej\u015bcia drogowe i o\u017cywi\u0107 handel i turystyk\u0119. Tak zwani emigranci chc\u0105 przej\u015b\u0107 przez nielegaln\u0105 granic\u0119. Mamy dla nich p\u0142ot i pas strefy buforowej. To wystarczy. Rosjanie i Bia\u0142orusini te\u017c ich nie chc\u0105. Ciekawe dlaczego oni tu jad\u0105. Mog\u0105 przecie\u017c za\u0142o\u017cy\u0107 legalnie firm\u0119 w Europie i pracowa\u0107. Tak jak Wietnamczycy i Chi\u0144czycy na <a href=\"https:\/\/topol.org.pl\/?page_id=3262\">Marywilskiej 44<\/a>. Teraz zapowiadaj\u0105, \u017ce sztuczna inteligencja odbierze nam prac\u0119. Mo\u017ce zostanie nam zaj\u0119cie na polu bitwy ale z czasem i z tej dziedziny nas wyprze robotyka. Nam obiecuj\u0105 doch\u00f3d podstawowy. Co wy na to. <a href=\"https:\/\/www.o2.pl\/informacje\/mieszka-przy-granicy-z-bialorusia-postuluje-o-podwojny-mur-7030238361356960a?utm_source=msn&amp;utm_medium=agregator\">Je\u015bli nic nie m\u00f3wicie, to znaczy, \u017ce si\u0119 zgodzili\u015bcie.<\/a><\/p>\n\n\n\n<p>29.05.2024 20.17 <a href=\"https:\/\/dorzeczy.pl\/swiat\/592287\/wojna-na-ukrainie-wegry-zwrocily-siedo-bialorusi.html\">&#8222;Jeste\u015bmy przera\u017ceni&#8221;. W\u0119gry zwr\u00f3ci\u0142y si\u0119 do&nbsp;Bia\u0142orusi<\/a><\/p>\n\n\n\n<p>Verte ><a href=\"https:\/\/topol.org.pl\/?page_id=6187\">Fundacja Narodowe Si\u0142y Samoobrony \u201eGrot\u201d<\/a><\/p>\n","protected":false},"excerpt":{"rendered":"<p>23.05.2024 17.28 Tarcza Wsch\u00f3d. 10 miliard\u00f3w trzeba przeznaczy\u0107 dla rezerwy przeszkolonych ochotnik\u00f3w. Rezerwa powinna by\u0107 wyposa\u017cona w sejfy na uzbrojenie i w porz\u0105dne uzbrojenie na sta\u0142e. Dobrze przeszkolona i gotowa do dzia\u0142ania tylko na wypadek wojny napastniczej. Mo\u017cna wyposa\u017cy\u0107 w ten spos\u00f3b 500000 rezerwist\u00f3w. Te\u017c jestem ochotnikiem rezerwist\u0105 w stopniu szeregowego. Ka\u017cdy konflikt na naszym [&hellip;]<\/p>\n","protected":false},"author":1,"featured_media":0,"parent":0,"menu_order":107,"comment_status":"closed","ping_status":"closed","template":"","meta":{"footnotes":""},"class_list":["post-3386","page","type-page","status-publish","hentry"],"_links":{"self":[{"href":"https:\/\/topol.org.pl\/index.php?rest_route=\/wp\/v2\/pages\/3386","targetHints":{"allow":["GET"]}}],"collection":[{"href":"https:\/\/topol.org.pl\/index.php?rest_route=\/wp\/v2\/pages"}],"about":[{"href":"https:\/\/topol.org.pl\/index.php?rest_route=\/wp\/v2\/types\/page"}],"author":[{"embeddable":true,"href":"https:\/\/topol.org.pl\/index.php?rest_route=\/wp\/v2\/users\/1"}],"replies":[{"embeddable":true,"href":"https:\/\/topol.org.pl\/index.php?rest_route=%2Fwp%2Fv2%2Fcomments&post=3386"}],"version-history":[{"count":35,"href":"https:\/\/topol.org.pl\/index.php?rest_route=\/wp\/v2\/pages\/3386\/revisions"}],"predecessor-version":[{"id":6361,"href":"https:\/\/topol.org.pl\/index.php?rest_route=\/wp\/v2\/pages\/3386\/revisions\/6361"}],"wp:attachment":[{"href":"https:\/\/topol.org.pl\/index.php?rest_route=%2Fwp%2Fv2%2Fmedia&parent=3386"}],"curies":[{"name":"wp","href":"https:\/\/api.w.org\/{rel}","templated":true}]}}