{"id":3394,"date":"2024-05-24T20:00:05","date_gmt":"2024-05-24T18:00:05","guid":{"rendered":"https:\/\/topol.org.pl\/?page_id=3394"},"modified":"2026-01-09T10:23:57","modified_gmt":"2026-01-09T09:23:57","slug":"calkowicie-niepowazne-pytania","status":"publish","type":"page","link":"https:\/\/topol.org.pl\/?page_id=3394","title":{"rendered":"Ca\u0142kowicie niepowa\u017cne pytania"},"content":{"rendered":"\n<p><a href=\"https:\/\/www.youtube.com\/watch?v=AeyX6CZ6HvU\">Ca\u0142kowicie niepowa\u017cne pytania<\/a>, nie \u017cycz\u0119 sobie organizowania komisji o niczym. <strong>Zako\u0144czcie demolowanie pa\u0144stwa.<\/strong> Poprawka umo\u017cliwiaj\u0105ca wydatkowanie z bud\u017cetu dla <a href=\"https:\/\/dorzeczy.pl\/kraj\/590628\/dwa-wnioski-o-ukaranie-kaczynskiego-do-komisji-etyki.html\">Poczty Polskiej<\/a> jest sp\u00f3\u017aniona o cztery lata. <a href=\"https:\/\/topol.org.pl\/?page_id=2666\">Firma strategiczna Poczta Polska<\/a> jest w tarapatach. Trzeba dofinansowa\u0107 z bud\u017cetu pa\u0144stwa. Powinna mie\u0107 paczkomaty, jest wypierana z rynku. Widzia\u0142em w Sejmie <a href=\"https:\/\/www.youtube.com\/watch?v=gGHushF3TRw\">wyst\u0105pienie ministra spraw zagranicznych<\/a>. To do czego d\u0105\u017cycie to zdrada. Nie dostali\u015bcie zgody na likwidacj\u0119 <strong>Pa\u0144stwa Polskiego<\/strong>. Rozszerzenie Unii na wsch\u00f3d jest dla nas niekorzystne. Unii nie da si\u0119 naprawi\u0107. Je\u015bli podporz\u0105dkujemy si\u0119 interesom og\u00f3lnym wsp\u00f3lnoty to b\u0119dziemy walczyli na froncie z Rosj\u0105.<\/p>\n\n\n\n<p>Verte ><a href=\"https:\/\/topol.org.pl\/?page_id=6187\">Fundacja Narodowe Si\u0142y Samoobrony \u201eGrot\u201d<\/a><\/p>\n","protected":false},"excerpt":{"rendered":"<p>Ca\u0142kowicie niepowa\u017cne pytania, nie \u017cycz\u0119 sobie organizowania komisji o niczym. Zako\u0144czcie demolowanie pa\u0144stwa. Poprawka umo\u017cliwiaj\u0105ca wydatkowanie z bud\u017cetu dla Poczty Polskiej jest sp\u00f3\u017aniona o cztery lata. Firma strategiczna Poczta Polska jest w tarapatach. Trzeba dofinansowa\u0107 z bud\u017cetu pa\u0144stwa. Powinna mie\u0107 paczkomaty, jest wypierana z rynku. Widzia\u0142em w Sejmie wyst\u0105pienie ministra spraw zagranicznych. To do czego [&hellip;]<\/p>\n","protected":false},"author":1,"featured_media":0,"parent":0,"menu_order":110,"comment_status":"closed","ping_status":"closed","template":"","meta":{"footnotes":""},"class_list":["post-3394","page","type-page","status-publish","hentry"],"_links":{"self":[{"href":"https:\/\/topol.org.pl\/index.php?rest_route=\/wp\/v2\/pages\/3394","targetHints":{"allow":["GET"]}}],"collection":[{"href":"https:\/\/topol.org.pl\/index.php?rest_route=\/wp\/v2\/pages"}],"about":[{"href":"https:\/\/topol.org.pl\/index.php?rest_route=\/wp\/v2\/types\/page"}],"author":[{"embeddable":true,"href":"https:\/\/topol.org.pl\/index.php?rest_route=\/wp\/v2\/users\/1"}],"replies":[{"embeddable":true,"href":"https:\/\/topol.org.pl\/index.php?rest_route=%2Fwp%2Fv2%2Fcomments&post=3394"}],"version-history":[{"count":6,"href":"https:\/\/topol.org.pl\/index.php?rest_route=\/wp\/v2\/pages\/3394\/revisions"}],"predecessor-version":[{"id":6364,"href":"https:\/\/topol.org.pl\/index.php?rest_route=\/wp\/v2\/pages\/3394\/revisions\/6364"}],"wp:attachment":[{"href":"https:\/\/topol.org.pl\/index.php?rest_route=%2Fwp%2Fv2%2Fmedia&parent=3394"}],"curies":[{"name":"wp","href":"https:\/\/api.w.org\/{rel}","templated":true}]}}