{"id":3403,"date":"2024-05-25T21:15:59","date_gmt":"2024-05-25T19:15:59","guid":{"rendered":"https:\/\/topol.org.pl\/?page_id=3403"},"modified":"2026-01-09T10:24:38","modified_gmt":"2026-01-09T09:24:38","slug":"rozmowy-o-pokoju-zagrozone-eskalacja-konfliktu","status":"publish","type":"page","link":"https:\/\/topol.org.pl\/?page_id=3403","title":{"rendered":"Rozmowy o pokoju zagro\u017cone eskalacj\u0105 konfliktu."},"content":{"rendered":"\n<p>01.07.2024 18.28 <a href=\"https:\/\/dorzeczy.pl\/swiat\/605871\/hiszpania-wysyla-najwiekszy-w-historii-kontyngent-do-bazy-nato-na-slowacji.html\">Hiszpania przerzuca \u017co\u0142nierzy na&nbsp;S\u0142owacj\u0119<\/a> <\/p>\n\n\n\n<p>25.05.2024 21.17 <a href=\"https:\/\/www.msn.com\/pl-pl\/wiadomosci\/polska\/napi%C4%99cie-przed-rozmowami-o-pokoju-zacharowa-zwraca-si%C4%99-do-uczestnik%C3%B3w\/ar-BB1n34JU?ocid=winp1taskbar&amp;cvid=f16fb92b43e241f78cb145dc8b705cf5&amp;ei=47\">Rozmowy o pokoju zagro\u017cone eskalacj\u0105 konfliktu.<\/a> <a href=\"https:\/\/www.msn.com\/pl-pl\/wiadomosci\/polska\/szokuj%C4%85ce-dane-z-frontu-rosyjskie-straty-przekroczy%C5%82y-barier%C4%99\/ar-BB1n2EFA?ocid=hpmsn&amp;cvid=f203f9dc8eb24fb1a699f97d7a75c347&amp;ei=45\">Rosja straci\u0142a ponad 500 tys. ludzi<\/a>. <a href=\"https:\/\/www.google.com\/search?client=firefox-b-d&amp;q=Straty+Ukrainy\">Ile straci\u0142a Ukraina \u017co\u0142nierzy?<\/a><\/p>\n\n\n\n<p>Trzeba zada\u0107 pytanie, czy Ukraina lub Rosja zrezygnuje z walki? Moim zdaniem nie zrezygnuje. Dlatego trzeba znale\u017a\u0107 rozwi\u0105zanie do zaakceptowania przez Ukrain\u0119 i Rosj\u0119. Rozmowy pokojowe powinny by\u0107 z udzia\u0142em Ukrainy i Rosji. <a href=\"https:\/\/www.msn.com\/pl-pl\/wiadomosci\/polska\/miedwiediew-komentuje-s%C5%82owa-sikorskiego-amerykanie-s%C4%85-bardziej-ostro%C5%BCni-ni%C5%BC-polacy\/ar-BB1n4jHl?ocid=hpmsn&amp;cvid=e4bfa1a4886e43a58501f47bd46656ec&amp;ei=39\">Mo\u017ce bez udzia\u0142u zagranicy, kt\u00f3ra eskaluje konflikt.<\/a> Rozmowy trzeba prowadzi\u0107 w punkcie rozejmu na czas pokojowego poselstwa. Mo\u017ce <a href=\"https:\/\/pl.wikipedia.org\/wiki\/Awdijiwka\">Awdijiwka<\/a>. Ch\u0119tnie podejm\u0119 si\u0119 roli negocjatora.<\/p>\n\n\n\n<p>27.05.2024 11.33 <a href=\"https:\/\/wiadomosci.wp.pl\/zelenski-zaapelowal-do-xi-jinpinga-jest-odpowiedz-z-chin-7031993415166656a\">Ze\u0142enski zaapelowa\u0142 do Xi Jinpinga. Jest odpowied\u017a z Chin<\/a><\/p>\n\n\n\n<p>27.05.2024 11.42 Planu Kremla na &#8222;centrum nowej Ukrainy&#8221; <a href=\"https:\/\/www.msn.com\/pl-pl\/wiadomosci\/polska\/kreml-chce-stworzy%C4%87-centrum-nowej-ukrainy-do-mi%C5%84ska-zawita%C5%82-go%C5%9B%C4%87-specjalny\/ar-BB1n7j8W?ocid=winp1taskbar&amp;cvid=0e843799ea8b4bfab243177983626811&amp;ei=16\">chyba nikt nie zaakceptuje<\/a>. <a href=\"https:\/\/www.youtube.com\/watch?v=N3X3ZMFJEZ8\">Wyga\u015bni\u0119cie kadencji prezydenta Ukrainy<\/a> Wo\u0142odymyra Ze\u0142enskiego nast\u0105pi z chwil\u0105 zako\u0144czenia dzia\u0142a\u0144 wojennych.<\/p>\n\n\n\n<p>30.05.2024 12.22 <a href=\"https:\/\/www.msn.com\/pl-pl\/wiadomosci\/polska\/reprymenda-dla-ze%C5%82enskiego-zachodni-przyw%C3%B3dcy-stracili-cierpliwo%C5%9B%C4%87\/ar-BB1nfr8w?ocid=winp1taskbar&amp;cvid=1c55dc6a1fc248e5c407c4465cdd480c&amp;ei=5\">Re\u017cim w Kijowie<\/a><\/p>\n\n\n\n<p>&#8222;<a href=\"https:\/\/wydarzenia.interia.pl\/raport-ukraina-rosja\/news-przelomowa-deklaracja-szefa-nato-apel-w-sprawie-ukrainy,nId,7533351\" target=\"_blank\" rel=\"noreferrer noopener\">Prze\u0142omowa deklaracja szefa NATO. Apel w sprawie Ukrainy<\/a><\/p>\n\n\n\n<p>Tymczasem&nbsp;<a href=\"https:\/\/wydarzenia.interia.pl\/tematy-wolodymyr-zelenski,gsbi,11\" target=\"_blank\" rel=\"noreferrer noopener\">Wo\u0142odymyr Ze\u0142enski<\/a>&nbsp;<strong>mia\u0142 domaga\u0107 si\u0119 &#8222;niemo\u017cliwego&#8221;<\/strong>&nbsp;&#8211; wynika ze \u017ar\u00f3de\u0142 &#8222;The Telegraph&#8221;. Re\u017cim w Kijowie chce przedstawienia jasnych ram czasowych wej\u015bcia do Sojuszu P\u00f3\u0142nocnoatlantyckiego. W tej sytuacji&nbsp;<strong>cierpliwo\u015b\u0107 stracili<\/strong>&nbsp;przyw\u00f3dcy USA i&nbsp;<a href=\"https:\/\/wydarzenia.interia.pl\/tematy-niemcy,gsbi,2629\" target=\"_blank\" rel=\"noreferrer noopener\">Niemiec<\/a>.&nbsp;<a href=\"https:\/\/wydarzenia.interia.pl\/tematy-waszyngton,gsbi,4432\" target=\"_blank\" rel=\"noreferrer noopener\">Waszyngton<\/a>&nbsp;i Berlin &#8222;zdecydowanie ostrzeg\u0142y&#8221; ukrai\u0144sk\u0105 g\u0142ow\u0119 pa\u0144stwa&#8221;<\/p>\n\n\n\n<p>Re\u017cim w Kijowie-jestem zaniepokojony okre\u015bleniem Prezydenta Wo\u0142odymyra Ze\u0142enskiego.<\/p>\n\n\n\n<p>30.05.2024 12.27 <a href=\"https:\/\/dorzeczy.pl\/swiat\/592392\/niemcy-przeklamuja-historie-skandaliczne-tablice-w-msz.html\">Niemcy przek\u0142amuj\u0105 histori\u0119.<\/a><\/p>\n\n\n\n<p>30.05.2024 14.58 POLSKI FILM WOJENNY <\/p>\n\n\n\n<p><a href=\"https:\/\/www.youtube.com\/watch?v=qeohw1ZNuZI\">OGNIOMISTRZ KALE\u0143 &#8211; POLSKI DRAMAT WOJENNY<\/a><\/p>\n\n\n\n<p><a href=\"https:\/\/www.youtube.com\/watch?v=qop0hCfeOag\">DZIE\u0143 OCZYSZCZENIA &#8211; POLSKI FILM WOJENNY<\/a><\/p>\n\n\n\n<p><a href=\"https:\/\/www.youtube.com\/watch?v=en2uqn9sX20\">HISTORIA JEDNEGO MY\u015aLIWCA &#8211; POLSKI DRAMAT WOJENNY<\/a><\/p>\n\n\n\n<p><a href=\"https:\/\/www.youtube.com\/watch?v=q-J3Q_v4I4Y\">S\u0104SIEDZI &#8211; POLSKI DRAMAT WOJENNY<\/a><\/p>\n\n\n\n<p><a href=\"https:\/\/www.youtube.com\/watch?v=_xYVNNVtMSA\">JARZ\u0118BINA CZERWONA &#8211; POLSKI FILM WOJENNY<\/a><\/p>\n\n\n\n<p>Verte ><a href=\"https:\/\/topol.org.pl\/?page_id=6187\">Fundacja Narodowe Si\u0142y Samoobrony \u201eGrot\u201d<\/a><\/p>\n\n\n\n<p><\/p>\n","protected":false},"excerpt":{"rendered":"<p>01.07.2024 18.28 Hiszpania przerzuca \u017co\u0142nierzy na&nbsp;S\u0142owacj\u0119 25.05.2024 21.17 Rozmowy o pokoju zagro\u017cone eskalacj\u0105 konfliktu. Rosja straci\u0142a ponad 500 tys. ludzi. Ile straci\u0142a Ukraina \u017co\u0142nierzy? Trzeba zada\u0107 pytanie, czy Ukraina lub Rosja zrezygnuje z walki? Moim zdaniem nie zrezygnuje. Dlatego trzeba znale\u017a\u0107 rozwi\u0105zanie do zaakceptowania przez Ukrain\u0119 i Rosj\u0119. Rozmowy pokojowe powinny by\u0107 z udzia\u0142em Ukrainy [&hellip;]<\/p>\n","protected":false},"author":1,"featured_media":0,"parent":0,"menu_order":111,"comment_status":"closed","ping_status":"closed","template":"","meta":{"footnotes":""},"class_list":["post-3403","page","type-page","status-publish","hentry"],"_links":{"self":[{"href":"https:\/\/topol.org.pl\/index.php?rest_route=\/wp\/v2\/pages\/3403","targetHints":{"allow":["GET"]}}],"collection":[{"href":"https:\/\/topol.org.pl\/index.php?rest_route=\/wp\/v2\/pages"}],"about":[{"href":"https:\/\/topol.org.pl\/index.php?rest_route=\/wp\/v2\/types\/page"}],"author":[{"embeddable":true,"href":"https:\/\/topol.org.pl\/index.php?rest_route=\/wp\/v2\/users\/1"}],"replies":[{"embeddable":true,"href":"https:\/\/topol.org.pl\/index.php?rest_route=%2Fwp%2Fv2%2Fcomments&post=3403"}],"version-history":[{"count":20,"href":"https:\/\/topol.org.pl\/index.php?rest_route=\/wp\/v2\/pages\/3403\/revisions"}],"predecessor-version":[{"id":6365,"href":"https:\/\/topol.org.pl\/index.php?rest_route=\/wp\/v2\/pages\/3403\/revisions\/6365"}],"wp:attachment":[{"href":"https:\/\/topol.org.pl\/index.php?rest_route=%2Fwp%2Fv2%2Fmedia&parent=3403"}],"curies":[{"name":"wp","href":"https:\/\/api.w.org\/{rel}","templated":true}]}}