{"id":3564,"date":"2024-06-01T15:06:16","date_gmt":"2024-06-01T13:06:16","guid":{"rendered":"https:\/\/topol.org.pl\/?page_id=3564"},"modified":"2026-01-09T10:25:23","modified_gmt":"2026-01-09T09:25:23","slug":"trzeba-zbadac-antypolskie-wplywy","status":"publish","type":"page","link":"https:\/\/topol.org.pl\/?page_id=3564","title":{"rendered":"Trzeba zbada\u0107 antypolskie wp\u0142ywy"},"content":{"rendered":"\n<p>01.06.2024 15.06 <a href=\"https:\/\/topol.org.pl\/?page_id=59\">Trzeba zbada\u0107 antypolskie wp\u0142ywy<\/a><\/p>\n\n\n\n<p><a href=\"https:\/\/dorzeczy.pl\/opinie\/593043\/bartosiak-i-zapiski-w-przededniu-wojny-bunt-bartosiakow.html\">&#8222;elity polityczne sta\u0142y si\u0119 skrajnie kompradorskie, czyli realizuj\u0105 interesy obcych o\u015brodk\u00f3w w\u0142adzy \u2013 i za ich przyzwoleniem eksploatuj\u0105 reszt\u0119 spo\u0142ecze\u0144stwa&#8221;<\/a><\/p>\n\n\n\n<p>W\u0142a\u015bciwie wszyscy realizuj\u0105 interesy obcych o\u015brodk\u00f3w w\u0142adzy. To si\u0119 dokona\u0142o. Licz\u0119 na otrze\u017awienie polityk\u00f3w i ludzi g\u0142osuj\u0105cych na elity. Z powodu braku rozs\u0105dnych elit zag\u0142osuj\u0119 na (&#8230;) <a href=\"https:\/\/topol.org.pl\/?page_id=173\">&#8222;G\u0142os silnej Polski&#8221;<\/a> Ludzie na emigracji s\u0105 jeszcze bardziej niezorientowani co si\u0119 u nas dzieje ni\u017c ludzie w Polsce.<\/p>\n\n\n\n<p><a href=\"https:\/\/www.youtube.com\/watch?v=L77YyBzZVKo\">Rzeczpospolita szokuje: Sabota\u017c i Po\u017cary to WINA Rosji i Putina. Czy wy\u015blemy Wojsko na Ukrain\u0119?<\/a><\/p>\n\n\n\n<p><a href=\"https:\/\/www.youtube.com\/watch?v=tMvfUNxjJbg\">Leszek Sykulski: Polska a Wsch\u00f3d i Zach\u00f3d. Analiza szans i zale\u017cno\u015bci.<\/a><\/p>\n\n\n\n<p>13.12.1981 r. by\u0142em na zgrupowaniu w Zakopanem. Byli\u015bmy w Uk\u0142adzie Warszawskim zagra\u017ca\u0142o nam NATO, teraz jeste\u015bmy w NATO i zagra\u017ca nam &#8230;eskalacja napi\u0119cia.<\/p>\n\n\n\n<p><a href=\"https:\/\/topol.org.pl\/?page_id=173\">&#8222;G\u0142os silnej Polski&#8221;<\/a> <\/p>\n\n\n\n<p><strong>nie popieram nikogo, nikomu nie ufam.<\/strong><\/p>\n\n\n\n<p>Verte ><a href=\"https:\/\/topol.org.pl\/?page_id=6187\">Fundacja Narodowe Si\u0142y Samoobrony \u201eGrot\u201d<\/a><\/p>\n","protected":false},"excerpt":{"rendered":"<p>01.06.2024 15.06 Trzeba zbada\u0107 antypolskie wp\u0142ywy &#8222;elity polityczne sta\u0142y si\u0119 skrajnie kompradorskie, czyli realizuj\u0105 interesy obcych o\u015brodk\u00f3w w\u0142adzy \u2013 i za ich przyzwoleniem eksploatuj\u0105 reszt\u0119 spo\u0142ecze\u0144stwa&#8221; W\u0142a\u015bciwie wszyscy realizuj\u0105 interesy obcych o\u015brodk\u00f3w w\u0142adzy. To si\u0119 dokona\u0142o. Licz\u0119 na otrze\u017awienie polityk\u00f3w i ludzi g\u0142osuj\u0105cych na elity. Z powodu braku rozs\u0105dnych elit zag\u0142osuj\u0119 na (&#8230;) &#8222;G\u0142os silnej [&hellip;]<\/p>\n","protected":false},"author":1,"featured_media":0,"parent":0,"menu_order":116,"comment_status":"closed","ping_status":"closed","template":"","meta":{"footnotes":""},"class_list":["post-3564","page","type-page","status-publish","hentry"],"_links":{"self":[{"href":"https:\/\/topol.org.pl\/index.php?rest_route=\/wp\/v2\/pages\/3564","targetHints":{"allow":["GET"]}}],"collection":[{"href":"https:\/\/topol.org.pl\/index.php?rest_route=\/wp\/v2\/pages"}],"about":[{"href":"https:\/\/topol.org.pl\/index.php?rest_route=\/wp\/v2\/types\/page"}],"author":[{"embeddable":true,"href":"https:\/\/topol.org.pl\/index.php?rest_route=\/wp\/v2\/users\/1"}],"replies":[{"embeddable":true,"href":"https:\/\/topol.org.pl\/index.php?rest_route=%2Fwp%2Fv2%2Fcomments&post=3564"}],"version-history":[{"count":15,"href":"https:\/\/topol.org.pl\/index.php?rest_route=\/wp\/v2\/pages\/3564\/revisions"}],"predecessor-version":[{"id":6370,"href":"https:\/\/topol.org.pl\/index.php?rest_route=\/wp\/v2\/pages\/3564\/revisions\/6370"}],"wp:attachment":[{"href":"https:\/\/topol.org.pl\/index.php?rest_route=%2Fwp%2Fv2%2Fmedia&parent=3564"}],"curies":[{"name":"wp","href":"https:\/\/api.w.org\/{rel}","templated":true}]}}