{"id":3614,"date":"2024-06-03T17:51:19","date_gmt":"2024-06-03T15:51:19","guid":{"rendered":"https:\/\/topol.org.pl\/?page_id=3614"},"modified":"2026-01-09T10:25:52","modified_gmt":"2026-01-09T09:25:52","slug":"w-zakopanem","status":"publish","type":"page","link":"https:\/\/topol.org.pl\/?page_id=3614","title":{"rendered":"w Zakopanem Unia odbierze konie"},"content":{"rendered":"\n<p>9.06.2024 16.59 <\/p>\n\n\n\n<h6 class=\"wp-block-heading\"><a href=\"https:\/\/www.msn.com\/pl-pl\/styl-zycia\/moda-i-uroda\/je%C5%BAdzi-na-morskie-oko-mam-konia-do-pracy-i-byka-na-mi%C4%99so\/ar-BB1nNkG9?ocid=winp1taskbar&amp;cvid=e051771f05bb48debe895d26441962eb&amp;ei=13\">Wozak z Podhala: &#8222;Z czego\u015b trzeba \u017cy\u0107&#8221;<\/a><\/h6>\n\n\n\n<p>W\u0142adys\u0142aw Nowobilski w&nbsp;rozmowie z&nbsp;&#8222;<a href=\"https:\/\/www.fakt.pl\/\">Faktem<\/a>&#8221; przekonuje, \u017ce organizacja pro zwierz\u0119ca powinna chroni\u0107 prawa zwierz\u0105t, a&nbsp;tymczasem ich dzia\u0142ania &#8211;&nbsp;jego zdaniem &#8211;&nbsp;doprowadz\u0105 do likwidacji konia.<\/p>\n\n\n\n<p><em>Mo\u017ce b\u0119dziemy ogl\u0105da\u0107 nied\u0142ugo konia w&nbsp;zoo, normalnie pracuj\u0105cego konia nie b\u0119dzie &#8211;&nbsp;m\u00f3wi prezes. &#8211;&nbsp;Pozwalamy innym zarobi\u0107. Dzi\u0119ki nam pracuj\u0105 rymarze. Wozy trzeba zrobi\u0107, stolarze maj\u0105 zarobek. Kowale, rolnicy. U&nbsp;nas nie ma takiej ziemi, \u017ceby naprodukowa\u0107 owsa, kupujemy go w&nbsp;Polsce \u2013&nbsp;zauwa\u017ca i&nbsp;przytacza dowody, jak bardzo s\u0105 potrzebni &#8211;&nbsp;dodaje w&nbsp;rozmowie z&nbsp;&#8222;<a href=\"https:\/\/www.fakt.pl\/\">Faktem<\/a>&#8222;.<\/em><\/p>\n\n\n\n<p><strong>Mamy do&nbsp;czynienia z&nbsp;radykalnym lewicowym aktywist\u0105, kt\u00f3ry nie przewidzia\u0142 zabicia koni z lito\u015bci.<\/strong> <strong>Bo\u017ce daj nam rozum.<\/strong><\/p>\n\n\n\n<p>3.06.2024 17.51 <a href=\"https:\/\/www.msn.com\/pl-pl\/styl-zycia\/moda-i-uroda\/karolina-korwin-piotrowska-do-paw%C5%82a-golca-nieuku-specjalnie-dla-niego-zacytowa%C5%82a-encyklopedi%C4%99\/ar-BB1ntEub?ocid=winp1taskbar&amp;cvid=c409ccd6839947178f7426ed26ba2650&amp;ei=40\">O&nbsp;<strong>transporcie konnym na Morskie Oko<\/strong> w Zakopanem<\/a><\/p>\n\n\n\n<p><strong><a href=\"https:\/\/www.google.com\/search?client=firefox-b-d&amp;q=ko%C5%84+z+ludzk%C4%85+g%C5%82ow%C4%85#vhid=c7Kly71DRYYvvM&amp;vssid=l\">Centauri<\/a><\/strong> <strong><a href=\"https:\/\/pl.wikipedia.org\/wiki\/Centaury_(mitologia)\">Centaury i centaurydy<\/a><\/strong> (tak\u017ce <strong>centaurowie<\/strong>; z <a href=\"https:\/\/pl.wikipedia.org\/wiki\/J%C4%99zyk_grecki\">gr.<\/a> \u039a\u03ad\u03bd\u03c4\u03b1\u03c5\u03c1\u03bf\u03b9 <em>K\u00e9ntauroi<\/em>, <a href=\"https:\/\/pl.wikipedia.org\/wiki\/%C5%81acina\">\u0142ac.<\/a> <em>Centauri<\/em>) \u2013 w <a href=\"https:\/\/pl.wikipedia.org\/wiki\/Mitologia_grecka\">mitologii greckiej<\/a> p\u00f3\u0142 ludzie, p\u00f3\u0142 <a href=\"https:\/\/pl.wikipedia.org\/wiki\/Ko%C5%84_domowy\">konie<\/a>. \u0179r\u00f3d\u0142o: Wikipedia<\/p>\n\n\n\n<p><strong><a href=\"https:\/\/pl.wikipedia.org\/wiki\/Centaury_(mitologia)\">Centaur<\/a><\/strong> &#8211; r.m<\/p>\n\n\n\n<p><strong><a href=\"https:\/\/pl.wikipedia.org\/wiki\/Centaury_(mitologia)\">Centauryd<\/a>a<\/strong> &#8211; r.\u017c<\/p>\n\n\n\n<p>W 2RP BY\u0141O 16 000 000 koni w Unii b\u0119d\u0105 tylko w ZOO.<\/p>\n\n\n\n<p>A tak na powa\u017cnie to <a href=\"https:\/\/pl.wikipedia.org\/wiki\/Infrastruktura_krytyczna\">infrastruktura krytyczna<\/a> w okresie propagowanej wojny.<\/p>\n\n\n\n<p><strong><a href=\"https:\/\/pl.wikipedia.org\/wiki\/Transport\">Transport<\/a><\/strong> (<a href=\"https:\/\/pl.wikipedia.org\/wiki\/%C5%81acina\">\u0142ac.<\/a>&nbsp;<em>transportare<\/em> \u2013 przenie\u015b\u0107, przewie\u017a\u0107) \u2013 przemieszczanie ludzi, \u0142adunk\u00f3w (przedmiot transportu) w przestrzeni przy wykorzystaniu odpowiednich \u015brodk\u00f3w (<a href=\"https:\/\/pl.wikipedia.org\/wiki\/%C5%9Arodek_transportu\">\u015brodk\u00f3w transportu<\/a>). <\/p>\n\n\n\n<p>Przyk\u0142ady \u015brodk\u00f3w transportu jako istot \u017cywych: <a href=\"https:\/\/pl.wikipedia.org\/w\/index.php?title=Zwierz%C4%99ta_juczne&amp;action=edit&amp;redlink=1\">zwierz\u0119ta juczne<\/a>, <a href=\"https:\/\/pl.wikipedia.org\/w\/index.php?title=Zwierz%C4%99ta_poci%C4%85gowe&amp;action=edit&amp;redlink=1\">zwierz\u0119ta poci\u0105gowe<\/a>, <a href=\"https:\/\/pl.wikipedia.org\/w\/index.php?title=Tragarz&amp;action=edit&amp;redlink=1\">tragarze<\/a>. \u0179r\u00f3d\u0142o: Wikipedia<\/p>\n\n\n\n<p>W przypadku braku paliwa w zim\u0119 to jedyny \u015brodek lokomocji dla mieszka\u0144c\u00f3w. Mo\u017cna si\u0119 litowa\u0107 nad zwierz\u0119tami ale w czasie g\u0142odu to \u017ar\u00f3d\u0142o po\u017cywienia. Dlatego twierdz\u0119, \u017ce to sabota\u017c. Nawet w Warszawie s\u0105 doro\u017cki. W Krakowie, Krynicy. Pozbawienie ludzi zwierz\u0105t poci\u0105gowych spowoduje upadek kolejnej bran\u017cy. To pewnie kolejne 100 000 miejsc pracy dla zwyk\u0142ych ludzi.<\/p>\n\n\n\n<p><a href=\"https:\/\/wiadomosci.wp.pl\/koniec-z-fasiagami-na-morskie-oko-poslanka-ko-a-co-sie-stanie-z-konmi-7028133213579393v\">Koniec z fasi\u0105gami na Morskie Oko? Pos\u0142anka KO: A co si\u0119 stanie z ko\u0144mi?<\/a><\/p>\n\n\n\n<p>Verte ><a href=\"https:\/\/topol.org.pl\/?page_id=6187\">Fundacja Narodowe Si\u0142y Samoobrony \u201eGrot\u201d<\/a><\/p>\n","protected":false},"excerpt":{"rendered":"<p>9.06.2024 16.59 Wozak z Podhala: &#8222;Z czego\u015b trzeba \u017cy\u0107&#8221; W\u0142adys\u0142aw Nowobilski w&nbsp;rozmowie z&nbsp;&#8222;Faktem&#8221; przekonuje, \u017ce organizacja pro zwierz\u0119ca powinna chroni\u0107 prawa zwierz\u0105t, a&nbsp;tymczasem ich dzia\u0142ania &#8211;&nbsp;jego zdaniem &#8211;&nbsp;doprowadz\u0105 do likwidacji konia. Mo\u017ce b\u0119dziemy ogl\u0105da\u0107 nied\u0142ugo konia w&nbsp;zoo, normalnie pracuj\u0105cego konia nie b\u0119dzie &#8211;&nbsp;m\u00f3wi prezes. &#8211;&nbsp;Pozwalamy innym zarobi\u0107. Dzi\u0119ki nam pracuj\u0105 rymarze. Wozy trzeba zrobi\u0107, stolarze [&hellip;]<\/p>\n","protected":false},"author":1,"featured_media":0,"parent":0,"menu_order":119,"comment_status":"closed","ping_status":"closed","template":"","meta":{"footnotes":""},"class_list":["post-3614","page","type-page","status-publish","hentry"],"_links":{"self":[{"href":"https:\/\/topol.org.pl\/index.php?rest_route=\/wp\/v2\/pages\/3614","targetHints":{"allow":["GET"]}}],"collection":[{"href":"https:\/\/topol.org.pl\/index.php?rest_route=\/wp\/v2\/pages"}],"about":[{"href":"https:\/\/topol.org.pl\/index.php?rest_route=\/wp\/v2\/types\/page"}],"author":[{"embeddable":true,"href":"https:\/\/topol.org.pl\/index.php?rest_route=\/wp\/v2\/users\/1"}],"replies":[{"embeddable":true,"href":"https:\/\/topol.org.pl\/index.php?rest_route=%2Fwp%2Fv2%2Fcomments&post=3614"}],"version-history":[{"count":18,"href":"https:\/\/topol.org.pl\/index.php?rest_route=\/wp\/v2\/pages\/3614\/revisions"}],"predecessor-version":[{"id":6372,"href":"https:\/\/topol.org.pl\/index.php?rest_route=\/wp\/v2\/pages\/3614\/revisions\/6372"}],"wp:attachment":[{"href":"https:\/\/topol.org.pl\/index.php?rest_route=%2Fwp%2Fv2%2Fmedia&parent=3614"}],"curies":[{"name":"wp","href":"https:\/\/api.w.org\/{rel}","templated":true}]}}