{"id":3682,"date":"2024-06-06T06:39:57","date_gmt":"2024-06-06T04:39:57","guid":{"rendered":"https:\/\/topol.org.pl\/?page_id=3682"},"modified":"2026-01-09T10:43:02","modified_gmt":"2026-01-09T09:43:02","slug":"robert-francis-kennedy-jr","status":"publish","type":"page","link":"https:\/\/topol.org.pl\/?page_id=3682","title":{"rendered":"Robert Francis Kennedy Jr."},"content":{"rendered":"\n<p><strong><a href=\"https:\/\/pl.wikipedia.org\/wiki\/Robert_F._Kennedy_Jr.\">Robert Francis Kennedy Jr.<\/a><\/strong> (ur. <a href=\"https:\/\/pl.wikipedia.org\/wiki\/17_stycznia\">17 stycznia<\/a> <a href=\"https:\/\/pl.wikipedia.org\/wiki\/1954\">1954<\/a> w <a href=\"https:\/\/pl.wikipedia.org\/wiki\/Waszyngton\">Waszyngtonie<\/a>) \u2013 <a href=\"https:\/\/pl.wikipedia.org\/wiki\/Stany_Zjednoczone\">ameryka\u0144ski<\/a> prawnik, polityk oraz autor ksi\u0105\u017cek dzia\u0142aj\u0105cy na rzecz ochrony \u015brodowiska. Jest aktywist\u0105 <a href=\"https:\/\/pl.wikipedia.org\/wiki\/Ruch_antyszczepionkowy\">ruchu antyszczepionkowego<\/a> \u0179r\u00f3d\u0142o: Wikipedia<\/p>\n\n\n\n<p>Kandydat na prezydenta USA<\/p>\n\n\n\n<p>\u0179r\u00f3d\u0142o: <a href=\"https:\/\/www.msn.com\/pl-pl\/wiadomosci\/polska\/pawe%C5%82-%C5%82epkowski-nowy-kryzys-kuba%C5%84ski-joe-bidena-czeka-bardzo-trudna-pr%C3%B3ba\/ar-BB1nUBY3?ocid=hpmsn&amp;cvid=420d5748ad6649b7b7eba99f72d8ec55&amp;ei=51\">Rzeczpospolita<\/a><\/p>\n\n\n\n<p>\u0179r\u00f3d\u0142o: <a href=\"http:\/\/www.rp.pl\/\"><\/a><a href=\"https:\/\/www.msn.com\/pl-pl\/wiadomosci\/polska\/rus%C5%82an-szoszyn-zimna-wojna-xxi-w-nabiera-tempa-dlaczego-rosji-op%C5%82aca-si%C4%99-nowy-kryzys-kuba%C5%84ski\/ar-BB1nUp4H?ocid=hpmsn&amp;cvid=420d5748ad6649b7b7eba99f72d8ec55&amp;ei=51\">Rzeczpospolita<\/a><\/p>\n\n\n\n<p>Kryzys Kuba\u0144ski to odpowied\u017a na kryzys w Europie. Ka\u017cde mocarstwo ma swoje interesy w rejonie. Kandydat na prezydenta USA to ekspert od teorii spiskowych.<\/p>\n\n\n\n<p>05.07.2024 20.26 W wywiadzie dla&nbsp;filadelfijskiej stacji radiowej &#8222;<a href=\"https:\/\/dorzeczy.pl\/swiat\/607809\/zly-stan-bidena-zaliczyl-kolejna-kompromitacje.html\">Wurd<\/a>&#8221; Joe o\u015bwiadczy\u0142, \u017ce&nbsp;jest &#8222;dumny&#8221; z&nbsp;tego, \u017ce&nbsp;jest &#8222;pierwsz\u0105 czarn\u0105 kobiet\u0105, kt\u00f3ra s\u0142u\u017cy czarnemu prezydentowi&#8221;<\/p>\n\n\n\n<p>Ja uwa\u017cam, \u017ce prezydent mo\u017ce by\u0107 sterowany przez Kamel\u0119. Bo to ona chce go zast\u0105pi\u0107. Najlepiej \u017ceby powo\u0142a\u0107 kogo\u015b, kto wyja\u015bni wszystkie teorie spiskowe. Ten Donald z Hmeryki sprzedaje jak\u0105\u015b <strong>dziwn\u0105<\/strong> ksi\u0105\u017ck\u0119. \u017beby nie zafundowa\u0142 jakiej\u015b <strong>dziwnej<\/strong> religii.<\/p>\n\n\n\n<p>15.07.2024 13.05 <a href=\"https:\/\/dorzeczy.pl\/swiat\/610842\/pawel-lisicki-grozne-oblicze-mesjanizmu.html?utm_source=CMSAP&amp;utm_medium=bannerTYG&amp;utm_campaign=bannerTYG_1407_1_ART\">Gro\u017ane oblicze mesjanizmu<\/a><\/p>\n\n\n\n<p>Verte ><a href=\"https:\/\/topol.org.pl\/?page_id=6187\">Fundacja Narodowe Si\u0142y Samoobrony \u201eGrot\u201d<\/a><\/p>\n","protected":false},"excerpt":{"rendered":"<p>Robert Francis Kennedy Jr. (ur. 17 stycznia 1954 w Waszyngtonie) \u2013 ameryka\u0144ski prawnik, polityk oraz autor ksi\u0105\u017cek dzia\u0142aj\u0105cy na rzecz ochrony \u015brodowiska. Jest aktywist\u0105 ruchu antyszczepionkowego \u0179r\u00f3d\u0142o: Wikipedia Kandydat na prezydenta USA \u0179r\u00f3d\u0142o: Rzeczpospolita \u0179r\u00f3d\u0142o: Rzeczpospolita Kryzys Kuba\u0144ski to odpowied\u017a na kryzys w Europie. Ka\u017cde mocarstwo ma swoje interesy w rejonie. Kandydat na prezydenta USA [&hellip;]<\/p>\n","protected":false},"author":1,"featured_media":0,"parent":0,"menu_order":121,"comment_status":"closed","ping_status":"closed","template":"","meta":{"footnotes":""},"class_list":["post-3682","page","type-page","status-publish","hentry"],"_links":{"self":[{"href":"https:\/\/topol.org.pl\/index.php?rest_route=\/wp\/v2\/pages\/3682","targetHints":{"allow":["GET"]}}],"collection":[{"href":"https:\/\/topol.org.pl\/index.php?rest_route=\/wp\/v2\/pages"}],"about":[{"href":"https:\/\/topol.org.pl\/index.php?rest_route=\/wp\/v2\/types\/page"}],"author":[{"embeddable":true,"href":"https:\/\/topol.org.pl\/index.php?rest_route=\/wp\/v2\/users\/1"}],"replies":[{"embeddable":true,"href":"https:\/\/topol.org.pl\/index.php?rest_route=%2Fwp%2Fv2%2Fcomments&post=3682"}],"version-history":[{"count":14,"href":"https:\/\/topol.org.pl\/index.php?rest_route=\/wp\/v2\/pages\/3682\/revisions"}],"predecessor-version":[{"id":6375,"href":"https:\/\/topol.org.pl\/index.php?rest_route=\/wp\/v2\/pages\/3682\/revisions\/6375"}],"wp:attachment":[{"href":"https:\/\/topol.org.pl\/index.php?rest_route=%2Fwp%2Fv2%2Fmedia&parent=3682"}],"curies":[{"name":"wp","href":"https:\/\/api.w.org\/{rel}","templated":true}]}}