{"id":3684,"date":"2024-06-06T07:01:52","date_gmt":"2024-06-06T05:01:52","guid":{"rendered":"https:\/\/topol.org.pl\/?page_id=3684"},"modified":"2026-01-09T10:43:14","modified_gmt":"2026-01-09T09:43:14","slug":"fundacje-i-stowarzyszenia","status":"publish","type":"page","link":"https:\/\/topol.org.pl\/?page_id=3684","title":{"rendered":"Fundacje i Stowarzyszenia"},"content":{"rendered":"\n<p>Fundacje i Stowarzyszenia<\/p>\n\n\n\n<p><a href=\"https:\/\/www.batory.org.pl\/\">Fundacja im. Stefana Batorego<\/a><\/p>\n\n\n\n<p><a href=\"https:\/\/www.google.com\/search?sca_esv=25c9fa5c60f43d7f&amp;q=Grupa+Granica+sk%C5%82ad&amp;sa=X&amp;ved=2ahUKEwjtm5WkrPeGAxV0CRAIHe3rBfUQ1QJ6BAg6EAE&amp;biw=1536&amp;bih=738&amp;dpr=1.25\">Grupa Granica<\/a><\/p>\n\n\n\n<p><a href=\"https:\/\/poph.org.pl\/\">PODLASKIE OCHOTNICZE POGOTOWIE HUMANITARNE<\/a><\/p>\n\n\n\n<p><a href=\"https:\/\/dorzeczy.pl\/swiat\/626655\/polska-fundacja-uznana-przez-bialorus-za-organizacje-ekstremistyczna.html\">Fundacja Wolno\u015b\u0107 i&nbsp;Demokracja<\/a><\/p>\n\n\n\n<p><a href=\"https:\/\/www.amnesty.org.pl\/\">Stowarzyszenie Amnesty International<\/a><\/p>\n\n\n\n<p><strong>Wszystko zaplanowane<\/strong><\/p>\n\n\n\n<p>19.09.2024 06.36 <a href=\"https:\/\/dorzeczy.pl\/kraj\/634416\/dr-chocian-niemiecki-wywiad-probowal-mnie-zwerbowac.html\">Dr Chocian: Gra wywiad\u00f3w na&nbsp;terenie Polski<\/a><\/p>\n\n\n\n<p>19.09.2024 06.36 <a href=\"https:\/\/dorzeczy.pl\/religia\/634420\/z-gniezna-wyruszy-klimatyczna-pielgrzymka-ekumeniczna.html\">&#8222;pielgrzymka ekumeniczna dla&nbsp;sprawiedliwo\u015bci klimatycznej&#8221;<\/a><\/p>\n\n\n\n<p>19.09.2024 06.36 <a href=\"https:\/\/dorzeczy.pl\/opinie\/634402\/swiecka-sekta-apokaliptyczna-wos-i-warzecha-o-klimatystach.html\">&#8222;raport IPCC nie&nbsp;wymienia powodzi rzecznych jako skutku zmian klimatu&#8221;<\/a><\/p>\n\n\n\n<p>20.09.2024 09.32 <a href=\"https:\/\/dorzeczy.pl\/kraj\/634758\/chocian-o-ekologach-na-temat-pyta-niemiecki-wywiad-bnd.html\">&#8222;Trudno nie&nbsp;da\u0107 mu wiary&#8221;<\/a><\/p>\n\n\n\n<p>Verte ><a href=\"https:\/\/topol.org.pl\/?page_id=6187\">Fundacja Narodowe Si\u0142y Samoobrony \u201eGrot\u201d<\/a><\/p>\n","protected":false},"excerpt":{"rendered":"<p>Fundacje i Stowarzyszenia Fundacja im. Stefana Batorego Grupa Granica PODLASKIE OCHOTNICZE POGOTOWIE HUMANITARNE Fundacja Wolno\u015b\u0107 i&nbsp;Demokracja Stowarzyszenie Amnesty International Wszystko zaplanowane 19.09.2024 06.36 Dr Chocian: Gra wywiad\u00f3w na&nbsp;terenie Polski 19.09.2024 06.36 &#8222;pielgrzymka ekumeniczna dla&nbsp;sprawiedliwo\u015bci klimatycznej&#8221; 19.09.2024 06.36 &#8222;raport IPCC nie&nbsp;wymienia powodzi rzecznych jako skutku zmian klimatu&#8221; 20.09.2024 09.32 &#8222;Trudno nie&nbsp;da\u0107 mu wiary&#8221; Verte >Fundacja Narodowe [&hellip;]<\/p>\n","protected":false},"author":1,"featured_media":0,"parent":0,"menu_order":122,"comment_status":"closed","ping_status":"closed","template":"","meta":{"footnotes":""},"class_list":["post-3684","page","type-page","status-publish","hentry"],"_links":{"self":[{"href":"https:\/\/topol.org.pl\/index.php?rest_route=\/wp\/v2\/pages\/3684","targetHints":{"allow":["GET"]}}],"collection":[{"href":"https:\/\/topol.org.pl\/index.php?rest_route=\/wp\/v2\/pages"}],"about":[{"href":"https:\/\/topol.org.pl\/index.php?rest_route=\/wp\/v2\/types\/page"}],"author":[{"embeddable":true,"href":"https:\/\/topol.org.pl\/index.php?rest_route=\/wp\/v2\/users\/1"}],"replies":[{"embeddable":true,"href":"https:\/\/topol.org.pl\/index.php?rest_route=%2Fwp%2Fv2%2Fcomments&post=3684"}],"version-history":[{"count":11,"href":"https:\/\/topol.org.pl\/index.php?rest_route=\/wp\/v2\/pages\/3684\/revisions"}],"predecessor-version":[{"id":6376,"href":"https:\/\/topol.org.pl\/index.php?rest_route=\/wp\/v2\/pages\/3684\/revisions\/6376"}],"wp:attachment":[{"href":"https:\/\/topol.org.pl\/index.php?rest_route=%2Fwp%2Fv2%2Fmedia&parent=3684"}],"curies":[{"name":"wp","href":"https:\/\/api.w.org\/{rel}","templated":true}]}}