{"id":3750,"date":"2024-06-07T14:33:50","date_gmt":"2024-06-07T12:33:50","guid":{"rendered":"https:\/\/topol.org.pl\/?page_id=3750"},"modified":"2026-01-09T10:43:52","modified_gmt":"2026-01-09T09:43:52","slug":"zadanie-wydanie-mordercy-polskiego-zolnierza","status":"publish","type":"page","link":"https:\/\/topol.org.pl\/?page_id=3750","title":{"rendered":"\u017b\u0105danie wydanie mordercy polskiego \u017co\u0142nierza"},"content":{"rendered":"\n<p><br>7.06.2024 14.33 &#8222;\u017b\u0105damy, aby w\u0142adze bia\u0142oruskie ustali\u0142y to\u017csamo\u015b\u0107 tego mordercy i wyda\u0142y go polskim w\u0142adzom w ramach toczonego ju\u017c przez nasze Ministerstwo Sprawiedliwo\u015bci \u015bledztwa&#8221; \u2013 <a href=\"https:\/\/dorzeczy.pl\/kraj\/595503\/wydac-morderce-zolnierza-bialorus-reaguje-na-zadania-polski.html\">o\u015bwiadczy\u0142 Sikorski<\/a><\/p>\n\n\n\n<p><strong>Konieczne jest przywr\u00f3cenie normalnych kontakt\u00f3w granicznych mi\u0119dzy Bia\u0142orusi\u0105 i Polsk\u0105.<\/strong><\/p>\n\n\n\n<p>02.11.2024 <a href=\"https:\/\/dorzeczy.pl\/kraj\/651130\/hold-jednostki-sierz-sitka-oddaliscie-ducha-bogu.html\">Jednostka sier\u017c. Sitka sk\u0142ada ho\u0142d zmar\u0142ym \u017co\u0142nierzom. &#8222;Oddali\u015bcie ducha Bogu&#8221;<\/a><\/p>\n\n\n\n<p>Verte &gt;<a href=\"https:\/\/topol.org.pl\/?page_id=6187\">Fundacja Narodowe Si\u0142y Samoobrony \u201eGrot\u201d<\/a><\/p>\n","protected":false},"excerpt":{"rendered":"<p>7.06.2024 14.33 &#8222;\u017b\u0105damy, aby w\u0142adze bia\u0142oruskie ustali\u0142y to\u017csamo\u015b\u0107 tego mordercy i wyda\u0142y go polskim w\u0142adzom w ramach toczonego ju\u017c przez nasze Ministerstwo Sprawiedliwo\u015bci \u015bledztwa&#8221; \u2013 o\u015bwiadczy\u0142 Sikorski Konieczne jest przywr\u00f3cenie normalnych kontakt\u00f3w granicznych mi\u0119dzy Bia\u0142orusi\u0105 i Polsk\u0105. 02.11.2024 Jednostka sier\u017c. Sitka sk\u0142ada ho\u0142d zmar\u0142ym \u017co\u0142nierzom. &#8222;Oddali\u015bcie ducha Bogu&#8221; Verte &gt;Fundacja Narodowe Si\u0142y Samoobrony \u201eGrot\u201d<\/p>\n","protected":false},"author":1,"featured_media":0,"parent":0,"menu_order":124,"comment_status":"closed","ping_status":"closed","template":"","meta":{"footnotes":""},"class_list":["post-3750","page","type-page","status-publish","hentry"],"_links":{"self":[{"href":"https:\/\/topol.org.pl\/index.php?rest_route=\/wp\/v2\/pages\/3750","targetHints":{"allow":["GET"]}}],"collection":[{"href":"https:\/\/topol.org.pl\/index.php?rest_route=\/wp\/v2\/pages"}],"about":[{"href":"https:\/\/topol.org.pl\/index.php?rest_route=\/wp\/v2\/types\/page"}],"author":[{"embeddable":true,"href":"https:\/\/topol.org.pl\/index.php?rest_route=\/wp\/v2\/users\/1"}],"replies":[{"embeddable":true,"href":"https:\/\/topol.org.pl\/index.php?rest_route=%2Fwp%2Fv2%2Fcomments&post=3750"}],"version-history":[{"count":4,"href":"https:\/\/topol.org.pl\/index.php?rest_route=\/wp\/v2\/pages\/3750\/revisions"}],"predecessor-version":[{"id":6885,"href":"https:\/\/topol.org.pl\/index.php?rest_route=\/wp\/v2\/pages\/3750\/revisions\/6885"}],"wp:attachment":[{"href":"https:\/\/topol.org.pl\/index.php?rest_route=%2Fwp%2Fv2%2Fmedia&parent=3750"}],"curies":[{"name":"wp","href":"https:\/\/api.w.org\/{rel}","templated":true}]}}