{"id":3752,"date":"2024-06-07T15:20:51","date_gmt":"2024-06-07T13:20:51","guid":{"rendered":"https:\/\/topol.org.pl\/?page_id=3752"},"modified":"2026-01-09T10:43:58","modified_gmt":"2026-01-09T09:43:58","slug":"relokacja-imigrantow-do-polski","status":"publish","type":"page","link":"https:\/\/topol.org.pl\/?page_id=3752","title":{"rendered":"&#8222;relokacja imigrant\u00f3w do Polski&#8221;"},"content":{"rendered":"\n<p>Moje rozwi\u0105zanie sytuacji.<\/p>\n\n\n\n<ol class=\"wp-block-list\">\n<li><a href=\"https:\/\/dorzeczy.pl\/kraj\/602898\/konfederacja-apeluje-braun-ostro-o-aktywistach-i-dywersji.html\">Delegalizacja fundacji i stowarzysze\u0144<\/a> dzia\u0142aj\u0105cych przeciw interesowi Polski zajmuj\u0105cych si\u0119 przerzutem emigrant\u00f3w na nasz teren.<\/li>\n\n\n\n<li>Przej\u0119cie funduszu na zagospodarowanie 20000 Euro na emigranta.<\/li>\n\n\n\n<li>Podzia\u0142 emigrant\u00f3w ze wzgl\u0119du na narodowo\u015b\u0107.<\/li>\n\n\n\n<li>Weryfikacja przydatno\u015bci ze wzgl\u0119du na wykszta\u0142cenie.<\/li>\n\n\n\n<li>3 miesi\u0119czne szkolenie emigrant\u00f3w w zakresie prowadzenia w\u0142asnej firmy sp\u00f3\u0142ki. Szkolenie zdalne na miejscu w pa\u0144stwie pochodzenia.<\/li>\n\n\n\n<li>Nawi\u0105zanie kontakt\u00f3w z ambasad\u0105 pa\u0144stwa z kt\u00f3rego pochodzi emigrant.<\/li>\n\n\n\n<li>Nawi\u0105zanie kontaktu z firm\u0105 w Polsce lub Europie, kt\u00f3ra jest zainteresowana ekspansj\u0105 na rynek danego pa\u0144stwa z kt\u00f3rego pochodzi emigrant.<\/li>\n\n\n\n<li>Wys\u0142anie emigranta przeszkolonego do jego kraju pochodzenia i wsp\u00f3\u0142praca z jego sp\u00f3\u0142k\u0105 na rynku w kraju emigranta.<\/li>\n\n\n\n<li>Chc\u0119 odes\u0142a\u0107 emigrant\u00f3w z kraju obcego kulturowo do kraju pochodzenia i tam pomaga\u0107. To wymaga uzgodnie\u0144 na szczeblu dyplomatycznym mi\u0119dzy Polsk\u0105 i dan\u0105 ambasad\u0105 pa\u0144stwa emigranta<\/li>\n\n\n\n<li>Trzeba odnowi\u0107 stosunki dyplomatyczne z Bia\u0142orusi\u0105 i otworzy\u0107 przej\u015bcia graniczne.<\/li>\n\n\n\n<li>Trzeba uszczelni\u0107 granic\u0119 na zachodzie z Niemcami. Z tamtego kierunku nap\u0142yn\u0105 emigranci <strong>niemieccy<\/strong>.<\/li>\n<\/ol>\n\n\n\n<h6 class=\"wp-block-heading\"><a href=\"https:\/\/statystyka.policja.pl\/st\/kodeks-karny\/przestepstwa-przeciwko-13\/63620,Nielegalne-przekroczenie-granicy-art-264.html\">NIELEGALNE PRZEKROCZENIE GRANICY (ART. 264)<\/a><\/h6>\n\n\n\n<p><strong>Art. 264<\/strong><\/p>\n\n\n\n<p>\u00a7 1. Kto wbrew przepisom przekracza granic\u0119 Rzeczypospolitej Polskiej, podlega grzywnie, karze ograniczenia wolno\u015bci albo pozbawienia wolno\u015bci do lat 2. (uchylony)<\/p>\n\n\n\n<p>\u00a7 2. Kto wbrew przepisom przekracza granic\u0119 Rzeczypospolitej Polskiej, u\u017cywaj\u0105c przemocy, gro\u017aby, podst\u0119pu lub we wsp\u00f3\u0142dzia\u0142aniu z innymi osobami, podlega karze pozbawienia wolno\u015bci do lat 3.<\/p>\n\n\n\n<p>\u00a7 3. Kto organizuje innym osobom przekraczanie wbrew przepisom granicy Rzeczypospolitej Polskiej, podlega karze pozbawienia wolno\u015bci od 6 miesi\u0119cy do lat 8.<\/p>\n\n\n\n<p>Jak mamy powiedzie\u0107, \u017ce nie chcemy emigrant\u00f3w?<\/p>\n\n\n\n<p><a href=\"https:\/\/dorzeczy.pl\/kraj\/604383\/wiekszosc-klubu-pis-za-radykalnym-projektem-lewicy.html\">&#8222;minimalna kara za&nbsp;taki czyn zostaje podwy\u017cszona z&nbsp;2 do&nbsp;3 lat wi\u0119zienia&#8221;<\/a><\/p>\n\n\n\n<p>22.06.2024 21.00 <a href=\"https:\/\/www.youtube.com\/watch?v=JT-nD7n8KaM\">JAK ZAKO\u0143CZY\u0106 KRYZYS? &#8211; 2 SPOSOBY<\/a><\/p>\n\n\n\n<p>W wywiadzie doktora Artura Bartosiewicza na &#8222;Dla Pieni\u0119dzy&#8221; us\u0142yszymy o problemach z jakimi boryka si\u0119 Polska. O dw\u00f3ch sposobach na kryzys. Pierwszy to przej\u0119cie w\u0142adzy przez prezydenta zwierzchnika si\u0142 zbrojnych. Opanowanie sytuacji. W okresie tak zwanej pandemii, wszyscy ulegli jednej narracji tylko pose\u0142 Grzegorz Braun zachowa\u0142 rozs\u0105dek. Za co jestem wdzi\u0119czny. By\u0142 jeszcze doktor <a href=\"https:\/\/www.google.com\/search?q=Zbigniew+Ha%C5%82at&amp;oq=Zbigniew+Ha%C5%82at&amp;gs_lcrp=EgZjaHJvbWUyBggAEEUYOdIBCDEzNjBqMGoxqAIAsAIA&amp;sourceid=chrome&amp;ie=UTF-8\">Zbigniew Ha\u0142at<\/a>. To by\u0142a najwa\u017cniejsza pr\u00f3ba w \u017cyciu, nie ka\u017cdy j\u0105 zaliczy\u0142. <a href=\"https:\/\/dorzeczy.pl\/swiat\/603051\/wybory-we-francji-episkopat-wzywa-do-modlitwy-za-ojczyzne.html\">&#8222;W&nbsp;czasie pandemii za\u0142ama\u0142 si\u0119 dominuj\u0105cy paradygmat intelektualny, wiara, \u017ce&nbsp;post\u0119p i&nbsp;nauka jest rozwi\u0105zaniem na&nbsp;wszystko&#8221;<\/a>.<\/p>\n\n\n\n<p>9.06.2024 14.49 <a href=\"https:\/\/dorzeczy.pl\/opinie\/596148\/lisicki-dzialanie-bodnara-to-efekt-ideologii-imigracjonizmu.html\">&#8222;wprowadzanie w&nbsp;\u017cycie ideologii imigracjonizmu&#8221;<\/a> <strong>Nie rujnowa\u0107 Polski.<\/strong><\/p>\n\n\n\n<p>7.06.2024 15.20 <a href=\"https:\/\/dorzeczy.pl\/opinie\/595485\/saryusz-wolski-relokacja-imigrantow-do-polski-juz-sie-dzieje.html\">&#8222;relokacja imigrant\u00f3w do Polski&#8221;<\/a><\/p>\n\n\n\n<p>4500000*8,5%=382500(trzysta osiemdziesi\u0105t dwa tysi\u0105ce pi\u0119\u0107set) emigrant\u00f3w od 2026 r. Nie wiem, czy dobrze zrozumia\u0142em. Wszyscy ch\u0119tni niech sk\u0142adaj\u0105 zapotrzebowanie na lokator\u00f3w &#8222;szczeg\u00f3lnie Europejczycy&#8221;. Od strony wschodniej, mo\u017ce da si\u0119 zablokowa\u0107 nap\u0142yw emigrant\u00f3w. Bia\u0142oru\u015b przemy\u015bli, \u017ce szkodzi sobie i nam. Ale od strony zachodniej przy\u015bl\u0105 emigrant\u00f3w. <strong>Oni<\/strong> maj\u0105 jaki\u015b dziwny plan. Chc\u0105 nas wymiesza\u0107. \u017beby\u015bmy m\u00f3wili jednym j\u0119zykiem.<\/p>\n\n\n\n<p>W niedziel\u0119 napisz\u0119 co mo\u017cna zrobi\u0107.<\/p>\n\n\n\n<p>8.06.2024 6.05 <a href=\"https:\/\/www.msn.com\/pl-pl\/styl-zycia\/moda-i-uroda\/ma%C5%82e-indie-w-polsce-powinni%C5%9Bmy-czu%C4%87-si%C4%99-tu-jak-w-domu\/ar-BB1nGHop?ocid=winp1taskbar&amp;cvid=9d4bd86fabf9432b82003115dd47b9ce&amp;ei=38\">Ma\u0142e Indie w Polsce. &#8222;Powinni\u015bmy czu\u0107 si\u0119 tu jak w domu&#8221;<\/a><\/p>\n\n\n\n<p>8.06.2024 6.19 <a href=\"https:\/\/dorzeczy.pl\/opinie\/595782\/zolnierze-szokuja-wtedy-dostalismy-zakaz-uzywania-broni.html\">&#8222;Wstrz\u0105saj\u0105ce relacje polskich \u017co\u0142nierzy&#8221;<\/a><\/p>\n\n\n\n<p>31.07.2024 16.40 <strong>\u201e<\/strong><a href=\"https:\/\/www.domradio.de\/artikel\/bistum-trier-ruft-zu-patenschaften-fuer-rettungsschiff-auf\">Przeciw propagowanej polityce izolacji<\/a><strong>\u201d<\/strong> \u0179r\u00f3d\u0142o: (<a href=\"https:\/\/www.domradio.de\/artikel\/bistum-trier-ruft-zu-patenschaften-fuer-rettungsschiff-auf\">ungefreiheit.de<\/a>)<\/p>\n\n\n\n<p>01.10.2024 18.32 <a href=\"https:\/\/dorzeczy.pl\/kraj\/639040\/zaskakujace-nagranie-z-tarczynskim-polityk-obejmowal-imigranta.html\">&#8222;Zosta\u0144 w&nbsp;Polsce!&#8221;<\/a> <\/p>\n\n\n\n<p>01.10.2024 16.08 <a href=\"https:\/\/www.frontex.europa.eu\/?etrans=pl\">Europejska Agencja Stra\u017cy Granicznej i Przybrze\u017cnej (Frontex)<\/a><\/p>\n\n\n\n<figure class=\"wp-block-image\"><img loading=\"lazy\" decoding=\"async\" width=\"770\" height=\"420\" src=\"https:\/\/topol.org.pl\/wp-content\/uploads\/2024\/11\/wprowadzenie-gotowkowej-formy-pomocy-w-reintegracji-cudzoziemcow.jpg\" alt=\"\" class=\"wp-image-7177\" srcset=\"https:\/\/topol.org.pl\/wp-content\/uploads\/2024\/11\/wprowadzenie-gotowkowej-formy-pomocy-w-reintegracji-cudzoziemcow.jpg 770w, https:\/\/topol.org.pl\/wp-content\/uploads\/2024\/11\/wprowadzenie-gotowkowej-formy-pomocy-w-reintegracji-cudzoziemcow-300x164.jpg 300w, https:\/\/topol.org.pl\/wp-content\/uploads\/2024\/11\/wprowadzenie-gotowkowej-formy-pomocy-w-reintegracji-cudzoziemcow-768x419.jpg 768w\" sizes=\"auto, (max-width: 770px) 100vw, 770px\" \/><\/figure>\n\n\n\n<p>16.11.2024 21.28&nbsp;<strong>Projekt z listopada 2024 jest dobry, zbli\u017cony do tego co napisa\u0142em.<\/strong><\/p>\n\n\n\n<p>28.01.2025 19.19 <a href=\"https:\/\/www.youtube.com\/watch?v=A7e2gPEkKso\">Panika w RFN! Musk na konwencji AfD! Co oznacza dla Europy wysiedlenie Palesty\u0144czyk\u00f3w? Dr S. Ozdyk<\/a> \u0179r\u00f3d\u0142o: <a href=\"https:\/\/www.youtube.com\/watch?v=A7e2gPEkKso\">DoRzeczy.pl<\/a><\/p>\n\n\n\n<p>08.02.2025 14.04 Pose\u0142 PiS: Ujawniam rz\u0105dow\u0105 korespondencj\u0119. Szykuj\u0105 si\u0119 na&nbsp;olbrzymie fale nielegalnych imigrant\u00f3w \u0179r\u00f3d\u0142o: <a href=\"https:\/\/dorzeczy.pl\/opinie\/687499\/posel-pis-oto-dowod-szykuja-fale-nielegalnych-imigrantow.html\">DoRzeczy.pl<\/a><\/p>\n\n\n\n<p><strong>Przeczyta\u0142em wpis pod artyku\u0142em (PONI\u017bEJ). Jak zaczniemy protestowa\u0107 to przyspieszymy katastrof\u0119. Tak jak w latach osiemdziesi\u0105tych. Stracimy bezpowrotnie Polsk\u0119.<\/strong> <strong>Trzeba tylko <a href=\"https:\/\/topol.org.pl\/?page_id=8695\">wybra\u0107 dobrze Prezydenta<\/a>.<\/strong> <strong>Mamy tak\u0105 sytuacj\u0119, nie jeste\u015bmy suwerenni. Decyduj\u0105 za nas Niemcy, Amerykanie, ONZ, WHO i inni&#8230;A na Bia\u0142orusi jest OK. Ludzie wybrali prawie jednog\u0142o\u015bnie&#8230; <a href=\"https:\/\/topol.org.pl\/?page_id=9033\">Prezydenta<\/a>. <\/strong> \u0179r\u00f3d\u0142o: <a href=\"https:\/\/topol.org.pl\/?page_id=47\">Fragment<\/a><\/p>\n\n\n\n<p><strong>Polrado<\/strong><\/p>\n\n\n\n<figure class=\"wp-block-image\"><img decoding=\"async\" src=\"https:\/\/dorzeczy.pl\/_thumb\/16\/12\/6a722dc6196e4bb4e1d2f668d1a5.jpeg\" alt=\"\"\/><\/figure>\n\n\n\n<figure class=\"wp-block-image\"><img decoding=\"async\" src=\"https:\/\/dorzeczy.pl\/_i\/flags\/nl.png\" alt=\"\" title=\"Netherlands, Amersfoort\"\/><\/figure>\n\n\n\n<p>&nbsp;dzisiaj&nbsp;13:43<\/p>\n\n\n\n<p>Zwijanie pa\u0144stwa, poprzez wygaszanie przemys\u0142u, remedium i&nbsp;recept\u0105 postkomunistycznej&nbsp; bandy Tuska na&nbsp;kryzys energetyczny w&nbsp;kraju. Tylko si\u0119 nie&nbsp;m\u00f3wi, \u017ce&nbsp;to&nbsp;wygeneruje 50% bezrobocia. Nast\u0119pnym kluczowym celem jest&#8230;tak zdestabilizowa\u0107 kraj, aby&nbsp;Polacy sami prosili Niemieck\u0105 Uni\u0119 o&nbsp;wprowadzenie Euro, jako \u015brodka zaradczego na&nbsp;wywo\u0142any sztuczny kryzys pa\u0144stwa. Docelowym celem, jest oddanie Polski pod&nbsp;kuratel\u0119 Niemiec. Ta&nbsp;koalicja koszmaru, beneficjent\u00f3w Stanu Wojennego, chce wykorzeni\u0107 wol\u0119 walki polskiego spo\u0142ecze\u0144stwa, czyli docelowo marsz baran\u00f3w na&nbsp;rze\u017a. U\u017cyj\u0119 popularnego obecnie medialnego s\u0142owa &#8222;igrzyska&#8221;. Tak, te&nbsp;igrzyska maj\u0105 przykry\u0107 codzienne niszczenie zasob\u00f3w pa\u0144stwa polskiego. Jedynym remedium na&nbsp;t\u0105 koszmarn\u0105 spo\u0142eczn\u0105 skrajn\u0105 sytuacj\u0119, jest pot\u0119\u017cny aktywny op\u00f3r spo\u0142eczny masowymi demonstracjami, a&nbsp;by\u0107 mo\u017ce strajk generalny. Nie&nbsp;podzielam g\u0142os\u00f3w, \u017ce&nbsp;trzeba poczeka\u0107 do&nbsp;wybor\u00f3w. Ka\u017cdy dzie\u0144 bez oporu, to&nbsp;dzie\u0144 stracony, bo&nbsp;ju\u017c ci Renegaci zabieraj\u0105 si\u0119 za&nbsp;Jaros\u0142awa Kaczy\u0144skiego. Przej\u0119li si\u0142\u0105 wa\u017cne instytucje, czyli media i&nbsp;s\u0105dy. Czas, aby&nbsp;ta&nbsp;ho\u0142ota postkomuny poczu\u0142a na&nbsp;plecach Gniew Spo\u0142ecznego niezadowolenia, czas na&nbsp;masowe demonstracje, kt\u00f3re obna\u017c\u0105 \u015awiatu narastaj\u0105ce bezprawie w&nbsp;Polsce. Nie&nbsp;wolno nam dopu\u015bci\u0107 do&nbsp;drugiej Bia\u0142orusi w&nbsp;kraju \u015arodka Europy, kraju cz\u0142onka Unii i&nbsp;NATO.<\/p>\n\n\n\n<p>05.04.2025 06.38 <a href=\"https:\/\/dorzeczy.pl\/kraj\/710841\/mazowsze-urzad-marszalkowski-finansuje-promocje-imigrantow.html\">&#8222;Mazowieckie Mosty Mi\u0119dzykulturowe&#8221; to&nbsp;projekt realizowany przez Mazowieckie Centrum Polityki Spo\u0142ecznej<\/a> \u0179r\u00f3d\u0142o: DoRzeczy.pl<\/p>\n\n\n\n<p>05.04.2025 06.38 <a href=\"https:\/\/www.youtube.com\/watch?v=nDBKBISTaV4\">PAWE\u0141 LISICKI | JAN POSPIESZALSKI ROZMAWIA<\/a><\/p>\n\n\n\n<p>Verte &gt;<a href=\"https:\/\/topol.org.pl\/?page_id=6187\">Fundacja Narodowe Si\u0142y Samoobrony \u201eGrot\u201d<\/a><\/p>\n\n\n\n<p><\/p>\n","protected":false},"excerpt":{"rendered":"<p>Moje rozwi\u0105zanie sytuacji. NIELEGALNE PRZEKROCZENIE GRANICY (ART. 264) Art. 264 \u00a7 1. Kto wbrew przepisom przekracza granic\u0119 Rzeczypospolitej Polskiej, podlega grzywnie, karze ograniczenia wolno\u015bci albo pozbawienia wolno\u015bci do lat 2. (uchylony) \u00a7 2. Kto wbrew przepisom przekracza granic\u0119 Rzeczypospolitej Polskiej, u\u017cywaj\u0105c przemocy, gro\u017aby, podst\u0119pu lub we wsp\u00f3\u0142dzia\u0142aniu z innymi osobami, podlega karze pozbawienia wolno\u015bci do [&hellip;]<\/p>\n","protected":false},"author":1,"featured_media":0,"parent":0,"menu_order":126,"comment_status":"closed","ping_status":"closed","template":"","meta":{"footnotes":""},"class_list":["post-3752","page","type-page","status-publish","hentry"],"_links":{"self":[{"href":"https:\/\/topol.org.pl\/index.php?rest_route=\/wp\/v2\/pages\/3752","targetHints":{"allow":["GET"]}}],"collection":[{"href":"https:\/\/topol.org.pl\/index.php?rest_route=\/wp\/v2\/pages"}],"about":[{"href":"https:\/\/topol.org.pl\/index.php?rest_route=\/wp\/v2\/types\/page"}],"author":[{"embeddable":true,"href":"https:\/\/topol.org.pl\/index.php?rest_route=\/wp\/v2\/users\/1"}],"replies":[{"embeddable":true,"href":"https:\/\/topol.org.pl\/index.php?rest_route=%2Fwp%2Fv2%2Fcomments&post=3752"}],"version-history":[{"count":52,"href":"https:\/\/topol.org.pl\/index.php?rest_route=\/wp\/v2\/pages\/3752\/revisions"}],"predecessor-version":[{"id":11034,"href":"https:\/\/topol.org.pl\/index.php?rest_route=\/wp\/v2\/pages\/3752\/revisions\/11034"}],"wp:attachment":[{"href":"https:\/\/topol.org.pl\/index.php?rest_route=%2Fwp%2Fv2%2Fmedia&parent=3752"}],"curies":[{"name":"wp","href":"https:\/\/api.w.org\/{rel}","templated":true}]}}