{"id":3855,"date":"2024-06-11T07:37:16","date_gmt":"2024-06-11T05:37:16","guid":{"rendered":"https:\/\/topol.org.pl\/?page_id=3855"},"modified":"2026-01-09T10:44:32","modified_gmt":"2026-01-09T09:44:32","slug":"musialoby-sie-wydarzyc-cos-wyjatkowego-zeby-uzycie-broni-zostalo-uznane-za-przestepstwo","status":"publish","type":"page","link":"https:\/\/topol.org.pl\/?page_id=3855","title":{"rendered":"&#8222;musia\u0142oby si\u0119 wydarzy\u0107 co\u015b wyj\u0105tkowego, \u017ceby u\u017cycie broni zosta\u0142o uznane za przest\u0119pstwo&#8221;"},"content":{"rendered":"\n<p>14.06.2024 21.28 <strong>Co \u017co\u0142nierze b\u0119d\u0105 robili na ulicy ? Czy rz\u0105d dzia\u0142a na nasz\u0105 korzy\u015b\u0107 ?  Przyst\u0105pienie Ukrainy do NATO jest niemo\u017cliwe bo wci\u0105gnie nas do wojny. Polacy nie b\u0119d\u0105 uczestniczyli w wojnie. Przyst\u0105pienie Ukrainy do Unii w momencie jak jeste\u015bmy w Unii jest dla nas niekorzystne. Zrujnuje nasze rolnictwo.<\/strong><\/p>\n\n\n\n<p>14.06.2024 13.36 <a href=\"https:\/\/www.youtube.com\/watch?v=yMgiCzm8I4o\">WOJSKO na ULICACH? NOWA Ustawa o U\u017bYCIU BRONI przez \u017co\u0142nierzy.<\/a><\/p>\n\n\n\n<p>11.06.2024 7.37 <a href=\"https:\/\/dorzeczy.pl\/kraj\/596862\/kontrowersyjna-propozycja-tusk-chce-moc-wyprowadzac-wojsko-na-ulice.html\">&#8222;musia\u0142oby si\u0119 wydarzy\u0107 co\u015b wyj\u0105tkowego, \u017ceby u\u017cycie broni zosta\u0142o uznane za przest\u0119pstwo&#8221;<\/a> <a href=\"https:\/\/dorzeczy.pl\/kraj\/596862\/kontrowersyjna-propozycja-tusk-chce-moc-wyprowadzac-wojsko-na-ulice.html\">(dorzeczy.pl)<\/a><\/p>\n\n\n\n<p><a href=\"https:\/\/topol.org.pl\/?page_id=3686\">7.06.2024 6.58<\/a> <strong>Powinna by\u0107 \u017candarmeria i policja a wojsko z ty\u0142u. <a href=\"https:\/\/www.youtube.com\/watch?v=wBwEa5HbenQ\">Nie trzeba strefy buforowej.<\/a> Po przekroczeniu granicy <a href=\"https:\/\/dorzeczy.pl\/opinie\/596559\/zalewski-uderza-w-pomysl-tuska-to-absolutny-absurd.html\">strzelajcie<\/a> (armatki wodne, pa\u0142ki, tarcze, kule gumowe,)<\/strong><\/p>\n\n\n\n<p><a href=\"https:\/\/topol.org.pl\/?page_id=3344\">28.05.2024 20.10<\/a> <strong><a href=\"https:\/\/topol.org.pl\/?page_id=3386\">Tarcza Wsch\u00f3d<\/a>. 10 miliard\u00f3w <a href=\"https:\/\/www.youtube.com\/watch?v=NHCukSda8f4\">na: budow\u0119 strzelnic dla rezerwist\u00f3w i<\/a> ch\u0119tnych cywil\u00f3w<a href=\"https:\/\/www.youtube.com\/watch?v=NHCukSda8f4\">, uproszczenie prawa do posiadania broni, szkolenia wojskowe dla tych co chc\u0105 si\u0119 przeszkoli\u0107, modernizacj\u0119 si\u0142 zbrojnych.<\/a> To wystarczy. Polska jest suwerenna, \u017co\u0142nierze i s\u0142u\u017cby s\u0105 za <a href=\"https:\/\/topol.org.pl\/?page_id=3665\">Polakami<\/a>.<\/strong><\/p>\n\n\n\n<p>Verte ><a href=\"https:\/\/topol.org.pl\/?page_id=6187\">Fundacja Narodowe Si\u0142y Samoobrony \u201eGrot\u201d<\/a><\/p>\n","protected":false},"excerpt":{"rendered":"<p>14.06.2024 21.28 Co \u017co\u0142nierze b\u0119d\u0105 robili na ulicy ? Czy rz\u0105d dzia\u0142a na nasz\u0105 korzy\u015b\u0107 ? Przyst\u0105pienie Ukrainy do NATO jest niemo\u017cliwe bo wci\u0105gnie nas do wojny. Polacy nie b\u0119d\u0105 uczestniczyli w wojnie. Przyst\u0105pienie Ukrainy do Unii w momencie jak jeste\u015bmy w Unii jest dla nas niekorzystne. Zrujnuje nasze rolnictwo. 14.06.2024 13.36 WOJSKO na ULICACH? [&hellip;]<\/p>\n","protected":false},"author":1,"featured_media":0,"parent":0,"menu_order":130,"comment_status":"closed","ping_status":"closed","template":"","meta":{"footnotes":""},"class_list":["post-3855","page","type-page","status-publish","hentry"],"_links":{"self":[{"href":"https:\/\/topol.org.pl\/index.php?rest_route=\/wp\/v2\/pages\/3855","targetHints":{"allow":["GET"]}}],"collection":[{"href":"https:\/\/topol.org.pl\/index.php?rest_route=\/wp\/v2\/pages"}],"about":[{"href":"https:\/\/topol.org.pl\/index.php?rest_route=\/wp\/v2\/types\/page"}],"author":[{"embeddable":true,"href":"https:\/\/topol.org.pl\/index.php?rest_route=\/wp\/v2\/users\/1"}],"replies":[{"embeddable":true,"href":"https:\/\/topol.org.pl\/index.php?rest_route=%2Fwp%2Fv2%2Fcomments&post=3855"}],"version-history":[{"count":15,"href":"https:\/\/topol.org.pl\/index.php?rest_route=\/wp\/v2\/pages\/3855\/revisions"}],"predecessor-version":[{"id":6383,"href":"https:\/\/topol.org.pl\/index.php?rest_route=\/wp\/v2\/pages\/3855\/revisions\/6383"}],"wp:attachment":[{"href":"https:\/\/topol.org.pl\/index.php?rest_route=%2Fwp%2Fv2%2Fmedia&parent=3855"}],"curies":[{"name":"wp","href":"https:\/\/api.w.org\/{rel}","templated":true}]}}