{"id":4185,"date":"2024-06-22T17:18:43","date_gmt":"2024-06-22T15:18:43","guid":{"rendered":"https:\/\/topol.org.pl\/?page_id=4185"},"modified":"2026-01-09T10:45:24","modified_gmt":"2026-01-09T09:45:24","slug":"doktryna-zero-wrogow-wsrod-sasiadow","status":"publish","type":"page","link":"https:\/\/topol.org.pl\/?page_id=4185","title":{"rendered":"Doktryna &#8222;zero wrog\u00f3w w\u015br\u00f3d s\u0105siad\u00f3w&#8221;"},"content":{"rendered":"\n<p>Debat\u0119 pomi\u0119dzy doktorem Leszkiem Sykulskim i doktorem Jackiem Bartosiakiem chcia\u0142bym obejrze\u0107. Nie musi to by\u0107 kana\u0142 &#8222;Zero&#8221;. Zar\u00f3wno jeden jak i drugi doktor s\u0105 przeciwni mieszaniu Polski do wojny. Tak trzyma\u0107. Ale demokracja mimo wielu zalet, daje ludziom wyb\u00f3r nieodpowiedniej w\u0142adzy. To wida\u0107 po wybra\u0144cach. Nawet system prezydencki nie do gwarancji, \u017ce Prezydent nie b\u0119dzie czyta\u0142 z podsuni\u0119tej kartki. Jak to rozwi\u0105za\u0107 napisa\u0142em. Musi by\u0107 silna w\u0142adza monarchy &#8222;Dux Poloniae&#8221; z kt\u00f3r\u0105 licz\u0105 si\u0119 s\u0105siedzi. \u0179r\u00f3d\u0142o: <a href=\"https:\/\/topol.org.pl\/?page_id=47\">Fragment<\/a><\/p>\n\n\n\n<p>22.06.2024 17.18 <a href=\"https:\/\/www.youtube.com\/watch?v=V9cUHW2UMY0\">Doktryna &#8222;zero wrog\u00f3w w\u015br\u00f3d s\u0105siad\u00f3w&#8221;<\/a><\/p>\n\n\n\n<p>Obserwuj\u0119 parti\u0119.<\/p>\n\n\n\n<p>PARTIA POKOJU <a href=\"https:\/\/topol.org.pl\/?page_id=2660\">BEZPIECZNA POLSKA<\/a><\/p>\n\n\n\n<p>Partia&nbsp;<a href=\"https:\/\/topol.org.pl\/?page_id=2658\">\u201eNiepodleg\u0142o\u015b\u0107\u201d<\/a><\/p>\n\n\n\n<p><a href=\"https:\/\/topol.org.pl\/?page_id=2759\">System waluty z\u0142otej<\/a> odno\u015bnie waluty BRICS<\/p>\n\n\n\n<p>Verte ><a href=\"https:\/\/topol.org.pl\/?page_id=6187\">Fundacja Narodowe Si\u0142y Samoobrony \u201eGrot\u201d<\/a><\/p>\n","protected":false},"excerpt":{"rendered":"<p>Debat\u0119 pomi\u0119dzy doktorem Leszkiem Sykulskim i doktorem Jackiem Bartosiakiem chcia\u0142bym obejrze\u0107. Nie musi to by\u0107 kana\u0142 &#8222;Zero&#8221;. Zar\u00f3wno jeden jak i drugi doktor s\u0105 przeciwni mieszaniu Polski do wojny. Tak trzyma\u0107. Ale demokracja mimo wielu zalet, daje ludziom wyb\u00f3r nieodpowiedniej w\u0142adzy. To wida\u0107 po wybra\u0144cach. Nawet system prezydencki nie do gwarancji, \u017ce Prezydent nie b\u0119dzie [&hellip;]<\/p>\n","protected":false},"author":1,"featured_media":0,"parent":0,"menu_order":136,"comment_status":"closed","ping_status":"closed","template":"","meta":{"footnotes":""},"class_list":["post-4185","page","type-page","status-publish","hentry"],"_links":{"self":[{"href":"https:\/\/topol.org.pl\/index.php?rest_route=\/wp\/v2\/pages\/4185","targetHints":{"allow":["GET"]}}],"collection":[{"href":"https:\/\/topol.org.pl\/index.php?rest_route=\/wp\/v2\/pages"}],"about":[{"href":"https:\/\/topol.org.pl\/index.php?rest_route=\/wp\/v2\/types\/page"}],"author":[{"embeddable":true,"href":"https:\/\/topol.org.pl\/index.php?rest_route=\/wp\/v2\/users\/1"}],"replies":[{"embeddable":true,"href":"https:\/\/topol.org.pl\/index.php?rest_route=%2Fwp%2Fv2%2Fcomments&post=4185"}],"version-history":[{"count":10,"href":"https:\/\/topol.org.pl\/index.php?rest_route=\/wp\/v2\/pages\/4185\/revisions"}],"predecessor-version":[{"id":6389,"href":"https:\/\/topol.org.pl\/index.php?rest_route=\/wp\/v2\/pages\/4185\/revisions\/6389"}],"wp:attachment":[{"href":"https:\/\/topol.org.pl\/index.php?rest_route=%2Fwp%2Fv2%2Fmedia&parent=4185"}],"curies":[{"name":"wp","href":"https:\/\/api.w.org\/{rel}","templated":true}]}}