{"id":4287,"date":"2024-06-26T22:32:21","date_gmt":"2024-06-26T20:32:21","guid":{"rendered":"https:\/\/topol.org.pl\/?page_id=4287"},"modified":"2025-02-22T19:42:33","modified_gmt":"2025-02-22T18:42:33","slug":"nowy-jedwabny-szlak","status":"publish","type":"page","link":"https:\/\/topol.org.pl\/?page_id=4287","title":{"rendered":"Nowy Jedwabny Szlak"},"content":{"rendered":"\n<p>26.06.2024 22.32 <a href=\"https:\/\/www.youtube.com\/watch?v=U8j21bKXR5Q\">Nowy Jedwabny Szlak<\/a><\/p>\n\n\n\n<figure class=\"wp-block-image size-large\"><a href=\"https:\/\/www.youtube.com\/watch?v=U8j21bKXR5Q\"><img loading=\"lazy\" decoding=\"async\" width=\"1024\" height=\"578\" src=\"https:\/\/topol.org.pl\/wp-content\/uploads\/2024\/06\/Jedwabny-szlak-1024x578.jpg\" alt=\"\" class=\"wp-image-4288\" srcset=\"https:\/\/topol.org.pl\/wp-content\/uploads\/2024\/06\/Jedwabny-szlak-1024x578.jpg 1024w, https:\/\/topol.org.pl\/wp-content\/uploads\/2024\/06\/Jedwabny-szlak-300x169.jpg 300w, https:\/\/topol.org.pl\/wp-content\/uploads\/2024\/06\/Jedwabny-szlak-768x433.jpg 768w, https:\/\/topol.org.pl\/wp-content\/uploads\/2024\/06\/Jedwabny-szlak.jpg 1152w\" sizes=\"auto, (max-width: 1024px) 100vw, 1024px\" \/><\/a><\/figure>\n\n\n\n<p>Niespodziewana <a href=\"https:\/\/www.prezydent.pl\/\">wizyta Prezydenta Andrzeja Dudy w Chinach<\/a>. Tu\u017c po wizycie w Szwajcarii. W tle \u015awiatowe Forum Ekonomiczne Klausa Szwaba. Nie wiem co s\u0105dzi\u0107, biznes to nie wszystko. Chodzi o to, \u017ce Chiny mia\u0142y COVID-19, niedawno si\u0119 sko\u0144czy\u0142. To pa\u0144stwo totalitarne. Trzeba robi\u0107 interesy, ale to nie nasza bajka. &#8222;<strong>Cywilizacja konfucja\u0144ska nie jest oparta na warto\u015bciach moralnych&#8221;.<\/strong> To by\u0142o wida\u0107 w trakcie pandemii. To pa\u0144stwo globalist\u00f3w. Gramy z nimi, ale i z ka\u017cdym. Trzymamy si\u0119 naszych regu\u0142. Absolutnie \u017cadnego BRICS. \u015awiat mo\u017ce chce by\u0107 inny, ale ja nie. Tr\u00f3jk\u0105t Weimarski i Polska, strategia wzgl\u0119dem Chin. Handlowa\u0107 na r\u00f3wnych zasadach ale <strong>trzyma\u0107 si\u0119 od nich z daleka.<\/strong> Od Tr\u00f3jk\u0105ta Weimarskiego te\u017c. Nie mo\u017ce by\u0107 16 krotnej nadwy\u017cki handlowej. Dlatego waluta musi by\u0107 oparta o parytet z\u0142ota. Musi by\u0107 r\u00f3wnowaga handlowa. To globali\u015bci, kt\u00f3rzy nas zglobalizuj\u0105. My powinni\u015bmy by\u0107 neutralni. Trzeba odnowi\u0107 dobre relacje z krajami s\u0142owia\u0144skimi. Szczeg\u00f3lnie z Rosj\u0105, Bia\u0142orusi\u0105 i USA. Jako<strong> <\/strong><a href=\"https:\/\/topol.org.pl\/?page_id=4512\"><strong>&#8222;Pa\u0144stwo Z\u0142otego \u015arodka<\/strong>&#8222;<\/a> musimy zachowa\u0107 r\u00f3wnowag\u0119 si\u0142.<\/p>\n\n\n\n<p>*z\u0142oty \u015brodek w filozofii&nbsp;(szczeg\u00f3lnie&nbsp;arystotelejskiej) \u2013 zasada uznaj\u0105ca popadanie w skrajno\u015bci za z\u0142o, i w zwi\u0105zku z tym zalecaj\u0105ca umiar \u0179r\u00f3d\u0142o: Wikipedia<\/p>\n\n\n\n<p><a href=\"https:\/\/www.google.com\/search?q=bia%C5%82oru%C5%9B+przyst%C4%85pi%C5%82a&amp;oq=bia%C5%82oru%C5%9B+przyst%C4%85pi%C5%82a&amp;gs_lcrp=EgZjaHJvbWUyBggAEEUYOdIBCTE0NDMzajBqMagCALACAA&amp;sourceid=chrome&amp;ie=UTF-8\">Bia\u0142oru\u015b przyst\u0105pi\u0142a do Szanghajskiej Organizacji Wsp\u00f3\u0142pracy<\/a>, organizacji regionalnej kierowanej przez Chiny i Rosj\u0119. Bia\u0142oru\u015b zosta\u0142a 10 pa\u0144stwem cz\u0142onkowskim w bloku uwa\u017canym za antynatowski.<\/p>\n\n\n\n<p>02.11.18.45 <a href=\"https:\/\/dorzeczy.pl\/opinie\/651301\/rosja-zaatakuje-polske-lukaszenka-to-kompletne-glupstwo.html\">\u0141ukaszenka m\u00f3wi\u0142 o&nbsp;Polsce. &#8222;To&nbsp;kompletne g\u0142upstwo&#8221;<\/a><\/p>\n\n\n\n<figure class=\"wp-block-image size-large\"><a href=\"https:\/\/dorzeczy.pl\/opinie\/651301\/rosja-zaatakuje-polske-lukaszenka-to-kompletne-glupstwo.html\"><img loading=\"lazy\" decoding=\"async\" width=\"1024\" height=\"628\" src=\"https:\/\/topol.org.pl\/wp-content\/uploads\/2024\/11\/Aleksandr-Lukaszenka-2024-1024x628.jpg\" alt=\"\" class=\"wp-image-6924\" srcset=\"https:\/\/topol.org.pl\/wp-content\/uploads\/2024\/11\/Aleksandr-Lukaszenka-2024-1024x628.jpg 1024w, https:\/\/topol.org.pl\/wp-content\/uploads\/2024\/11\/Aleksandr-Lukaszenka-2024-300x184.jpg 300w, https:\/\/topol.org.pl\/wp-content\/uploads\/2024\/11\/Aleksandr-Lukaszenka-2024-768x471.jpg 768w, https:\/\/topol.org.pl\/wp-content\/uploads\/2024\/11\/Aleksandr-Lukaszenka-2024.jpg 1262w\" sizes=\"auto, (max-width: 1024px) 100vw, 1024px\" \/><\/a><\/figure>\n\n\n\n<p>Verte &gt;<a href=\"https:\/\/topol.org.pl\/?page_id=6187\">Fundacja Narodowe Si\u0142y Samoobrony \u201eGrot\u201d<\/a><\/p>\n\n\n\n<p><\/p>\n","protected":false},"excerpt":{"rendered":"<p>26.06.2024 22.32 Nowy Jedwabny Szlak Niespodziewana wizyta Prezydenta Andrzeja Dudy w Chinach. Tu\u017c po wizycie w Szwajcarii. W tle \u015awiatowe Forum Ekonomiczne Klausa Szwaba. Nie wiem co s\u0105dzi\u0107, biznes to nie wszystko. Chodzi o to, \u017ce Chiny mia\u0142y COVID-19, niedawno si\u0119 sko\u0144czy\u0142. To pa\u0144stwo totalitarne. Trzeba robi\u0107 interesy, ale to nie nasza bajka. &#8222;Cywilizacja konfucja\u0144ska [&hellip;]<\/p>\n","protected":false},"author":1,"featured_media":0,"parent":0,"menu_order":140,"comment_status":"closed","ping_status":"closed","template":"","meta":{"footnotes":""},"class_list":["post-4287","page","type-page","status-publish","hentry"],"_links":{"self":[{"href":"https:\/\/topol.org.pl\/index.php?rest_route=\/wp\/v2\/pages\/4287","targetHints":{"allow":["GET"]}}],"collection":[{"href":"https:\/\/topol.org.pl\/index.php?rest_route=\/wp\/v2\/pages"}],"about":[{"href":"https:\/\/topol.org.pl\/index.php?rest_route=\/wp\/v2\/types\/page"}],"author":[{"embeddable":true,"href":"https:\/\/topol.org.pl\/index.php?rest_route=\/wp\/v2\/users\/1"}],"replies":[{"embeddable":true,"href":"https:\/\/topol.org.pl\/index.php?rest_route=%2Fwp%2Fv2%2Fcomments&post=4287"}],"version-history":[{"count":20,"href":"https:\/\/topol.org.pl\/index.php?rest_route=\/wp\/v2\/pages\/4287\/revisions"}],"predecessor-version":[{"id":6926,"href":"https:\/\/topol.org.pl\/index.php?rest_route=\/wp\/v2\/pages\/4287\/revisions\/6926"}],"wp:attachment":[{"href":"https:\/\/topol.org.pl\/index.php?rest_route=%2Fwp%2Fv2%2Fmedia&parent=4287"}],"curies":[{"name":"wp","href":"https:\/\/api.w.org\/{rel}","templated":true}]}}