{"id":4326,"date":"2024-06-28T15:08:53","date_gmt":"2024-06-28T13:08:53","guid":{"rendered":"https:\/\/topol.org.pl\/?page_id=4326"},"modified":"2026-01-09T10:46:07","modified_gmt":"2026-01-09T09:46:07","slug":"narodowy-fundusz-zdrowia-nfz","status":"publish","type":"page","link":"https:\/\/topol.org.pl\/?page_id=4326","title":{"rendered":"Narodowy Fundusz Zdrowia (NFZ)"},"content":{"rendered":"\n<p><a href=\"https:\/\/www.google.com\/search?q=czy+na+NFZ+jest+sk%C5%82adka+zdrowotna&amp;oq=czy+na+NFZ+jest+sk%C5%82adka+zdrowotna&amp;gs_lcrp=EgZjaHJvbWUyBggAEEUYOdIBCTE3MzMyajBqMagCALACAQ&amp;sourceid=chrome&amp;ie=UTF-8\">Narodowy Fundusz Zdrowia (NFZ)<\/a><\/p>\n\n\n\n<p>Czy sk\u0142adka zdrowotna trafia do NFZ?<\/p>\n\n\n\n<p class=\"has-contrast-color has-base-background-color has-text-color has-background has-link-color wp-elements-09c449716c35d3ba0e132f8404021229\">Mamy wi\u0119c sk\u0142adk\u0119 zdrowotn\u0105 pracownika oraz sk\u0142adk\u0119 zdrowotn\u0105 pracodawcy, kt\u00f3re razem w\u0119druj\u0105 na konto NFZ. Dzieje si\u0119 tak zar\u00f3wno w przypadku zatrudnienia na umow\u0119 o prac\u0119, jak i na zlecenie.<\/p>\n\n\n\n<p><strong>Naprawd\u0119 sk\u0142adka zdrowotna trafia na NFZ i brakuje pieni\u0119dzy na s\u0142u\u017cb\u0119 zdrowia?<\/strong> <strong>Jeszcze niedawno mo\u017cna by\u0142o odliczy\u0107 sk\u0142adk\u0119 zdrowotn\u0105 od podatku. Chcia\u0142bym wyliczenia z ostatnich 5 lat jak to si\u0119 sta\u0142o. Czy wszystko wydali\u015bmy na szczepionki COVID-19 i promocj\u0119 ?<\/strong> <strong>Na co idzie taka kasa ?<\/strong><\/p>\n\n\n\n<p><a href=\"https:\/\/www.google.com\/search?q=czy+na+NFZ+jest+sk%C5%82adka+zdrowotna+ile+brakuje+pieni%C4%99dzy&amp;sca_esv=fb64c27acdf6db0d&amp;ei=KrV-Zu7AGvy7wPAP77SVQA&amp;ved=0ahUKEwju_fq-rv6GAxX8HRAIHW9aBQgQ4dUDCBA&amp;uact=5&amp;oq=czy+na+NFZ+jest+sk%C5%82adka+zdrowotna+ile+brakuje+pieni%C4%99dzy&amp;gs_lp=Egxnd3Mtd2l6LXNlcnAiOWN6eSBuYSBORlogamVzdCBza8WCYWRrYSB6ZHJvd290bmEgaWxlIGJyYWt1amUgcGllbmnEmWR6eTIFECEYoAFIzGZQuRNYs2FwAXgBkAEAmAGOAaABxhGqAQQ5LjEzuAEDyAEA-AEBmAIXoAL2EcICChAAGLADGNYEGEfCAgQQIRgVwgIFECEYnwXCAgcQIRigARgKmAMAiAYBkAYIkgcENy4xNqAHikk&amp;sclient=gws-wiz-serp\"><strong>Na ochron\u0119 zdrowia mo\u017ce zabrakn\u0105\u0107 w ci\u0105gu trzech lat niemal 160 mld z\u0142<\/strong>.<\/a> To ogromna kwota. Dla por\u00f3wnania bud\u017cet na obronno\u015b\u0107 wynosi w 2024 r. ok. 159 mld z\u0142.<\/p>\n\n\n\n<p>Verte ><a href=\"https:\/\/topol.org.pl\/?page_id=6187\">Fundacja Narodowe Si\u0142y Samoobrony \u201eGrot\u201d<\/a><\/p>\n","protected":false},"excerpt":{"rendered":"<p>Narodowy Fundusz Zdrowia (NFZ) Czy sk\u0142adka zdrowotna trafia do NFZ? Mamy wi\u0119c sk\u0142adk\u0119 zdrowotn\u0105 pracownika oraz sk\u0142adk\u0119 zdrowotn\u0105 pracodawcy, kt\u00f3re razem w\u0119druj\u0105 na konto NFZ. Dzieje si\u0119 tak zar\u00f3wno w przypadku zatrudnienia na umow\u0119 o prac\u0119, jak i na zlecenie. Naprawd\u0119 sk\u0142adka zdrowotna trafia na NFZ i brakuje pieni\u0119dzy na s\u0142u\u017cb\u0119 zdrowia? Jeszcze niedawno mo\u017cna [&hellip;]<\/p>\n","protected":false},"author":1,"featured_media":0,"parent":0,"menu_order":145,"comment_status":"closed","ping_status":"closed","template":"","meta":{"footnotes":""},"class_list":["post-4326","page","type-page","status-publish","hentry"],"_links":{"self":[{"href":"https:\/\/topol.org.pl\/index.php?rest_route=\/wp\/v2\/pages\/4326","targetHints":{"allow":["GET"]}}],"collection":[{"href":"https:\/\/topol.org.pl\/index.php?rest_route=\/wp\/v2\/pages"}],"about":[{"href":"https:\/\/topol.org.pl\/index.php?rest_route=\/wp\/v2\/types\/page"}],"author":[{"embeddable":true,"href":"https:\/\/topol.org.pl\/index.php?rest_route=\/wp\/v2\/users\/1"}],"replies":[{"embeddable":true,"href":"https:\/\/topol.org.pl\/index.php?rest_route=%2Fwp%2Fv2%2Fcomments&post=4326"}],"version-history":[{"count":3,"href":"https:\/\/topol.org.pl\/index.php?rest_route=\/wp\/v2\/pages\/4326\/revisions"}],"predecessor-version":[{"id":6395,"href":"https:\/\/topol.org.pl\/index.php?rest_route=\/wp\/v2\/pages\/4326\/revisions\/6395"}],"wp:attachment":[{"href":"https:\/\/topol.org.pl\/index.php?rest_route=%2Fwp%2Fv2%2Fmedia&parent=4326"}],"curies":[{"name":"wp","href":"https:\/\/api.w.org\/{rel}","templated":true}]}}