{"id":4413,"date":"2024-07-01T16:52:17","date_gmt":"2024-07-01T14:52:17","guid":{"rendered":"https:\/\/topol.org.pl\/?page_id=4413"},"modified":"2026-01-09T10:46:58","modified_gmt":"2026-01-09T09:46:58","slug":"zycie-na-kredyt-nie-moglo-jednak-trwac-wiecznie","status":"publish","type":"page","link":"https:\/\/topol.org.pl\/?page_id=4413","title":{"rendered":"&#8222;\u017bycie na kredyt nie mog\u0142o jednak trwa\u0107 wiecznie&#8221;"},"content":{"rendered":"\n<p>25.0.2024 18.06 <a href=\"https:\/\/www.youtube.com\/watch?v=Xtl3Im4t51g\">Bud\u017cet 2023<\/a> \u0179r\u00f3d\u0142o: (<a href=\"https:\/\/www.youtube.com\/@natematpl\">naTemat<\/a>)<\/p>\n\n\n\n<p><a href=\"https:\/\/historia.dorzeczy.pl\/prl\/604167\/czerwiec-76-kolejny-polski-miesiac-i-ofiary-smiertelne.html\">&#8222;\u017bycie na kredyt nie mog\u0142o jednak trwa\u0107 wiecznie&#8221;<\/a><\/p>\n\n\n\n<p>01.07.2024 16.52 <strong>&#8222;Demokraci postanowili przygotowa\u0107 przedsi\u0119biorc\u00f3w do zbli\u017caj\u0105cych si\u0119 podwy\u017cek ZUS (w 3RP ZUS by\u0142 urz\u0119dowo ustalony, a wi\u0119c we wszystkich firmach w ca\u0142ej Polsce by\u0142 on taki sam)&#8221;<br>&#8222;\u017bycie na kredyt nie mog\u0142o jednak trwa\u0107 wiecznie&#8221;<br><a href=\"https:\/\/dorzeczy.pl\/ekonomia\/607353\/domanski-ciecia-w-budzecie-nie-sa-planowane-wydatki-na-obronnosc-priorytetem.html\">Demokraci podnie\u015bli pensje<\/a> dla piel\u0119gniarek, nauczycieli i urz\u0119dnik\u00f3w <a href=\"https:\/\/topol.org.pl\/?page_id=4246\">zamiast obni\u017cy\u0107 ZUS bankrutuj\u0105cym i strajkuj\u0105cym transportowcom<\/a>.<\/strong><\/p>\n\n\n\n<p>W czerwcu 1976 roku przeje\u017cd\u017ca\u0142em przez Radom, widzia\u0142em milicj\u0119 w he\u0142mach i z tarczami. Z perspektywy oceniam to jako przygotowan\u0105 prowokacj\u0119. Podwy\u017cki nie by\u0142y znacz\u0105ce. Ludzi zmotywowa\u0142a sama w\u0142adza. Zbli\u017ca\u0142y si\u0119 czasy przemian. Ale tak jak i teraz ludzie nie mieli inicjatywy tylko w\u0142adza. We Francji po wyborach s\u0105 rozruchy. Strajkuj\u0105 przeciw Le Pen, ale kto.<\/p>\n\n\n\n<p>Verte ><a href=\"https:\/\/topol.org.pl\/?page_id=6187\">Fundacja Narodowe Si\u0142y Samoobrony \u201eGrot\u201d<\/a><\/p>\n","protected":false},"excerpt":{"rendered":"<p>25.0.2024 18.06 Bud\u017cet 2023 \u0179r\u00f3d\u0142o: (naTemat) &#8222;\u017bycie na kredyt nie mog\u0142o jednak trwa\u0107 wiecznie&#8221; 01.07.2024 16.52 &#8222;Demokraci postanowili przygotowa\u0107 przedsi\u0119biorc\u00f3w do zbli\u017caj\u0105cych si\u0119 podwy\u017cek ZUS (w 3RP ZUS by\u0142 urz\u0119dowo ustalony, a wi\u0119c we wszystkich firmach w ca\u0142ej Polsce by\u0142 on taki sam)&#8221;&#8222;\u017bycie na kredyt nie mog\u0142o jednak trwa\u0107 wiecznie&#8221;Demokraci podnie\u015bli pensje dla piel\u0119gniarek, nauczycieli [&hellip;]<\/p>\n","protected":false},"author":1,"featured_media":0,"parent":0,"menu_order":152,"comment_status":"closed","ping_status":"closed","template":"","meta":{"footnotes":""},"class_list":["post-4413","page","type-page","status-publish","hentry"],"_links":{"self":[{"href":"https:\/\/topol.org.pl\/index.php?rest_route=\/wp\/v2\/pages\/4413","targetHints":{"allow":["GET"]}}],"collection":[{"href":"https:\/\/topol.org.pl\/index.php?rest_route=\/wp\/v2\/pages"}],"about":[{"href":"https:\/\/topol.org.pl\/index.php?rest_route=\/wp\/v2\/types\/page"}],"author":[{"embeddable":true,"href":"https:\/\/topol.org.pl\/index.php?rest_route=\/wp\/v2\/users\/1"}],"replies":[{"embeddable":true,"href":"https:\/\/topol.org.pl\/index.php?rest_route=%2Fwp%2Fv2%2Fcomments&post=4413"}],"version-history":[{"count":8,"href":"https:\/\/topol.org.pl\/index.php?rest_route=\/wp\/v2\/pages\/4413\/revisions"}],"predecessor-version":[{"id":6400,"href":"https:\/\/topol.org.pl\/index.php?rest_route=\/wp\/v2\/pages\/4413\/revisions\/6400"}],"wp:attachment":[{"href":"https:\/\/topol.org.pl\/index.php?rest_route=%2Fwp%2Fv2%2Fmedia&parent=4413"}],"curies":[{"name":"wp","href":"https:\/\/api.w.org\/{rel}","templated":true}]}}