{"id":4512,"date":"2024-07-08T12:23:08","date_gmt":"2024-07-08T10:23:08","guid":{"rendered":"https:\/\/topol.org.pl\/?page_id=4512"},"modified":"2026-01-09T10:47:37","modified_gmt":"2026-01-09T09:47:37","slug":"panstwo-zlotego-srodka","status":"publish","type":"page","link":"https:\/\/topol.org.pl\/?page_id=4512","title":{"rendered":"\u201ePa\u0144stwo Z\u0142otego \u015arodka\u201d"},"content":{"rendered":"\n<p>08.07.2024 12.23 Trzeba odnowi\u0107 dobre relacje z krajami s\u0142owia\u0144skimi. Szczeg\u00f3lnie z Rosj\u0105, <a href=\"https:\/\/dorzeczy.pl\/opinie\/651301\/rosja-zaatakuje-polske-lukaszenka-to-kompletne-glupstwo.html\">Bia\u0142orusi\u0105<\/a> i USA. Jako<strong>\u00a0<\/strong><a href=\"https:\/\/topol.org.pl\/?page_id=4287\"><strong>\u201ePa\u0144stwo Z\u0142otego \u015arodka<\/strong>\u201d<\/a> musimy zachowa\u0107 r\u00f3wnowag\u0119 si\u0142.<\/p>\n\n\n\n<p>*z\u0142oty \u015brodek w filozofii&nbsp;(szczeg\u00f3lnie&nbsp;arystotelejskiej) \u2013 zasada uznaj\u0105ca popadanie w skrajno\u015bci za z\u0142o, i w zwi\u0105zku z tym zalecaj\u0105ca umiar \u0179r\u00f3d\u0142o: Wikipedia<\/p>\n\n\n\n<p>Verte &gt;<a href=\"https:\/\/topol.org.pl\/?page_id=6187\">Fundacja Narodowe Si\u0142y Samoobrony \u201eGrot\u201d<\/a><\/p>\n\n\n\n<p><\/p>\n","protected":false},"excerpt":{"rendered":"<p>08.07.2024 12.23 Trzeba odnowi\u0107 dobre relacje z krajami s\u0142owia\u0144skimi. Szczeg\u00f3lnie z Rosj\u0105, Bia\u0142orusi\u0105 i USA. Jako\u00a0\u201ePa\u0144stwo Z\u0142otego \u015arodka\u201d musimy zachowa\u0107 r\u00f3wnowag\u0119 si\u0142. *z\u0142oty \u015brodek w filozofii&nbsp;(szczeg\u00f3lnie&nbsp;arystotelejskiej) \u2013 zasada uznaj\u0105ca popadanie w skrajno\u015bci za z\u0142o, i w zwi\u0105zku z tym zalecaj\u0105ca umiar \u0179r\u00f3d\u0142o: Wikipedia Verte &gt;Fundacja Narodowe Si\u0142y Samoobrony \u201eGrot\u201d<\/p>\n","protected":false},"author":1,"featured_media":0,"parent":0,"menu_order":156,"comment_status":"closed","ping_status":"closed","template":"","meta":{"footnotes":""},"class_list":["post-4512","page","type-page","status-publish","hentry"],"_links":{"self":[{"href":"https:\/\/topol.org.pl\/index.php?rest_route=\/wp\/v2\/pages\/4512","targetHints":{"allow":["GET"]}}],"collection":[{"href":"https:\/\/topol.org.pl\/index.php?rest_route=\/wp\/v2\/pages"}],"about":[{"href":"https:\/\/topol.org.pl\/index.php?rest_route=\/wp\/v2\/types\/page"}],"author":[{"embeddable":true,"href":"https:\/\/topol.org.pl\/index.php?rest_route=\/wp\/v2\/users\/1"}],"replies":[{"embeddable":true,"href":"https:\/\/topol.org.pl\/index.php?rest_route=%2Fwp%2Fv2%2Fcomments&post=4512"}],"version-history":[{"count":4,"href":"https:\/\/topol.org.pl\/index.php?rest_route=\/wp\/v2\/pages\/4512\/revisions"}],"predecessor-version":[{"id":6916,"href":"https:\/\/topol.org.pl\/index.php?rest_route=\/wp\/v2\/pages\/4512\/revisions\/6916"}],"wp:attachment":[{"href":"https:\/\/topol.org.pl\/index.php?rest_route=%2Fwp%2Fv2%2Fmedia&parent=4512"}],"curies":[{"name":"wp","href":"https:\/\/api.w.org\/{rel}","templated":true}]}}