{"id":4693,"date":"2024-07-17T11:14:43","date_gmt":"2024-07-17T09:14:43","guid":{"rendered":"https:\/\/topol.org.pl\/?page_id=4693"},"modified":"2026-01-09T10:48:35","modified_gmt":"2026-01-09T09:48:35","slug":"pogrom-ludnosci-zydowskiej-w-jedwabnem","status":"publish","type":"page","link":"https:\/\/topol.org.pl\/?page_id=4693","title":{"rendered":"10 lipca 1941 r. Pogrom w\u00a0Jedwabnem. Dzi\u015b 84. rocznica"},"content":{"rendered":"\n<p>Pogrom ludno\u015bci \u017cydowskiej w&nbsp;Jedwabnem-powinna by\u0107 przeprowadzona ekshumacja. <a href=\"https:\/\/historia.dorzeczy.pl\/druga-wojna-swiatowa\/609522\/jedwabne-kto-dal-przyzwolenie-na-zamordowanie-zydow.html\">Nie mo\u017cna orzeka\u0107 kto by\u0142 sprawc\u0105 przed zbadaniem sprawy.<\/a><\/p>\n\n\n\n<p>Teren by\u0142 pod okupacj\u0105 niemieck\u0105. To Niemcy decydowali o \u017cyciu i \u015bmierci.<\/p>\n\n\n\n<p>Verte ><a href=\"https:\/\/topol.org.pl\/?page_id=6187\">Fundacja Narodowe Si\u0142y Samoobrony \u201eGrot\u201d<\/a><\/p>\n","protected":false},"excerpt":{"rendered":"<p>Pogrom ludno\u015bci \u017cydowskiej w&nbsp;Jedwabnem-powinna by\u0107 przeprowadzona ekshumacja. Nie mo\u017cna orzeka\u0107 kto by\u0142 sprawc\u0105 przed zbadaniem sprawy. Teren by\u0142 pod okupacj\u0105 niemieck\u0105. To Niemcy decydowali o \u017cyciu i \u015bmierci. Verte >Fundacja Narodowe Si\u0142y Samoobrony \u201eGrot\u201d<\/p>\n","protected":false},"author":1,"featured_media":0,"parent":0,"menu_order":159,"comment_status":"closed","ping_status":"closed","template":"","meta":{"footnotes":""},"class_list":["post-4693","page","type-page","status-publish","hentry"],"_links":{"self":[{"href":"https:\/\/topol.org.pl\/index.php?rest_route=\/wp\/v2\/pages\/4693","targetHints":{"allow":["GET"]}}],"collection":[{"href":"https:\/\/topol.org.pl\/index.php?rest_route=\/wp\/v2\/pages"}],"about":[{"href":"https:\/\/topol.org.pl\/index.php?rest_route=\/wp\/v2\/types\/page"}],"author":[{"embeddable":true,"href":"https:\/\/topol.org.pl\/index.php?rest_route=\/wp\/v2\/users\/1"}],"replies":[{"embeddable":true,"href":"https:\/\/topol.org.pl\/index.php?rest_route=%2Fwp%2Fv2%2Fcomments&post=4693"}],"version-history":[{"count":8,"href":"https:\/\/topol.org.pl\/index.php?rest_route=\/wp\/v2\/pages\/4693\/revisions"}],"predecessor-version":[{"id":12947,"href":"https:\/\/topol.org.pl\/index.php?rest_route=\/wp\/v2\/pages\/4693\/revisions\/12947"}],"wp:attachment":[{"href":"https:\/\/topol.org.pl\/index.php?rest_route=%2Fwp%2Fv2%2Fmedia&parent=4693"}],"curies":[{"name":"wp","href":"https:\/\/api.w.org\/{rel}","templated":true}]}}