{"id":4837,"date":"2024-07-26T21:34:10","date_gmt":"2024-07-26T19:34:10","guid":{"rendered":"https:\/\/topol.org.pl\/?page_id=4837"},"modified":"2026-01-09T10:49:24","modified_gmt":"2026-01-09T09:49:24","slug":"zegluga-na-odrze","status":"publish","type":"page","link":"https:\/\/topol.org.pl\/?page_id=4837","title":{"rendered":"Zniszczyli\u015bmy \u017ceglug\u0119 na Odrze"},"content":{"rendered":"\n<p><a href=\"https:\/\/www.youtube.com\/watch?v=X2Xt0Z3s_Vc\">Zniszczyli\u015bmy \u017ceglug\u0119 na Odrze<\/a><\/p>\n\n\n\n<p><strong><a href=\"https:\/\/www.google.com\/search?q=ziemie+zachodnie&amp;sca_esv=868ce55768cd652f&amp;ei=Of6jZvSgDcPSwPAPrdzI0QE&amp;oq=ziem+zachodniej&amp;gs_lp=Egxnd3Mtd2l6LXNlcnAiD3ppZW0gemFjaG9kbmllaioCCAIyCBAAGIAEGKIEMggQABiABBiiBDIIEAAYgAQYogQyCBAAGIAEGKIEMggQABiABBiiBEj-Z1COHVjLLXABeAGQAQCYAbUBoAG-A6oBAzAuM7gBAcgBAPgBAZgCBKACygPCAgoQABiwAxjWBBhHmAMAiAYBkAYIkgcDMS4zoAevCw&amp;sclient=gws-wiz-serp\">Zieme Zachodnie<\/a>. Droga do zaw\u0142aszczenia przez Niemc\u00f3w.<\/strong><\/p>\n\n\n\n<p><a href=\"https:\/\/www.youtube.com\/watch?v=5nrL5nrlKJo\">&#8222;Inaczej by \u015bwiat wygl\u0105da\u0142&#8221;<\/a><\/p>\n\n\n\n<p>Verte ><a href=\"https:\/\/topol.org.pl\/?page_id=6187\">Fundacja Narodowe Si\u0142y Samoobrony \u201eGrot\u201d<\/a><\/p>\n","protected":false},"excerpt":{"rendered":"<p>Zniszczyli\u015bmy \u017ceglug\u0119 na Odrze Zieme Zachodnie. Droga do zaw\u0142aszczenia przez Niemc\u00f3w. &#8222;Inaczej by \u015bwiat wygl\u0105da\u0142&#8221; Verte >Fundacja Narodowe Si\u0142y Samoobrony \u201eGrot\u201d<\/p>\n","protected":false},"author":1,"featured_media":0,"parent":0,"menu_order":165,"comment_status":"closed","ping_status":"closed","template":"","meta":{"footnotes":""},"class_list":["post-4837","page","type-page","status-publish","hentry"],"_links":{"self":[{"href":"https:\/\/topol.org.pl\/index.php?rest_route=\/wp\/v2\/pages\/4837","targetHints":{"allow":["GET"]}}],"collection":[{"href":"https:\/\/topol.org.pl\/index.php?rest_route=\/wp\/v2\/pages"}],"about":[{"href":"https:\/\/topol.org.pl\/index.php?rest_route=\/wp\/v2\/types\/page"}],"author":[{"embeddable":true,"href":"https:\/\/topol.org.pl\/index.php?rest_route=\/wp\/v2\/users\/1"}],"replies":[{"embeddable":true,"href":"https:\/\/topol.org.pl\/index.php?rest_route=%2Fwp%2Fv2%2Fcomments&post=4837"}],"version-history":[{"count":8,"href":"https:\/\/topol.org.pl\/index.php?rest_route=\/wp\/v2\/pages\/4837\/revisions"}],"predecessor-version":[{"id":6413,"href":"https:\/\/topol.org.pl\/index.php?rest_route=\/wp\/v2\/pages\/4837\/revisions\/6413"}],"wp:attachment":[{"href":"https:\/\/topol.org.pl\/index.php?rest_route=%2Fwp%2Fv2%2Fmedia&parent=4837"}],"curies":[{"name":"wp","href":"https:\/\/api.w.org\/{rel}","templated":true}]}}