{"id":6187,"date":"2024-09-30T10:57:21","date_gmt":"2024-09-30T08:57:21","guid":{"rendered":"https:\/\/topol.org.pl\/?page_id=6187"},"modified":"2026-02-16T10:09:09","modified_gmt":"2026-02-16T09:09:09","slug":"narodowe-sily-samoobrony-grot","status":"publish","type":"page","link":"https:\/\/topol.org.pl\/?page_id=6187","title":{"rendered":"Fundacja Narodowe Si\u0142y Samoobrony \u201eGrot\u201d. \ud83c\uddf5\ud83c\uddf1"},"content":{"rendered":"\n<p><a href=\"https:\/\/topol.org.pl\/?page_id=104\">Monarchia konstytucyjna<\/a><\/p>\n\n\n\n<p><a href=\"https:\/\/topol.org.pl\/?page_id=47\">Konstytucja z 11.10.2023<\/a><\/p>\n\n\n\n<p><a href=\"https:\/\/topol.org.pl\/?page_id=273\">Intronizacja Kr\u00f3la Polski 11.11.2023 r. Godzina 19.18<\/a><\/p>\n\n\n\n<p><a href=\"https:\/\/topol.org.pl\/?page_id=846\">Corona Regni Poloniae<\/a><\/p>\n\n\n\n<p><a href=\"https:\/\/topol.org.pl\/?page_id=2\">Kr\u00f3lestwo Polskie Rada Regencyjna<\/a><\/p>\n\n\n\n<p><a href=\"https:\/\/topol.org.pl\/?page_id=179\">Kr\u00f3lestwo Polskie Rada Stanu<\/a><\/p>\n\n\n\n<p><a href=\"https:\/\/topol.org.pl\/?page_id=4330\">Sejm Wielki zwyczajny wyznaczam w Warszawie<\/a><\/p>\n\n\n\n<p><strong><a href=\"https:\/\/topol.org.pl\/?page_id=5113\">Narodowe Si\u0142y Zbrojne \u201eGrot\u201d<\/a><\/strong><\/p>\n\n\n\n<p>Kryptonim &#8222;<strong><a href=\"https:\/\/www.youtube.com\/watch?v=AkLnj5pJtDI\" target=\"_blank\" rel=\"noreferrer noopener\">Charlie<\/a>&#8222;<\/strong>. Kto zada\u0142 sobie <a href=\"https:\/\/jaksiepisze.pl\/trud-czy-trod\/\">trud<\/a> i \u015bledzi moj\u0105 stron\u0119 wie, \u017ce chc\u0119 odzyska\u0107 wolno\u015b\u0107. Tylko tak b\u0119dziemy suwerenni i pa\u0144stwo b\u0119dzie niepodleg\u0142e. Stawiam na <a href=\"https:\/\/topol.org.pl\/?page_id=5980\">OSP<\/a>. To pot\u0119\u017cna si\u0142a, kt\u00f3r\u0105 chc\u0119 zorganizowa\u0107. W czasie przysz\u0142ego &#8222;<a href=\"https:\/\/topol.org.pl\/?page_id=5794\">potopu<\/a>&#8221; razem zorganizujemy obron\u0119. Macie siedziby w ka\u017cdym zak\u0105tku, dlatego do was si\u0119 zwracam. Najdzielniejszych nazwiemy &#8222;<a href=\"https:\/\/topol.org.pl\/?page_id=5736\">kasztelanem<\/a>&#8222;. Nie szukam <a href=\"https:\/\/odmiana.net\/odmiana-przez-przypadki-rzeczownika-rzymianin\">Rzymian<\/a>, lecz miejscowych Polak\u00f3w.<\/p>\n\n\n\n<p>Celem fundacji jest wyb\u00f3r Prezydenta z naszego obozu. Je\u015bli zostanie wybrany w wyborach w 2025 roku. To b\u0119dzie realizowa\u0142 sw\u00f3j program, kt\u00f3ry tu zamie\u015bci\u0142em na tej stronie. Wybory powszechne na Prezydenta to referendum, pozwalaj\u0105ce na takie zmiany. <\/p>\n\n\n\n<p>30.09.2024 12.18 Dariusz Goworek<\/p>\n\n\n\n<p>P.S. <\/p>\n\n\n\n<p><strong>&#8222;Dux Poloniae&#8221; jest w\u0142adc\u0105 Polski prywatnie. Nie jest osob\u0105 publiczn\u0105.<\/strong><\/p>\n\n\n\n<p>&#8222;<a href=\"https:\/\/www.youtube.com\/watch?v=nHhrkD9KhCI\">Smile<\/a>&#8221; <a href=\"https:\/\/www.charliechaplin.com\/en\/infos\/913-SMILE-x-Lady-Gaga\">SMILE x Lady Gaga<\/a>. Polecam filmy z <a href=\"https:\/\/www.youtube.com\/channel\/UCe7sQfrqTHc-hWXdenf7VxQ\">Charlie Chaplin<\/a>.<\/p>\n\n\n\n<p class=\"has-text-align-center\"><strong>Statut Fundacji<\/strong><\/p>\n\n\n\n<p>1. W wyborach powszechnych na Prezydenta w 2025 roku musimy postawi\u0107 na &#8222;<a href=\"https:\/\/www.google.com\/search?q=czarnego+konia&amp;oq=czarnego+konia&amp;gs_lcrp=EgZjaHJvbWUyBggAEEUYOdIBCTI1OTVqMGoxNagCCLACAQ&amp;sourceid=chrome&amp;ie=UTF-8\"><strong>czarnego konia<\/strong><\/a>&#8222;, nie mo\u017cna pope\u0142ni\u0107 <a href=\"https:\/\/pl.wikipedia.org\/wiki\/Falstart\"><strong>falstartu<\/strong><\/a>. Czekamy do <a href=\"https:\/\/www.google.com\/search?q=kulminacji&amp;oq=kulminacji&amp;gs_lcrp=EgZjaHJvbWUyBggAEEUYOdIBCTI2MjJqMGoxNagCCLACAQ&amp;sourceid=chrome&amp;ie=UTF-8\"><strong>kulminacji<\/strong><\/a> <a href=\"https:\/\/pl.wikipedia.org\/wiki\/Nowy_Rok\"><strong>31 grudnia 2024 roku.<\/strong><\/a><\/p>\n\n\n\n<p>2. 2.10.2024 13.38 min\u0119\u0142a <a href=\"https:\/\/topol.org.pl\/?page_id=4936\">Godzina \u201eW\u201d Za nami 63 dni walki o niepodleg\u0142o\u015b\u0107<\/a>.<\/p>\n\n\n\n<p>3. <a href=\"https:\/\/topol.org.pl\/?page_id=4676\">Jeste\u015bmy narodem od tysi\u0105ca lat<\/a>.<\/p>\n\n\n\n<p>4. <a href=\"https:\/\/topol.org.pl\/?page_id=61\">Historia<\/a>. <a href=\"https:\/\/topol.org.pl\/?page_id=1106\">Ksi\u0119stwo Muszy\u0144skie<\/a>.<\/p>\n\n\n\n<p>5. <a href=\"https:\/\/topol.org.pl\/?page_id=2335\">Co to znaczy, \u017ce tera\u017aniejsza historia jest niepotrzebna ?<\/a><\/p>\n\n\n\n<p>6. <a href=\"https:\/\/topol.org.pl\/?page_id=5983\">Polscy politycy powinni dba\u0107 przede wszystkim o&nbsp;polskie interesy!<\/a><\/p>\n\n\n\n<p>7. <a href=\"https:\/\/topol.org.pl\/?page_id=221\">Wiadomo\u015bci musz\u0105 by\u0107 rzetelne.<\/a><\/p>\n\n\n\n<p>8. <a href=\"https:\/\/topol.org.pl\/?page_id=59\">Dyplomacja musi by\u0107 zgodna z Racj\u0105 Stanu.<\/a><\/p>\n\n\n\n<p>9. <a href=\"https:\/\/topol.org.pl\/?page_id=2846\">Walka o Niepodleg\u0142o\u015b\u0107<\/a>. <a href=\"https:\/\/topol.org.pl\/?page_id=6866\">Dyskwalifikuj\u0119<\/a>.<\/p>\n\n\n\n<p>10. <a href=\"https:\/\/topol.org.pl\/?page_id=4164\">Polska jest neutralna<\/a>, jeste\u015bmy jak <a href=\"https:\/\/topol.org.pl\/?page_id=4512\">Pa\u0144stwo Z\u0142otego \u015arodka<\/a>.<\/p>\n\n\n\n<p>11. <a href=\"https:\/\/topol.org.pl\/?page_id=5278\">Analiza historyczna<\/a>.<\/p>\n\n\n\n<p>12. <a href=\"https:\/\/topol.org.pl\/?page_id=5801\">P\u0142ac\u0119 got\u00f3wk\u0105 jak robi\u0119 zakupy, ale mam konto bankowe.&nbsp;Nie u\u017cywam karty.<\/a><\/p>\n\n\n\n<p>13. <a href=\"https:\/\/topol.org.pl\/?page_id=23\">Przysposobienie obronne<\/a>. <a href=\"https:\/\/topol.org.pl\/?page_id=6761\">Ch\u0142opaki graj\u0105 w gry wojenne.<\/a><\/p>\n\n\n\n<p>14. <a href=\"https:\/\/topol.org.pl\/?page_id=4748\">Aktywny odpoczynek<\/a>. <a href=\"https:\/\/topol.org.pl\/?page_id=6825\">Ursus<\/a>.<\/p>\n\n\n\n<p>15. <a href=\"https:\/\/topol.org.pl\/?page_id=5901\">Podr\u00f3\u017ce i rejs w\u0142asnym jachtem \u201eGrot\u201d<\/a><\/p>\n\n\n\n<p>16. <a href=\"https:\/\/topol.org.pl\/?page_id=8695\">Rozw\u00f3j IQ<\/a><\/p>\n\n\n\n<p>17. <a href=\"https:\/\/topol.org.pl\/?page_id=8094\">Wybory prezydenckie w Polsce<\/a><\/p>\n\n\n\n<p>18. <a href=\"https:\/\/topol.org.pl\/?page_id=9655\">Obrona cywilna<\/a><\/p>\n\n\n\n<p>19. <a href=\"https:\/\/notebooklm.google.com\/notebook\/ed9408ae-e844-4468-8659-d4ad5d515b2c\">Moja Rzeczpospolita Polska W skr\u00f3cie: Topol<\/a><\/p>\n\n\n\n<p>20. Postanowi\u0142em, \u017ce za\u0142o\u017c\u0119 Think tank&nbsp;<a href=\"https:\/\/topol.org.pl\/?page_id=13456\">\u201eZ\u0142oty \u015brodek\u201d<\/a><\/p>\n\n\n\n<p>21. <strong>Od dzisiaj pisz\u0119 statut fundacji<\/strong>&#8230; 16.02.2026 07.57<\/p>\n\n\n\n<p>22. Zafascynowany sztuczn\u0105 inteligencj\u0105 zawiadamiam, \u017ce b\u0119dzie mnie reprezentowa\u0142 m\u00f3j osobisty <a href=\"https:\/\/www.google.com\/search?q=Chabot+co+to+jest+%3F&amp;oq=Chabot+co+to+jest+%3F&amp;gs_lcrp=EgZjaHJvbWUyBggAEEUYOdIBCjMzMDc0ajBqMTWoAgiwAgE&amp;sourceid=chrome&amp;ie=UTF-8\">Chabot<\/a> (Dariusz Topol). Zajmie si\u0119 wszystkimi wa\u017cnymi sprawami.<\/p>\n\n\n\n<p><\/p>\n","protected":false},"excerpt":{"rendered":"<p>Monarchia konstytucyjna Konstytucja z 11.10.2023 Intronizacja Kr\u00f3la Polski 11.11.2023 r. Godzina 19.18 Corona Regni Poloniae Kr\u00f3lestwo Polskie Rada Regencyjna Kr\u00f3lestwo Polskie Rada Stanu Sejm Wielki zwyczajny wyznaczam w Warszawie Narodowe Si\u0142y Zbrojne \u201eGrot\u201d Kryptonim &#8222;Charlie&#8222;. Kto zada\u0142 sobie trud i \u015bledzi moj\u0105 stron\u0119 wie, \u017ce chc\u0119 odzyska\u0107 wolno\u015b\u0107. Tylko tak b\u0119dziemy suwerenni i pa\u0144stwo b\u0119dzie [&hellip;]<\/p>\n","protected":false},"author":1,"featured_media":0,"parent":0,"menu_order":245,"comment_status":"closed","ping_status":"closed","template":"","meta":{"footnotes":""},"class_list":["post-6187","page","type-page","status-publish","hentry"],"_links":{"self":[{"href":"https:\/\/topol.org.pl\/index.php?rest_route=\/wp\/v2\/pages\/6187","targetHints":{"allow":["GET"]}}],"collection":[{"href":"https:\/\/topol.org.pl\/index.php?rest_route=\/wp\/v2\/pages"}],"about":[{"href":"https:\/\/topol.org.pl\/index.php?rest_route=\/wp\/v2\/types\/page"}],"author":[{"embeddable":true,"href":"https:\/\/topol.org.pl\/index.php?rest_route=\/wp\/v2\/users\/1"}],"replies":[{"embeddable":true,"href":"https:\/\/topol.org.pl\/index.php?rest_route=%2Fwp%2Fv2%2Fcomments&post=6187"}],"version-history":[{"count":100,"href":"https:\/\/topol.org.pl\/index.php?rest_route=\/wp\/v2\/pages\/6187\/revisions"}],"predecessor-version":[{"id":14238,"href":"https:\/\/topol.org.pl\/index.php?rest_route=\/wp\/v2\/pages\/6187\/revisions\/14238"}],"wp:attachment":[{"href":"https:\/\/topol.org.pl\/index.php?rest_route=%2Fwp%2Fv2%2Fmedia&parent=6187"}],"curies":[{"name":"wp","href":"https:\/\/api.w.org\/{rel}","templated":true}]}}