{"id":6704,"date":"2024-10-20T14:58:47","date_gmt":"2024-10-20T12:58:47","guid":{"rendered":"https:\/\/topol.org.pl\/?page_id=6704"},"modified":"2025-03-21T12:59:22","modified_gmt":"2025-03-21T11:59:22","slug":"moje-dzieje-polski","status":"publish","type":"page","link":"https:\/\/topol.org.pl\/?page_id=6704","title":{"rendered":"Moje Dzieje Polski"},"content":{"rendered":"\n<p><a href=\"https:\/\/pl.wikipedia.org\/wiki\/Dzieje_(poj%C4%99cie)\">Co to znaczy dzieje?<\/a><\/p>\n\n\n\n<p>Dzieje \u2013 w teorii historii i metodologii historii&nbsp;<strong>zbi\u00f3r wszystkich zdarze\u0144 b\u0119d\u0105cych przedmiotem bada\u0144 historycznych<\/strong>, odpowiednik \u0142aci\u0144skiego poj\u0119cia res gestae, czyli czyn\u00f3w (rzeczy, zdarze\u0144) dokonanych.<\/p>\n\n\n\n<p>29.12.2024 11.02 <strong>To tre\u015b\u0107 Konstytucji z 11.10.2023 r.<\/strong> <strong>Wybory powszechne na Prezydenta to referendum, pozwalaj\u0105ce na takie zmiany.<\/strong> <strong>Tre\u015b\u0107 przysi\u0119gi&#8230;<a href=\"https:\/\/topol.org.pl\/?page_id=47\">PREAMBU\u0141A<\/a><\/strong><\/p>\n\n\n\n<p>&#8222;Miejcie nadziej\u0119, wytrwa\u0142o\u015b\u0107, odwag\u0119 i m\u00f3dlcie si\u0119, a ciemi\u0119\u017ccy wasi run\u0105 i Kr\u00f3lestwo Polskie powr\u00f3ci&#8221; S\u0142owa Piusa IX* po 228 latach nabieraj\u0105 mocy.<br>Wojsko, zacz\u0119\u0142o wybiera\u0107 kr\u00f3l\u00f3w. Najwi\u0119ksz\u0105 w\u0142adz\u0119 w Kr\u00f3lestwie (<em>Corona Regni Poloniae<\/em>) ma w kolejno\u015bci Kr\u00f3l, Prezydent, Rz\u0105d i Sejm. Czw\u00f3rpodzia\u0142 w\u0142adzy. W bardzo wa\u017cnych sprawach decyduje Kr\u00f3l. Cywile nawet na najwy\u017cszym stanowisku w pa\u0144stwie nie odpowiadaj\u0105 za nic. Za bezpiecze\u0144stwo pa\u0144stwa odpowiada Kr\u00f3l, Wojsko Polskie i S\u0142u\u017cby. Jestem &#8222;Dux Poloniae&#8221; od 09.02.2023 roku. W lipcu by\u0142em na \u0141ysej G\u00f3rze-<a href=\"https:\/\/pl.wikipedia.org\/wiki\/Krzy%C5%BC_Prawdziwy\">\u015awi\u0119ty Krzy\u017c<\/a> i z\u0142o\u017cy\u0142em przysi\u0119g\u0119 przed Bogiem i Krzy\u017cem Pana Jezusa. Zawo\u0142anie na powitanie w\u0142adcy Polski &#8222;id\u017a, kr\u00f3lu&#8221; po \u0142acinie &#8222;Go wo rex&#8221;<\/p>\n\n\n\n<p><a href=\"https:\/\/books.google.pl\/books?id=k2xVAAAAcAAJ&amp;printsec=frontcover&amp;hl=pl#v=onepage&amp;q&amp;f=false\">Kronika Lecht\u00f3w i Polak\u00f3w<\/a><\/p>\n\n\n\n<p>Tw\u00f3rc\u0105 okre\u015blenia pa\u0144stwa polskiego mianem Rzeczypospolitej (res publica) by\u0142 Wincenty Kad\u0142ubek. Znaczenie terminu rzeczpospolita, jak r\u00f3wnie\u017c zwi\u0105zane z&nbsp;nim pogl\u0105dy na&nbsp;polityk\u0119, zaczerpn\u0105\u0142 Wincenty g\u0142\u00f3wnie z&nbsp;prac Cycerona. Przystosowuj\u0105c republika\u0144skie pogl\u0105dy rzymskiego pisarza do&nbsp;reali\u00f3w XII-wiecznych, twierdzi\u0142, \u017ce&nbsp;Polska nie&nbsp;jest w\u0142asno\u015bci\u0105 monarchy, lecz spo\u0142ecze\u0144stwa rz\u0105dz\u0105cego si\u0119 prawem stanowionym i&nbsp;wybieraj\u0105cego sobie w\u0142adc\u00f3w. Tak rozumiana Rzeczpospolita powinna si\u0119 sta\u0107 \u2013&nbsp;wed\u0142ug Kad\u0142ubka \u2013&nbsp;ojczyzn\u0105 (patria) ludzi wolnych, bronion\u0105 m\u0119stwem swych obywateli (cives) tworz\u0105cych jeden nar\u00f3d (identitas est mater societatis).Dla Wincentego starodawna wolno\u015b\u0107 Polak\u00f3w jest warto\u015bci\u0105 najwy\u017csz\u0105. Najwi\u0119kszym nikczemnikiem jest ten, kto nie&nbsp;\u017ca\u0142uje utraconej wolno\u015bci a&nbsp;najgorszym w\u0142adc\u0105 taki, kt\u00f3ry odbiera wolno\u015b\u0107 obywatelom Rzeczypospolitej.<br>(<a href=\"https:\/\/pl.wikipedia.org\/wiki\/Etymologia_nazwy_Polska\">Czecha brat lub druh imieniem Lech<\/a>, kt\u00f3ry przyszed\u0142 z nim,&nbsp;<a href=\"https:\/\/pl.wikipedia.org\/wiki\/Goworek_(szczyt)#\/media\/Plik:Goworek_mit.JPG\">przekroczy\u0142 o\u015bnie\u017cone g\u00f3ry<\/a>, kt\u00f3re oddzielaj\u0105 Czechy i Polsk\u0119. A kiedy ujrza\u0142 wielk\u0105 r\u00f3wnin\u0119, rozci\u0105gaj\u0105c\u0105 si\u0119 a\u017c do brzegu morza, osiedli\u0142 si\u0119 tam i zaludni\u0142 j\u0105 swoj\u0105 rodzin\u0105. Wa\u017cne jest, aby wiedzie\u0107, \u017ce w j\u0119zykach s\u0142owia\u0144skich terminem \u201ecampi plani\u201d [r\u00f3wninne pola] nazywa si\u0119 pola. I st\u0105d si\u0119 bierze imi\u0119 Polska, od p\u0142askiej r\u00f3wniny.)<\/p>\n\n\n\n<p>Polacy od czas\u00f3w Wincentego Kad\u0142ubka nazywali siebie Lechitami, wierz\u0105c, \u017ce pochodz\u0105 od legendarnego Lecha<\/p>\n\n\n\n<p>20.10.2024 14.58 <a href=\"https:\/\/www.youtube.com\/watch?v=xcaVq93tN0E\">Warsaw &#8211; a city of ruins 1945 &#8211; Authentic photos<\/a> \u0179r\u00f3d\u0142o: (<a href=\"https:\/\/www.youtube.com\/@dasbootxxx\">dasbootxxx<\/a>)<\/p>\n\n\n\n<figure class=\"wp-block-image size-full\"><a href=\"https:\/\/www.youtube.com\/watch?v=xcaVq93tN0E\"><img loading=\"lazy\" decoding=\"async\" width=\"881\" height=\"768\" src=\"https:\/\/topol.org.pl\/wp-content\/uploads\/2024\/10\/Warsaw-a-city-of-ruins-1945-Authenyic-photos.jpg\" alt=\"\" class=\"wp-image-6709\" srcset=\"https:\/\/topol.org.pl\/wp-content\/uploads\/2024\/10\/Warsaw-a-city-of-ruins-1945-Authenyic-photos.jpg 881w, https:\/\/topol.org.pl\/wp-content\/uploads\/2024\/10\/Warsaw-a-city-of-ruins-1945-Authenyic-photos-300x262.jpg 300w, https:\/\/topol.org.pl\/wp-content\/uploads\/2024\/10\/Warsaw-a-city-of-ruins-1945-Authenyic-photos-768x669.jpg 768w\" sizes=\"auto, (max-width: 881px) 100vw, 881px\" \/><\/a><\/figure>\n\n\n\n<p>20.10.2024 17.20 <a href=\"https:\/\/www.youtube.com\/watch?v=HHYo8HBTHVA\">&#8222;Miasto Ruin&#8221; &#8211; oficjalny trailer &#8211; Muzeum Powstania Warszawskiego<\/a> \u0179r\u00f3d\u0142o: (<a href=\"https:\/\/www.youtube.com\/@1944pl\">Muzeum Powstania Warszawskiego<\/a>)<\/p>\n\n\n\n<figure class=\"wp-block-image size-full\"><a href=\"https:\/\/www.youtube.com\/watch?v=HHYo8HBTHVA\"><img loading=\"lazy\" decoding=\"async\" width=\"903\" height=\"794\" src=\"https:\/\/topol.org.pl\/wp-content\/uploads\/2024\/10\/Miasto-ruin-oficjalny-trailer-Muzeum-Powstania-Warszawskiego.jpg\" alt=\"\" class=\"wp-image-6717\" srcset=\"https:\/\/topol.org.pl\/wp-content\/uploads\/2024\/10\/Miasto-ruin-oficjalny-trailer-Muzeum-Powstania-Warszawskiego.jpg 903w, https:\/\/topol.org.pl\/wp-content\/uploads\/2024\/10\/Miasto-ruin-oficjalny-trailer-Muzeum-Powstania-Warszawskiego-300x264.jpg 300w, https:\/\/topol.org.pl\/wp-content\/uploads\/2024\/10\/Miasto-ruin-oficjalny-trailer-Muzeum-Powstania-Warszawskiego-768x675.jpg 768w\" sizes=\"auto, (max-width: 903px) 100vw, 903px\" \/><\/a><\/figure>\n\n\n\n<figure class=\"wp-block-gallery has-nested-images columns-default is-cropped wp-block-gallery-1 is-layout-flex wp-block-gallery-is-layout-flex\">\n<figure class=\"wp-block-image size-large\"><img loading=\"lazy\" decoding=\"async\" width=\"881\" height=\"795\" data-id=\"6796\" src=\"https:\/\/topol.org.pl\/wp-content\/uploads\/2024\/10\/Kolarstwo-1975-do-1984-oddalenie-1.54.jpg\" alt=\"\" class=\"wp-image-6796\" srcset=\"https:\/\/topol.org.pl\/wp-content\/uploads\/2024\/10\/Kolarstwo-1975-do-1984-oddalenie-1.54.jpg 881w, https:\/\/topol.org.pl\/wp-content\/uploads\/2024\/10\/Kolarstwo-1975-do-1984-oddalenie-1.54-300x271.jpg 300w, https:\/\/topol.org.pl\/wp-content\/uploads\/2024\/10\/Kolarstwo-1975-do-1984-oddalenie-1.54-768x693.jpg 768w\" sizes=\"auto, (max-width: 881px) 100vw, 881px\" \/><\/figure>\n<\/figure>\n\n\n\n<h6 class=\"wp-block-heading\"><\/h6>\n\n\n\n<p><a href=\"https:\/\/www.youtube.com\/watch?v=Kkn1XtjJeFE\">Zamek \u2013 50 lat odbudowy<\/a>&nbsp;Pami\u0119tam taki&nbsp;<strong>Zamek Kr\u00f3lewski<\/strong> w latach 60 i 70<\/p>\n\n\n\n<p>Od imienia Warsz wzi\u0119\u0142a nazw\u0119 dzisiejsza stolica Polski. Nie zachowa\u0142 si\u0119&nbsp;<a href=\"https:\/\/www.youtube.com\/watch?v=YtyeJJY21Vo\">dokument lokacyjny Warszawy<\/a>, mo\u017cna jednak s\u0105dzi\u0107, \u017ce miasto powsta\u0142o na prze\u0142omie XIII i XIV w.,&nbsp;<a href=\"https:\/\/www.youtube.com\/watch?v=Rqub-fnlzaI\">kiedy uformowa\u0142a si\u0119 Stara Warszawa<\/a>. Nadana nazwa (pierwotnie Warszowa lub Warszewa) pochodzi od&nbsp;<a href=\"https:\/\/polona.pl\/item-view\/9806c562-f69f-4312-a0d6-c99c95b60ec4?page=429\">rycerza<\/a>&nbsp;z&nbsp;<a href=\"https:\/\/pl.wikipedia.org\/wiki\/Rawicz_(herb_szlachecki)\">rodu Rawicz\u00f3w<\/a>&nbsp;imieniem Warsz, do kt\u00f3rego nale\u017ca\u0142a wie\u015b z XII lub XIII w., le\u017c\u0105ca w obr\u0119bie dzisiejszego Mariensztatu. \u0179r\u00f3d\u0142o: podaj\u0105, \u017ce Warsz mieszka\u0142 w miejscu gdzie jest&nbsp;<a href=\"https:\/\/pl.wikipedia.org\/wiki\/Pa%C5%82ac_Pod_Blach%C4%85\">Pa\u0142ac Pod Blach\u0105<\/a><\/p>\n\n\n\n<figure class=\"wp-block-image\"><a href=\"https:\/\/pl.wikipedia.org\/wiki\/Warsz\"><img loading=\"lazy\" decoding=\"async\" width=\"219\" height=\"239\" src=\"https:\/\/topol.org.pl\/wp-content\/uploads\/2024\/04\/Rawicz_stanica_runiczna.svg_.png\" alt=\"\" class=\"wp-image-2781\"\/><\/a><\/figure>\n\n\n\n<p>Imiona protoplast\u00f3w rodu to: Prandota, Goworek, Grot, Warsz. pochodz\u0105ce z czas\u00f3w monarch\u00f3w poga\u0144skich.<\/p>\n\n\n\n<figure class=\"wp-block-image size-full\"><img loading=\"lazy\" decoding=\"async\" width=\"880\" height=\"797\" src=\"https:\/\/topol.org.pl\/wp-content\/uploads\/2024\/10\/Port-Praski-widok-na-Stadion-Narodowy-5.38.jpg\" alt=\"\" class=\"wp-image-6822\" srcset=\"https:\/\/topol.org.pl\/wp-content\/uploads\/2024\/10\/Port-Praski-widok-na-Stadion-Narodowy-5.38.jpg 880w, https:\/\/topol.org.pl\/wp-content\/uploads\/2024\/10\/Port-Praski-widok-na-Stadion-Narodowy-5.38-300x272.jpg 300w, https:\/\/topol.org.pl\/wp-content\/uploads\/2024\/10\/Port-Praski-widok-na-Stadion-Narodowy-5.38-768x696.jpg 768w\" sizes=\"auto, (max-width: 880px) 100vw, 880px\" \/><\/figure>\n\n\n\n<p>20.10.2024 20.03 <a href=\"https:\/\/www.youtube.com\/watch?v=iHto_J-VnOY\">Ks. Jerzy Popie\u0142uszko wywiad<\/a> \u0179r\u00f3d\u0142o:(Inna Meshkorez)<\/p>\n\n\n\n<p>10.12.2024 19.24 W tym cennym wyk\u0142adzie <a href=\"https:\/\/www.google.com\/search?q=prof.+Wojciech+Polak&amp;oq=prof.+Wojciech+Polak&amp;gs_lcrp=EgZjaHJvbWUyBggAEEUYOTIGCAEQRRg90gEJMjQ5OWowajE1qAIIsAIB&amp;sourceid=chrome&amp;ie=UTF-8\">prof. Wojciech Polak<\/a> t\u0142umaczy z jednej strony, <a href=\"https:\/\/www.youtube.com\/watch?v=HdJUxtavxmk\">jak powinna wygl\u0105da\u0107 polska polityka historyczna<\/a>, z drugiej za\u015b ujawnia, jak skutecznie inne pa\u0144stwa dzia\u0142aj\u0105 na swoj\u0105 korzy\u015b\u0107 \u2013 i r\u00f3wnocze\u015bnie na szkod\u0119 Polski.<\/p>\n\n\n\n<p><a href=\"https:\/\/topol.org.pl\/?page_id=5087\">Muzyka<\/a><\/p>\n\n\n\n<p>11.12.2024 06.37 <strong>*Rozbiory w Polsce, Rewolucja Francuska, Powstanie USA, Kampania Napoleo\u0144ska, Rewolucja w Rosji, Wojny \u015awiatowe, zaraza w Hiszpanii i nasza zaraza za zgod\u0105 \u201efinansuj\u0105c\u0105\u201d Oceanii. Teraz upadek centrum finansowego City i zast\u0105pienie waluty, cyfrow\u0105. Obrona \u201eMatki Ziemi\u201d, cyfrowa kontrola ludzi, atak Marsjan i nast\u0119pna pandemia itd.. Spotkamy si\u0119 nied\u0142ugo na moim zamku i zignorujemy MTK. Zlecimy zrobienie filmu Jamesowi Cameronowi, \u017ceby ludzie zrozumieli, \u017ce s\u0105 na igrzyskach zniewolenia &#8222;<a href=\"https:\/\/pl.wikipedia.org\/wiki\/Modus_operandi\">modus operandi<\/a>&#8222;. Mog\u0119 si\u0119 zaj\u0105\u0107 scenariuszem filmu. Urz\u0119dnicy do roboty. Bo zajmie si\u0119 tym wojsko i S\u0142u\u017cby.<br>*Prawdziwa legenda Lech, Czech i Rus inscenizuje to dzia\u0142anie, to czysta polityka zagraniczna, relacje Polski i gra interes\u00f3w.<br>Kr\u00f3lestwo S\u0142owia\u0144skie \u201eWielka Lechia\u201d ze stolic\u0105 w Krakowie to 320 milion\u00f3w S\u0142owian zamieszkuj\u0105cych pa\u0144stwa: Moja Rzeczpospolita Polska, Ukraina, Litwa, \u0141otwa, Estonia, S\u0142owacja, Czechy, Bia\u0142oru\u015b, Finlandia, W\u0119gry, Bu\u0142garia, Rumunia, Serbia, S\u0142owenia, Czarnog\u00f3ra, Bo\u015bnia i Hercegowina, Macedonia P\u00f3\u0142nocna, Chorwacja, S\u0142owia\u0144ska Scytia Kr\u00f3lewska zwana \u201eKrym\u201d To pa\u0144stwa neutralne(pas neutralny, obszar kt\u00f3rego nie obejmuj\u0105 dzia\u0142ania wojenne) mog\u0105 by\u0107 zwi\u0105zane sojuszem wojskowym ale nie mog\u0105 u nich stacjonowa\u0107 obce wojska. \u201eWielka Lechia\u201d to te\u017c Rosja, mocarstwo atomowe. To b\u0119dzie umowa na s\u0142owo honoru. Bez \u017cadnych traktat\u00f3w. Bez \u017cadnych podboj\u00f3w. Podstaw\u0105 jest uzbrojenie w najstraszniejsz\u0105 bro\u0144 i walka do ostatniego tchu o swoj\u0105 ojczyzn\u0119, ka\u017cdego pa\u0144stwa w tych granicach jakie s\u0105 teraz. Ka\u017cdy broni swojej religii bez \u017cadnych zmian, kraju, prawa Bo\u017cego. Jak napisz\u0119 wszystkie prawa \u201ew\u0142asno\u015bci\u201d do kraj\u00f3w strac\u0105 wa\u017cno\u015b\u0107. Wszelkie roszczenia ukrytych \u201ew\u0142a\u015bcicieli\u201d zostan\u0105 potraktowane jak udzia\u0142 \u201eOceanii\u201d w niewolnictwie narod\u00f3w. Pa\u0144stwa Wielkiej Lechii b\u0119d\u0105 suwerenne. Nie wa\u017ccie si\u0119 mnie inwigilowa\u0107. Dlaczego?<br>Jestem S\u0142owia\u0144skim Kr\u00f3lem \u201d Wielkiej Lechii\u201d<br>Scenariusz. Tworz\u0119 prawdziw\u0105 legend\u0119, ona przetrwa najd\u0142u\u017cej jak o Lechu, Czechu i Rusie.<br>Wszelkie prawa zastrze\u017cone Dariusz Goworek<\/strong> <strong>\u0179r\u00f3d\u0142o: <a href=\"https:\/\/topol.org.pl\/?page_id=47\">Fragment<\/a><\/strong><\/p>\n\n\n\n<p>11.01.2025 21.32 ZAMEK KR\u00d3LEWSKI W WARSZAWIE W 1668 ROKU &#8211; <a href=\"https:\/\/www.youtube.com\/watch?v=eZ310RH7BM0\">REKONSTRUKCJA<\/a> \u0179r\u00f3d\u0142o: <a href=\"https:\/\/www.youtube.com\/@birezowskitraczyk-rekonstr886\">Birezowski &amp; Traczyk<\/a><\/p>\n\n\n\n<p>21.03.2025 12.52 <a href=\"https:\/\/www.youtube.com\/watch?v=lQO4LWlzW_A\">Mapy Polski w latach 966-2023<\/a> \u0179r\u00f3d\u0142o: <a href=\"http:\/\/21.03.2025 12.52 Mapy Polski w latach 966-2023 \u0179r\u00f3d\u0142o: Profesor Detektorysta\">Profesor Detektorysta<\/a><\/p>\n\n\n\n<p>Verte &gt;<a href=\"https:\/\/topol.org.pl\/?page_id=6187\">Fundacja Narodowe Si\u0142y Samoobrony \u201eGrot\u201d<\/a><\/p>\n\n\n\n<p><\/p>\n","protected":false},"excerpt":{"rendered":"<p>Co to znaczy dzieje? Dzieje \u2013 w teorii historii i metodologii historii&nbsp;zbi\u00f3r wszystkich zdarze\u0144 b\u0119d\u0105cych przedmiotem bada\u0144 historycznych, odpowiednik \u0142aci\u0144skiego poj\u0119cia res gestae, czyli czyn\u00f3w (rzeczy, zdarze\u0144) dokonanych. 29.12.2024 11.02 To tre\u015b\u0107 Konstytucji z 11.10.2023 r. Wybory powszechne na Prezydenta to referendum, pozwalaj\u0105ce na takie zmiany. Tre\u015b\u0107 przysi\u0119gi&#8230;PREAMBU\u0141A &#8222;Miejcie nadziej\u0119, wytrwa\u0142o\u015b\u0107, odwag\u0119 i m\u00f3dlcie si\u0119, [&hellip;]<\/p>\n","protected":false},"author":1,"featured_media":0,"parent":0,"menu_order":222,"comment_status":"closed","ping_status":"closed","template":"","meta":{"footnotes":""},"class_list":["post-6704","page","type-page","status-publish","hentry"],"_links":{"self":[{"href":"https:\/\/topol.org.pl\/index.php?rest_route=\/wp\/v2\/pages\/6704","targetHints":{"allow":["GET"]}}],"collection":[{"href":"https:\/\/topol.org.pl\/index.php?rest_route=\/wp\/v2\/pages"}],"about":[{"href":"https:\/\/topol.org.pl\/index.php?rest_route=\/wp\/v2\/types\/page"}],"author":[{"embeddable":true,"href":"https:\/\/topol.org.pl\/index.php?rest_route=\/wp\/v2\/users\/1"}],"replies":[{"embeddable":true,"href":"https:\/\/topol.org.pl\/index.php?rest_route=%2Fwp%2Fv2%2Fcomments&post=6704"}],"version-history":[{"count":33,"href":"https:\/\/topol.org.pl\/index.php?rest_route=\/wp\/v2\/pages\/6704\/revisions"}],"predecessor-version":[{"id":10584,"href":"https:\/\/topol.org.pl\/index.php?rest_route=\/wp\/v2\/pages\/6704\/revisions\/10584"}],"wp:attachment":[{"href":"https:\/\/topol.org.pl\/index.php?rest_route=%2Fwp%2Fv2%2Fmedia&parent=6704"}],"curies":[{"name":"wp","href":"https:\/\/api.w.org\/{rel}","templated":true}]}}