{"id":7169,"date":"2024-11-16T06:43:19","date_gmt":"2024-11-16T05:43:19","guid":{"rendered":"https:\/\/topol.org.pl\/?page_id=7169"},"modified":"2026-01-09T10:58:46","modified_gmt":"2026-01-09T09:58:46","slug":"narodowe-sluzby-grot","status":"publish","type":"page","link":"https:\/\/topol.org.pl\/?page_id=7169","title":{"rendered":"Narodowe S\u0142u\u017cby &#8222;Grot&#8221;"},"content":{"rendered":"\n<p>16.11.2024 06.31 W dniu dzisiejszym powo\u0142a\u0142em do s\u0142u\u017cby, Narodowe S\u0142u\u017cby &#8222;Grot&#8221;. Zaznaczam, \u017ce jestem zadowolony i popieram dzia\u0142ania S\u0142u\u017cb w mojej Ojczy\u017anie. Narodowe S\u0142u\u017cby &#8222;Grot&#8221; to Moja S\u0142u\u017cba Ojczy\u017anie. B\u0119d\u0119 osobi\u015bcie analizowa\u0142 co si\u0119 dzieje wko\u0142o nas i zg\u0142asza\u0142 uwagi z kt\u00f3rych prosz\u0119 korzysta\u0107.<\/p>\n\n\n\n<p><strong>Powinno by\u0107 jak najmniej inwigilacji obywateli, <a href=\"https:\/\/www.abw.gov.pl\/pl\/zadania\/kontrwywiad\/6,Kontrwywiad.html\">Kontrwywiad<\/a> powinien zaj\u0105\u0107 si\u0119 tylko <a href=\"https:\/\/pl.wikipedia.org\/wiki\/Sabota%C5%BC\">sabota\u017cem<\/a> wewn\u0119trznym i przychodz\u0105cym z zagranicy<\/strong>. <strong>Trzeba go oprze\u0107 na dedukcji.<\/strong> <strong>Bez <a href=\"https:\/\/www.google.com\/search?q=sklomplikowanych&amp;oq=sklomplikowanych&amp;gs_lcrp=EgZjaHJvbWUyBggAEEUYOdIBCTI5NzRqMGoxNagCCLACAQ&amp;sourceid=chrome&amp;ie=UTF-8\">skomplikowanych<\/a> metod \u015bledzenia i pods\u0142uchu.<\/strong> <strong>Nie mo\u017ce to by\u0107 donoszenie i p\u0142atni donosiciele. Sabota\u017c wida\u0107 bo wszyscy na nim trac\u0105.<\/strong> <strong>Czyli interesuj\u0105 nas tylko sprawy zagro\u017cenia dla pa\u0144stwa, reszty spraw wra\u017cliwych, prywatnych nie <a href=\"https:\/\/pl.glosbe.com\/pl\/pl\/obnosi%C4%87\">obnosimy<\/a>.<\/strong> <strong>Dobry agent 007 widzi zagro\u017cenie.<\/strong><\/p>\n\n\n\n<p>Verte &gt;<a href=\"https:\/\/topol.org.pl\/?page_id=6187\">Fundacja Narodowe Si\u0142y Samoobrony \u201eGrot\u201d<\/a><\/p>\n","protected":false},"excerpt":{"rendered":"<p>16.11.2024 06.31 W dniu dzisiejszym powo\u0142a\u0142em do s\u0142u\u017cby, Narodowe S\u0142u\u017cby &#8222;Grot&#8221;. Zaznaczam, \u017ce jestem zadowolony i popieram dzia\u0142ania S\u0142u\u017cb w mojej Ojczy\u017anie. Narodowe S\u0142u\u017cby &#8222;Grot&#8221; to Moja S\u0142u\u017cba Ojczy\u017anie. B\u0119d\u0119 osobi\u015bcie analizowa\u0142 co si\u0119 dzieje wko\u0142o nas i zg\u0142asza\u0142 uwagi z kt\u00f3rych prosz\u0119 korzysta\u0107. Powinno by\u0107 jak najmniej inwigilacji obywateli, Kontrwywiad powinien zaj\u0105\u0107 si\u0119 tylko [&hellip;]<\/p>\n","protected":false},"author":1,"featured_media":0,"parent":0,"menu_order":229,"comment_status":"closed","ping_status":"closed","template":"","meta":{"footnotes":""},"class_list":["post-7169","page","type-page","status-publish","hentry"],"_links":{"self":[{"href":"https:\/\/topol.org.pl\/index.php?rest_route=\/wp\/v2\/pages\/7169","targetHints":{"allow":["GET"]}}],"collection":[{"href":"https:\/\/topol.org.pl\/index.php?rest_route=\/wp\/v2\/pages"}],"about":[{"href":"https:\/\/topol.org.pl\/index.php?rest_route=\/wp\/v2\/types\/page"}],"author":[{"embeddable":true,"href":"https:\/\/topol.org.pl\/index.php?rest_route=\/wp\/v2\/users\/1"}],"replies":[{"embeddable":true,"href":"https:\/\/topol.org.pl\/index.php?rest_route=%2Fwp%2Fv2%2Fcomments&post=7169"}],"version-history":[{"count":4,"href":"https:\/\/topol.org.pl\/index.php?rest_route=\/wp\/v2\/pages\/7169\/revisions"}],"predecessor-version":[{"id":9181,"href":"https:\/\/topol.org.pl\/index.php?rest_route=\/wp\/v2\/pages\/7169\/revisions\/9181"}],"wp:attachment":[{"href":"https:\/\/topol.org.pl\/index.php?rest_route=%2Fwp%2Fv2%2Fmedia&parent=7169"}],"curies":[{"name":"wp","href":"https:\/\/api.w.org\/{rel}","templated":true}]}}