{"id":7699,"date":"2024-12-14T06:46:19","date_gmt":"2024-12-14T05:46:19","guid":{"rendered":"https:\/\/topol.org.pl\/?page_id=7699"},"modified":"2026-01-09T10:59:56","modified_gmt":"2026-01-09T09:59:56","slug":"wprowadzenie-stanu-wojennego","status":"publish","type":"page","link":"https:\/\/topol.org.pl\/?page_id=7699","title":{"rendered":"Wprowadzenie stanu wojennego"},"content":{"rendered":"\n<p>14.12.2024 06.42 &#8222;<a href=\"https:\/\/dorzeczy.pl\/opinie\/668366\/prezydent-stan-wojenny-byl-otwarta-wojna-i-narodowa-zdrada.html\">Wprowadzenie stanu wojennego<\/a>&#8221; \u0179r\u00f3d\u0142o:&nbsp;DoRzeczy.pl<\/p>\n\n\n\n<p><strong>Wprowadzenie stanu wojennego, dla mnie to &#8222;pe\u0142zaj\u0105ca demokracja&#8221;.<\/strong><\/p>\n\n\n\n<p>Co to jest <strong>pe\u0142zaj\u0105ca demokracja<\/strong> ? musz\u0119 pomy\u015ble\u0107 !<\/p>\n\n\n\n<p><a href=\"https:\/\/sjp.pl\/pe%C5%82zamy\">Pe\u0142zamy<\/a> mi\u0119dzy jedn\u0105 stron\u0105 a drug\u0105. Jak w slalomie, bez zabezpieczenia przed upadkiem.<\/p>\n\n\n\n<p>18.12.2024 11.56 <a href=\"https:\/\/dorzeczy.pl\/opinie\/669849\/bosak-dlatego-nie-ma-potencjalu-na-protesty-spoleczne.html\">Bosak<\/a>: Obecna wi\u0119kszo\u015b\u0107 rz\u0105dz\u0105ca dzia\u0142a bardzo niem\u0105drze. B\u0119dzie mo\u017cna podwa\u017cy\u0107 wynik wybor\u00f3w \u0179r\u00f3d\u0142o:&nbsp;DoRzeczy.pl<\/p>\n\n\n\n<p><strong>Ka\u017cdy protest, b\u0119dzie ustawiony przez &#8222;w\u0142adz\u0105&#8221;. Nie wchodz\u0119 z nimi w uk\u0142ad.<\/strong><\/p>\n\n\n\n<p>18.12.2024 12.35 &#8222;Piotrowski, kt\u00f3ry m\u00f3wi, \u017ce&nbsp;prezydent powinien odwo\u0142a\u0107 cz\u0142onk\u00f3w PKW, kt\u00f3rzy nie&nbsp;wykonuj\u0105 nale\u017cycie swoich funkcji, kwestionuj\u0105 orzeczenie S\u0105du Najwy\u017cszego&#8221; \u0179r\u00f3d\u0142o:&nbsp;<a href=\"https:\/\/dorzeczy.pl\/opinie\/669867\/prof-grabowska-prezydent-powinien-ostrzec-sejm.html\">DoRzeczy.pl<\/a><\/p>\n\n\n\n<p>24.01.2025 20.12 Dlaczego, je\u015bli bandyta chce mnie do&nbsp;czego\u015b zmusi\u0107, ja mam ulec bandycie? \u2013&nbsp;pyta retorycznie Ziobro. &#8222;by\u0142em zwolennikiem szerokiego prawa do&nbsp;obrony koniecznej, sam rozszerzy\u0142em prawo do&nbsp;ochrony koniecznej \u2013&nbsp;doda\u0142&#8221;<\/p>\n\n\n\n<p>\u0179r\u00f3d\u0142o: <a href=\"https:\/\/dorzeczy.pl\/opinie\/681481\/zbigniew-ziobro-dysponuje-arsenalem-broni-dalbym-rade.html\">DoRzeczy.pl<\/a><\/p>\n\n\n\n<p><strong><a href=\"https:\/\/www.youtube.com\/shorts\/UvN8HW1rdpI?t=51&amp;feature=share\">Przecie\u017c mamy s\u0105d<\/a>, kt\u00f3ry mo\u017ce stwierdzi\u0107 wa\u017cno\u015b\u0107 wybor\u00f3w<\/strong>.<\/p>\n\n\n\n<p><a href=\"https:\/\/topol.org.pl\/?page_id=6187\">Fundacja: Narodowe Si\u0142y Samoobrony \u201eGrot\u201d<\/a><\/p>\n","protected":false},"excerpt":{"rendered":"<p>14.12.2024 06.42 &#8222;Wprowadzenie stanu wojennego&#8221; \u0179r\u00f3d\u0142o:&nbsp;DoRzeczy.pl Wprowadzenie stanu wojennego, dla mnie to &#8222;pe\u0142zaj\u0105ca demokracja&#8221;. Co to jest pe\u0142zaj\u0105ca demokracja ? musz\u0119 pomy\u015ble\u0107 ! Pe\u0142zamy mi\u0119dzy jedn\u0105 stron\u0105 a drug\u0105. Jak w slalomie, bez zabezpieczenia przed upadkiem. 18.12.2024 11.56 Bosak: Obecna wi\u0119kszo\u015b\u0107 rz\u0105dz\u0105ca dzia\u0142a bardzo niem\u0105drze. B\u0119dzie mo\u017cna podwa\u017cy\u0107 wynik wybor\u00f3w \u0179r\u00f3d\u0142o:&nbsp;DoRzeczy.pl Ka\u017cdy protest, b\u0119dzie ustawiony [&hellip;]<\/p>\n","protected":false},"author":1,"featured_media":0,"parent":0,"menu_order":236,"comment_status":"closed","ping_status":"closed","template":"","meta":{"footnotes":""},"class_list":["post-7699","page","type-page","status-publish","hentry"],"_links":{"self":[{"href":"https:\/\/topol.org.pl\/index.php?rest_route=\/wp\/v2\/pages\/7699","targetHints":{"allow":["GET"]}}],"collection":[{"href":"https:\/\/topol.org.pl\/index.php?rest_route=\/wp\/v2\/pages"}],"about":[{"href":"https:\/\/topol.org.pl\/index.php?rest_route=\/wp\/v2\/types\/page"}],"author":[{"embeddable":true,"href":"https:\/\/topol.org.pl\/index.php?rest_route=\/wp\/v2\/users\/1"}],"replies":[{"embeddable":true,"href":"https:\/\/topol.org.pl\/index.php?rest_route=%2Fwp%2Fv2%2Fcomments&post=7699"}],"version-history":[{"count":11,"href":"https:\/\/topol.org.pl\/index.php?rest_route=\/wp\/v2\/pages\/7699\/revisions"}],"predecessor-version":[{"id":9054,"href":"https:\/\/topol.org.pl\/index.php?rest_route=\/wp\/v2\/pages\/7699\/revisions\/9054"}],"wp:attachment":[{"href":"https:\/\/topol.org.pl\/index.php?rest_route=%2Fwp%2Fv2%2Fmedia&parent=7699"}],"curies":[{"name":"wp","href":"https:\/\/api.w.org\/{rel}","templated":true}]}}