{"id":7983,"date":"2024-12-25T13:56:25","date_gmt":"2024-12-25T12:56:25","guid":{"rendered":"https:\/\/topol.org.pl\/?page_id=7983"},"modified":"2026-01-09T11:00:35","modified_gmt":"2026-01-09T10:00:35","slug":"o-odwracaniu-swiata","status":"publish","type":"page","link":"https:\/\/topol.org.pl\/?page_id=7983","title":{"rendered":"&#8222;O odwracaniu \u015bwiata&#8221;"},"content":{"rendered":"\n<p>25.12.2024 13.56 &#8222;<a href=\"https:\/\/dorzeczy.pl\/kultura\/665896\/dr-kotula-o-odwracaniu-swiata.html\">O odwracaniu \u015bwiata<\/a>&#8221; czy ksi\u0105\u017cka Roger Verneaux,&nbsp;<em><strong><a href=\"https:\/\/www.google.com\/search?q=Epistemologia&amp;oq=Epistemologia&amp;gs_lcrp=EgZjaHJvbWUyBggAEEUYOdIBCTI2MThqMGoxNagCCLACAQ&amp;sourceid=chrome&amp;ie=UTF-8\">Epistemologia<\/a> og\u00f3lna czyli krytyka poznania<\/strong><\/em> wydawnictwa <a href=\"https:\/\/andegavenum.pl\/\">Andegavenum<\/a> jest teori\u0105 krytyczn\u0105 opisan\u0105 w szczeg\u00f3\u0142ach.<\/p>\n\n\n\n<p>26.12.2024 17.45 <a href=\"https:\/\/dorzeczy.pl\/opinie\/672196\/morawiecki-poleca-ksiazki-na-swieta-min-nowaka-i-dukaja.html\">Morawiecki poleca ksi\u0105\u017cki na&nbsp;\u015bwi\u0119ta<\/a>. <a href=\"https:\/\/twitter.com\/i\/status\/1872295251584708898\">Wskaza\u0142 pi\u0119\u0107 tytu\u0142\u00f3w<\/a> \u0179r\u00f3d\u0142o:&nbsp;DoRzeczy.pl  <\/p>\n\n\n\n<p><a href=\"https:\/\/topol.org.pl\/?page_id=6187\">Verte ><a href=\"https:\/\/topol.org.pl\/?page_id=6187\">Fundacja Narodowe Si\u0142y Samoobrony \u201eGrot\u201d<\/a><\/a><\/p>\n\n\n\n<p><\/p>\n","protected":false},"excerpt":{"rendered":"<p>25.12.2024 13.56 &#8222;O odwracaniu \u015bwiata&#8221; czy ksi\u0105\u017cka Roger Verneaux,&nbsp;Epistemologia og\u00f3lna czyli krytyka poznania wydawnictwa Andegavenum jest teori\u0105 krytyczn\u0105 opisan\u0105 w szczeg\u00f3\u0142ach. 26.12.2024 17.45 Morawiecki poleca ksi\u0105\u017cki na&nbsp;\u015bwi\u0119ta. Wskaza\u0142 pi\u0119\u0107 tytu\u0142\u00f3w \u0179r\u00f3d\u0142o:&nbsp;DoRzeczy.pl Verte >Fundacja Narodowe Si\u0142y Samoobrony \u201eGrot\u201d<\/p>\n","protected":false},"author":1,"featured_media":0,"parent":0,"menu_order":239,"comment_status":"closed","ping_status":"closed","template":"","meta":{"footnotes":""},"class_list":["post-7983","page","type-page","status-publish","hentry"],"_links":{"self":[{"href":"https:\/\/topol.org.pl\/index.php?rest_route=\/wp\/v2\/pages\/7983","targetHints":{"allow":["GET"]}}],"collection":[{"href":"https:\/\/topol.org.pl\/index.php?rest_route=\/wp\/v2\/pages"}],"about":[{"href":"https:\/\/topol.org.pl\/index.php?rest_route=\/wp\/v2\/types\/page"}],"author":[{"embeddable":true,"href":"https:\/\/topol.org.pl\/index.php?rest_route=\/wp\/v2\/users\/1"}],"replies":[{"embeddable":true,"href":"https:\/\/topol.org.pl\/index.php?rest_route=%2Fwp%2Fv2%2Fcomments&post=7983"}],"version-history":[{"count":11,"href":"https:\/\/topol.org.pl\/index.php?rest_route=\/wp\/v2\/pages\/7983\/revisions"}],"predecessor-version":[{"id":13409,"href":"https:\/\/topol.org.pl\/index.php?rest_route=\/wp\/v2\/pages\/7983\/revisions\/13409"}],"wp:attachment":[{"href":"https:\/\/topol.org.pl\/index.php?rest_route=%2Fwp%2Fv2%2Fmedia&parent=7983"}],"curies":[{"name":"wp","href":"https:\/\/api.w.org\/{rel}","templated":true}]}}