{"id":9801,"date":"2025-02-23T18:15:31","date_gmt":"2025-02-23T17:15:31","guid":{"rendered":"https:\/\/topol.org.pl\/?page_id=9801"},"modified":"2025-02-24T18:39:12","modified_gmt":"2025-02-24T17:39:12","slug":"biogazownia","status":"publish","type":"page","link":"https:\/\/topol.org.pl\/?page_id=9801","title":{"rendered":"Biogazownia"},"content":{"rendered":"\n<p>23.02.2025 18.05 <a href=\"https:\/\/www.youtube.com\/watch?v=77QfqKT69_g\">Mikrobiogazownia<\/a>&nbsp;<a href=\"https:\/\/www.youtube.com\/watch?v=77QfqKT69_g\">rolnicza<\/a>&nbsp;\u2013 spos\u00f3b na samowystarczalno\u015b\u0107 energetyczn\u0105 \u0179r\u00f3d\u0142o: <a href=\"https:\/\/www.youtube.com\/watch?v=77QfqKT69_g\">Kobieta w sadzie \/ Sadownictwo<\/a><\/p>\n\n\n\n<p>Informacje na temat biogazowni rolniczych, a tak\u017ce wszystkie filmy zrealizowane przez Krajowy O\u015brodek Wsparcia Rolnictwa, dost\u0119pne s\u0105 na stronie internetowej \u2013 <a href=\"https:\/\/www.gov.pl\/web\/kowr\">www.kowr.gov.pl<\/a><\/p>\n\n\n\n<p><a href=\"https:\/\/www.tge.pl\/rtrs\">Gie\u0142dowy Rynek Rolny<\/a><\/p>\n\n\n\n<p><a href=\"https:\/\/www.tge.pl\/\">Towarowa Gie\u0142da Energii S.A. <strong>TGE<\/strong><\/a><\/p>\n\n\n\n<p><a href=\"https:\/\/www.ure.gov.pl\/\">Urz\u0105d Regulacji Energetyki<\/a><\/p>\n\n\n\n<p><a href=\"https:\/\/www.youtube.com\/watch?v=HSRKpgtj4Q4\">Pomys\u0142 na wykorzystanie darmowego gazu ze \u015bmieci<\/a> \u0179r\u00f3d\u0142o: <a href=\"https:\/\/www.youtube.com\/@NetHelp2\">Pomoc w sieci<\/a><\/p>\n\n\n\n<p><a href=\"https:\/\/www.google.com\/search?q=poferment&amp;oq=poferment&amp;gs_lcrp=EgZjaHJvbWUqBggAEEUYOzIGCAAQRRg70gEJNjA4MWowajE1qAIIsAIB&amp;sourceid=chrome&amp;ie=UTF-8\"><em>Poferment<\/em>&nbsp;jest to pozosta\u0142o\u015b\u0107 po produkcji biogazu z r\u00f3\u017cnych surowc\u00f3w lub odpad\u00f3w organicznych.<\/a><\/p>\n\n\n\n<p><a href=\"https:\/\/topol.org.pl\/?page_id=6187\">Fundacja: Narodowe Si\u0142y Samoobrony \u201eGrot\u201d<\/a><\/p>\n","protected":false},"excerpt":{"rendered":"<p>23.02.2025 18.05 Mikrobiogazownia&nbsp;rolnicza&nbsp;\u2013 spos\u00f3b na samowystarczalno\u015b\u0107 energetyczn\u0105 \u0179r\u00f3d\u0142o: Kobieta w sadzie \/ Sadownictwo Informacje na temat biogazowni rolniczych, a tak\u017ce wszystkie filmy zrealizowane przez Krajowy O\u015brodek Wsparcia Rolnictwa, dost\u0119pne s\u0105 na stronie internetowej \u2013 www.kowr.gov.pl Gie\u0142dowy Rynek Rolny Towarowa Gie\u0142da Energii S.A. TGE Urz\u0105d Regulacji Energetyki Pomys\u0142 na wykorzystanie darmowego gazu ze \u015bmieci \u0179r\u00f3d\u0142o: Pomoc [&hellip;]<\/p>\n","protected":false},"author":1,"featured_media":0,"parent":0,"menu_order":270,"comment_status":"closed","ping_status":"closed","template":"","meta":{"footnotes":""},"class_list":["post-9801","page","type-page","status-publish","hentry"],"_links":{"self":[{"href":"https:\/\/topol.org.pl\/index.php?rest_route=\/wp\/v2\/pages\/9801","targetHints":{"allow":["GET"]}}],"collection":[{"href":"https:\/\/topol.org.pl\/index.php?rest_route=\/wp\/v2\/pages"}],"about":[{"href":"https:\/\/topol.org.pl\/index.php?rest_route=\/wp\/v2\/types\/page"}],"author":[{"embeddable":true,"href":"https:\/\/topol.org.pl\/index.php?rest_route=\/wp\/v2\/users\/1"}],"replies":[{"embeddable":true,"href":"https:\/\/topol.org.pl\/index.php?rest_route=%2Fwp%2Fv2%2Fcomments&post=9801"}],"version-history":[{"count":8,"href":"https:\/\/topol.org.pl\/index.php?rest_route=\/wp\/v2\/pages\/9801\/revisions"}],"predecessor-version":[{"id":9850,"href":"https:\/\/topol.org.pl\/index.php?rest_route=\/wp\/v2\/pages\/9801\/revisions\/9850"}],"wp:attachment":[{"href":"https:\/\/topol.org.pl\/index.php?rest_route=%2Fwp%2Fv2%2Fmedia&parent=9801"}],"curies":[{"name":"wp","href":"https:\/\/api.w.org\/{rel}","templated":true}]}}