{"id":9836,"date":"2025-02-24T18:14:59","date_gmt":"2025-02-24T17:14:59","guid":{"rendered":"https:\/\/topol.org.pl\/?page_id=9836"},"modified":"2025-02-24T18:34:45","modified_gmt":"2025-02-24T17:34:45","slug":"produkcja-nawozow-sztucznych","status":"publish","type":"page","link":"https:\/\/topol.org.pl\/?page_id=9836","title":{"rendered":"Produkcja nawoz\u00f3w sztucznych"},"content":{"rendered":"\n<p>24.02.2025 18.10 Produkcja nawoz\u00f3w sztucznych. Czy mog\u0142aby opiera\u0107 si\u0119 na gazie wytworzonym w <a href=\"https:\/\/topol.org.pl\/?page_id=9801\">Biogazowniach<\/a> ? Mo\u017cna zat\u0142acza\u0107 gaz do zbiornik\u00f3w i dostarcza\u0107 do zak\u0142adu produkuj\u0105cego nawozy ? To taki m\u00f3j pomys\u0142, nie wiem czy poparty ekonomi\u0105. Biogazownia dostarcza i tak naw\u00f3z dla rolnictwa w postaci <a href=\"https:\/\/www.google.com\/search?q=poferment&amp;oq=poferment&amp;gs_lcrp=EgZjaHJvbWUqBggAEEUYOzIGCAAQRRg70gEJNjA4MWowajE1qAIIsAIB&amp;sourceid=chrome&amp;ie=UTF-8\"><em>Poferment<\/em>u.\u00a0Jest to pozosta\u0142o\u015b\u0107 po produkcji biogazu z r\u00f3\u017cnych surowc\u00f3w lub odpad\u00f3w organicznych.<\/a><\/p>\n\n\n\n<p><a href=\"https:\/\/topol.org.pl\/?page_id=6187\">Fundacja: Narodowe Si\u0142y Samoobrony \u201eGrot\u201d<\/a><\/p>\n","protected":false},"excerpt":{"rendered":"<p>24.02.2025 18.10 Produkcja nawoz\u00f3w sztucznych. Czy mog\u0142aby opiera\u0107 si\u0119 na gazie wytworzonym w Biogazowniach ? Mo\u017cna zat\u0142acza\u0107 gaz do zbiornik\u00f3w i dostarcza\u0107 do zak\u0142adu produkuj\u0105cego nawozy ? To taki m\u00f3j pomys\u0142, nie wiem czy poparty ekonomi\u0105. Biogazownia dostarcza i tak naw\u00f3z dla rolnictwa w postaci Pofermentu.\u00a0Jest to pozosta\u0142o\u015b\u0107 po produkcji biogazu z r\u00f3\u017cnych surowc\u00f3w lub [&hellip;]<\/p>\n","protected":false},"author":1,"featured_media":0,"parent":0,"menu_order":271,"comment_status":"closed","ping_status":"closed","template":"","meta":{"footnotes":""},"class_list":["post-9836","page","type-page","status-publish","hentry"],"_links":{"self":[{"href":"https:\/\/topol.org.pl\/index.php?rest_route=\/wp\/v2\/pages\/9836","targetHints":{"allow":["GET"]}}],"collection":[{"href":"https:\/\/topol.org.pl\/index.php?rest_route=\/wp\/v2\/pages"}],"about":[{"href":"https:\/\/topol.org.pl\/index.php?rest_route=\/wp\/v2\/types\/page"}],"author":[{"embeddable":true,"href":"https:\/\/topol.org.pl\/index.php?rest_route=\/wp\/v2\/users\/1"}],"replies":[{"embeddable":true,"href":"https:\/\/topol.org.pl\/index.php?rest_route=%2Fwp%2Fv2%2Fcomments&post=9836"}],"version-history":[{"count":3,"href":"https:\/\/topol.org.pl\/index.php?rest_route=\/wp\/v2\/pages\/9836\/revisions"}],"predecessor-version":[{"id":9848,"href":"https:\/\/topol.org.pl\/index.php?rest_route=\/wp\/v2\/pages\/9836\/revisions\/9848"}],"wp:attachment":[{"href":"https:\/\/topol.org.pl\/index.php?rest_route=%2Fwp%2Fv2%2Fmedia&parent=9836"}],"curies":[{"name":"wp","href":"https:\/\/api.w.org\/{rel}","templated":true}]}}